777
CDUS41 KOKX 200617
CLIEWR


CLIMATE REPORT
NATIONAL WEATHER SERVICE NEW YORK NY
117 AM EST TUE FEB 20 2018


...................................

...THE NEWARK NJ CLIMATE SUMMARY FOR FEBRUARY 19 2018...

CLIMATE NORMAL PERIOD 1981 TO 2010
CLIMATE RECORD PERIOD 1929 TO 2018


WEATHER ITEM   OBSERVED TIME   RECORD YEAR NORMAL DEPARTURE LAST
                VALUE   (LST)  VALUE       VALUE  FROM      YEAR
                                                  NORMAL
..................................................................
TEMPERATURE (F)
 YESTERDAY
  MAXIMUM         49    356 PM  69    2017  43      6       69
  MINIMUM         32    113 AM   1    1936  28      4       47
  AVERAGE         41                        35      6       58

PRECIPITATION (IN)
  YESTERDAY        0.06          1.06 1940   0.10  -0.04     0.00
  MONTH TO DATE    4.50                      1.91   2.59     1.55
  SINCE DEC 1      8.20                      9.26  -1.06     9.11
  SINCE JAN 1      6.56                      5.45   1.11     6.20

SNOWFALL (IN)
  YESTERDAY        0.0          16.6  1979   0.3   -0.3      0.0
  MONTH TO DATE    3.4                       6.5   -3.1      7.9
  SINCE OCT 1     21.2                      20.2    1.0     20.6
  SINCE JUL 1     21.2                      20.2    1.0     20.6
  SNOW DEPTH       0

DEGREE DAYS
 HEATING
  YESTERDAY       24                        30     -6        7
  MONTH TO DATE  519                       595    -76      512
  SINCE DEC 1   2502                      2511     -9     2185
  SINCE JUL 1   3187                      3379   -192     2868

 COOLING
  YESTERDAY        0                         0      0        0
  MONTH TO DATE    0                         0      0        0
  SINCE DEC 1      0                         0      0        0
  SINCE JAN 1      0                         0      0        0
..................................................................


WIND (MPH)
  HIGHEST WIND SPEED    13   HIGHEST WIND DIRECTION     S (180)
  HIGHEST GUST SPEED    16   HIGHEST GUST DIRECTION     S (190)
  AVERAGE WIND SPEED     2.9


SKY COVER
  AVERAGE SKY COVER 0.8


WEATHER CONDITIONS
 THE FOLLOWING WEATHER WAS RECORDED YESTERDAY.
  RAIN
  LIGHT RAIN
  FOG
  FOG W/VISIBILITY <= 1/4 MILE
  HAZE


RELATIVE HUMIDITY (PERCENT)
 HIGHEST   100          1000 PM
 LOWEST     64          1200 AM
 AVERAGE    82

..........................................................


THE NEWARK NJ CLIMATE NORMALS FOR TODAY
                         NORMAL    RECORD    YEAR
 MAXIMUM TEMPERATURE (F)   43        70      1939
 MINIMUM TEMPERATURE (F)   28         1      2015


SUNRISE AND SUNSET
FEBRUARY 20 2018......SUNRISE   644 AM EST   SUNSET   537 PM EST
FEBRUARY 21 2018......SUNRISE   642 AM EST   SUNSET   539 PM EST


-  INDICATES NEGATIVE NUMBERS.
R  INDICATES RECORD WAS SET OR TIED.
MM INDICATES DATA IS MISSING.
T  INDICATES TRACE AMOUNT.




$$
