908
CDUS41 KOKX 260616
CLIEWR


CLIMATE REPORT
NATIONAL WEATHER SERVICE NEW YORK NY
216 AM EDT FRI MAY 26 2017


...................................

...THE NEWARK NJ CLIMATE SUMMARY FOR MAY 25 2017...

CLIMATE NORMAL PERIOD 1981 TO 2010
CLIMATE RECORD PERIOD 1929 TO 2017


WEATHER ITEM   OBSERVED TIME   RECORD YEAR NORMAL DEPARTURE LAST
                VALUE   (LST)  VALUE       VALUE  FROM      YEAR
                                                  NORMAL
..................................................................
TEMPERATURE (F)
 YESTERDAY
  MAXIMUM         59    401 PM  93    1991  75    -16       91
  MINIMUM         56   1134 PM  42    1956  56      0       57
  AVERAGE         58                        66     -8       74

PRECIPITATION (IN)
  YESTERDAY        0.95          1.95 1952   0.14   0.81     0.00
  MONTH TO DATE    6.72                      3.24   3.48     2.25
  SINCE MAR 1     15.28                     11.62   3.66     4.75
  SINCE JAN 1     22.02                     18.04   3.98    12.80

SNOWFALL (IN)
  YESTERDAY        0.0           0.0  2002   0.0    0.0      0.0
                                      2001
  MONTH TO DATE    0.0                       0.0    0.0      0.0
  SINCE OCT 1     30.0                      28.5    1.5     32.8
  SINCE JUL 1     30.0                      28.5    1.5     32.8
  SNOW DEPTH       0

DEGREE DAYS
 HEATING
  YESTERDAY        7                         3      4        0
  MONTH TO DATE  155                       123     32      166
  SINCE MAR 1   1192                      1208    -16     1022
  SINCE JUL 1   4201                      4843   -642     3895

 COOLING
  YESTERDAY        0                         3     -3        9
  MONTH TO DATE   53                        41     12       14
  SINCE MAR 1     89                        53     36       32
  SINCE JAN 1     89                        53     36       32
..................................................................


WIND (MPH)
  HIGHEST WIND SPEED    17   HIGHEST WIND DIRECTION    NE (40)
  HIGHEST GUST SPEED    23   HIGHEST GUST DIRECTION    NE (60)
  AVERAGE WIND SPEED    10.0


SKY COVER
  AVERAGE SKY COVER 1.0


WEATHER CONDITIONS
 THE FOLLOWING WEATHER WAS RECORDED YESTERDAY.
  THUNDERSTORM
  HEAVY RAIN
  RAIN
  LIGHT RAIN
  FOG


RELATIVE HUMIDITY (PERCENT)
 HIGHEST   100           900 AM
 LOWEST     80          1200 AM
 AVERAGE    90

..........................................................


THE NEWARK NJ CLIMATE NORMALS FOR TODAY
                         NORMAL    RECORD    YEAR
 MAXIMUM TEMPERATURE (F)   75        96      1965
 MINIMUM TEMPERATURE (F)   56        44      1967


SUNRISE AND SUNSET
MAY 26 2017...........SUNRISE   531 AM EDT   SUNSET   817 PM EDT
MAY 27 2017...........SUNRISE   530 AM EDT   SUNSET   818 PM EDT


-  INDICATES NEGATIVE NUMBERS.
R  INDICATES RECORD WAS SET OR TIED.
MM INDICATES DATA IS MISSING.
T  INDICATES TRACE AMOUNT.




$$
