000
CDUS41 KOKX 140617
CLIEWR


CLIMATE REPORT
NATIONAL WEATHER SERVICE NEW YORK NY
217 AM EDT SUN SEP 14 2014


...................................

...THE NEWARK NJ CLIMATE SUMMARY FOR SEPTEMBER 13 2014...

CLIMATE NORMAL PERIOD 1981 TO 2010
CLIMATE RECORD PERIOD 1929 TO 2014


WEATHER ITEM   OBSERVED TIME   RECORD YEAR NORMAL DEPARTURE LAST
                VALUE   (LST)  VALUE       VALUE  FROM      YEAR
                                                  NORMAL
..................................................................
TEMPERATURE (F)
 YESTERDAY
  MAXIMUM         69    106 PM  94    2005  78     -9       79
                                      1952
  MINIMUM         58    223 AM  49    1985  61     -3       59
                                      1963
                                      1958
  AVERAGE         64                        69     -5       69

PRECIPITATION (IN)
  YESTERDAY        0.22          4.56 1944   0.13   0.09     0.06
  MONTH TO DATE    0.58                      1.51  -0.93     0.74
  SINCE SEP 1      0.58                      1.51  -0.93     0.74
  SINCE JAN 1     35.20                     32.88   2.32    34.04

SNOWFALL (IN)
  YESTERDAY        0.0           0.0  2002   0.0    0.0      0.0
                                      2001
  MONTH TO DATE    0.0                       0.0    0.0      0.0
  SINCE OCT 1     61.1                      28.5   32.6     29.5
  SINCE JUL 1      0.0                       0.0    0.0      0.0
  SNOW DEPTH       0

DEGREE DAYS
 HEATING
  YESTERDAY        1                         1      0        0
  MONTH TO DATE    1                         4     -3        3
  SINCE SEP 1      1                         4     -3        3
  SINCE JUL 1      1                         5     -4        3

 COOLING
  YESTERDAY        0                         5     -5        4
  MONTH TO DATE  136                        87     49      114
  SINCE SEP 1    136                        87     49      114
  SINCE JAN 1   1121                      1121      0     1285
..................................................................


WIND (MPH)
  HIGHEST WIND SPEED    16   HIGHEST WIND DIRECTION     E (100)
  HIGHEST GUST SPEED    22   HIGHEST GUST DIRECTION     E (100)
  AVERAGE WIND SPEED     9.4


SKY COVER
  AVERAGE SKY COVER 0.9


WEATHER CONDITIONS
 THE FOLLOWING WEATHER WAS RECORDED YESTERDAY.
  RAIN
  LIGHT RAIN
  FOG
  HAZE


RELATIVE HUMIDITY (PERCENT)
 HIGHEST    93           300 PM
 LOWEST     64          1200 AM
 AVERAGE    79

..........................................................


THE NEWARK NJ CLIMATE NORMALS FOR TODAY
                         NORMAL    RECORD    YEAR
 MAXIMUM TEMPERATURE (F)   78        92      2008
                                             1931
 MINIMUM TEMPERATURE (F)   61        45      1975


SUNRISE AND SUNSET
SEPTEMBER 14 2014.....SUNRISE   636 AM EDT   SUNSET   707 PM EDT
SEPTEMBER 15 2014.....SUNRISE   637 AM EDT   SUNSET   706 PM EDT


-  INDICATES NEGATIVE NUMBERS.
R  INDICATES RECORD WAS SET OR TIED.
MM INDICATES DATA IS MISSING.
T  INDICATES TRACE AMOUNT.




$$
