000
CDUS41 KOKX 150619
CLIEWR


CLIMATE REPORT
NATIONAL WEATHER SERVICE NEW YORK NY
119 AM EST SUN JAN 15 2017


...................................

...THE NEWARK NJ CLIMATE SUMMARY FOR JANUARY 14 2017...

CLIMATE NORMAL PERIOD 1981 TO 2010
CLIMATE RECORD PERIOD 1929 TO 2017


WEATHER ITEM   OBSERVED TIME   RECORD YEAR NORMAL DEPARTURE LAST
                VALUE   (LST)  VALUE       VALUE  FROM      YEAR
                                                  NORMAL
..................................................................
TEMPERATURE (F)
 YESTERDAY
  MAXIMUM         34   1228 PM  70    1932  38     -4       39
  MINIMUM         28    345 PM   7    1988  24      4       23
                                      1957
  AVERAGE         31                        31      0       31

PRECIPITATION (IN)
  YESTERDAY        0.10          2.00 1940   0.12  -0.02      T
  MONTH TO DATE    1.86                      1.66   0.20     1.79
  SINCE DEC 1      4.77                      5.47  -0.70     6.19
  SINCE JAN 1      1.86                      1.66   0.20     1.79

SNOWFALL (IN)
  YESTERDAY        1.4           4.3  1977   0.3    1.1       T
  MONTH TO DATE    8.8                       3.5    5.3       T
  SINCE OCT 1     12.2                       9.3    2.9      0.3
  SINCE JUL 1     12.2                       9.3    2.9      0.3
  SNOW DEPTH       0

DEGREE DAYS
 HEATING
  YESTERDAY       34                        34      0       34
  MONTH TO DATE  411                       466    -55      431
  SINCE DEC 1   1251                      1348    -97      896
  SINCE JUL 1   1934                      2216   -282     1528

 COOLING
  YESTERDAY        0                         0      0        0
  MONTH TO DATE    0                         0      0        0
  SINCE DEC 1      0                         0      0        0
  SINCE JAN 1      0                         0      0        0
..................................................................


WIND (MPH)
  HIGHEST WIND SPEED    14   HIGHEST WIND DIRECTION     N (360)
  HIGHEST GUST SPEED    17   HIGHEST GUST DIRECTION     N (360)
  AVERAGE WIND SPEED     5.3


SKY COVER
  AVERAGE SKY COVER 1.0


WEATHER CONDITIONS
 THE FOLLOWING WEATHER WAS RECORDED YESTERDAY.
  LIGHT SNOW
  FOG


RELATIVE HUMIDITY (PERCENT)
 HIGHEST    92           400 PM
 LOWEST     43          1200 AM
 AVERAGE    68

..........................................................


THE NEWARK NJ CLIMATE NORMALS FOR TODAY
                         NORMAL    RECORD    YEAR
 MAXIMUM TEMPERATURE (F)   38        67      1932
 MINIMUM TEMPERATURE (F)   24         0      1957


SUNRISE AND SUNSET
JANUARY 15 2017.......SUNRISE   718 AM EST   SUNSET   454 PM EST
JANUARY 16 2017.......SUNRISE   718 AM EST   SUNSET   455 PM EST


-  INDICATES NEGATIVE NUMBERS.
R  INDICATES RECORD WAS SET OR TIED.
MM INDICATES DATA IS MISSING.
T  INDICATES TRACE AMOUNT.




$$
