565
CDUS41 KOKX 090622
CLIEWR


CLIMATE REPORT
NATIONAL WEATHER SERVICE NEW YORK NY
122 AM EST TUE FEB 9 2016


...................................

...THE NEWARK NJ CLIMATE SUMMARY FOR FEBRUARY 8 2016...

CLIMATE NORMAL PERIOD 1981 TO 2010
CLIMATE RECORD PERIOD 1929 TO 2016


WEATHER ITEM   OBSERVED TIME   RECORD YEAR NORMAL DEPARTURE LAST
                VALUE   (LST)  VALUE       VALUE  FROM      YEAR
                                                  NORMAL
..................................................................
TEMPERATURE (F)
 YESTERDAY
  MAXIMUM         40   1208 AM  63    1965  41     -1       36
  MINIMUM         29   1112 PM  -7    1934  26      3       31
  AVERAGE         35                        33      2       34

PRECIPITATION (IN)
  YESTERDAY        T             1.12 1994   0.10  -0.10     0.00
  MONTH TO DATE    1.12                      0.81   0.31     1.17
  SINCE DEC 1      9.53                      8.16   1.37    10.50
  SINCE JAN 1      5.13                      4.35   0.78     5.59

SNOWFALL (IN)
  YESTERDAY        0.2           9.9  1994   0.3   -0.1      0.0
  MONTH TO DATE    3.0                       2.7    0.3      4.6
  SINCE OCT 1     32.6                      16.4   16.2     21.2
  SINCE JUL 1     32.6                      16.4   16.2     21.2
  SNOW DEPTH       0

DEGREE DAYS
 HEATING
  YESTERDAY       30                        32     -2       31
  MONTH TO DATE  190                       258    -68      317
  SINCE DEC 1   1631                      2174   -543     2205
  SINCE JUL 1   2263                      3042   -779     3037

 COOLING
  YESTERDAY        0                         0      0        0
  MONTH TO DATE    0                         0      0        0
  SINCE DEC 1      0                         0      0        0
  SINCE JAN 1      0                         0      0        0
..................................................................


WIND (MPH)
  HIGHEST WIND SPEED    22   HIGHEST WIND DIRECTION    NE (30)
  HIGHEST GUST SPEED    26   HIGHEST GUST DIRECTION    NE (30)
  AVERAGE WIND SPEED    12.7


SKY COVER
  AVERAGE SKY COVER 1.0


WEATHER CONDITIONS
 THE FOLLOWING WEATHER WAS RECORDED YESTERDAY.
  LT FREEZING RAIN
  SNOW
  LIGHT SNOW
  FOG


RELATIVE HUMIDITY (PERCENT)
 HIGHEST    78           800 PM
 LOWEST     54           100 AM
 AVERAGE    66

..........................................................


THE NEWARK NJ CLIMATE NORMALS FOR TODAY
                         NORMAL    RECORD    YEAR
 MAXIMUM TEMPERATURE (F)   41        63      1990
 MINIMUM TEMPERATURE (F)   26       -14      1934


SUNRISE AND SUNSET
FEBRUARY  9 2016......SUNRISE   659 AM EST   SUNSET   524 PM EST
FEBRUARY 10 2016......SUNRISE   657 AM EST   SUNSET   525 PM EST


-  INDICATES NEGATIVE NUMBERS.
R  INDICATES RECORD WAS SET OR TIED.
MM INDICATES DATA IS MISSING.
T  INDICATES TRACE AMOUNT.




$$
