000
CDUS41 KOKX 290620
CLIEWR


CLIMATE REPORT
NATIONAL WEATHER SERVICE NEW YORK NY
119 AM EST THU JAN 29 2015


...................................

...THE NEWARK NJ CLIMATE SUMMARY FOR JANUARY 28 2015...

CLIMATE NORMAL PERIOD 1981 TO 2010
CLIMATE RECORD PERIOD 1929 TO 2015


WEATHER ITEM   OBSERVED TIME   RECORD YEAR NORMAL DEPARTURE LAST
                VALUE   (LST)  VALUE       VALUE  FROM      YEAR
                                                  NORMAL
..................................................................
TEMPERATURE (F)
 YESTERDAY
  MAXIMUM         33    326 PM  62    2002  39     -6       20
  MINIMUM         15    357 AM  -4    1935  25    -10       12
  AVERAGE         24                        32     -8       16

PRECIPITATION (IN)
  YESTERDAY        0.00          1.73 1994   0.11  -0.11     0.00
  MONTH TO DATE    4.35                      3.21   1.14     2.73
  SINCE DEC 1      9.26                      7.02   2.24     7.35
  SINCE JAN 1      4.35                      3.21   1.14     2.73

SNOWFALL (IN)
  YESTERDAY        0.0           3.5  1952   0.3   -0.3      0.0
  MONTH TO DATE   14.0                       7.0    7.0     20.1
  SINCE OCT 1     15.7                      12.8    2.9     29.5
  SINCE JUL 1     15.7                      12.8    2.9     29.5
  SNOW DEPTH       7

DEGREE DAYS
 HEATING
  YESTERDAY       41                        33      8       49
  MONTH TO DATE  998                       937     61     1038
  SINCE DEC 1   1763                      1819    -56     1900
  SINCE JUL 1   2595                      2687    -92     2770

 COOLING
  YESTERDAY        0                         0      0        0
  MONTH TO DATE    0                         0      0        0
  SINCE DEC 1      0                         0      0        0
  SINCE JAN 1      0                         0      0        0
..................................................................


WIND (MPH)
  HIGHEST WIND SPEED    22   HIGHEST WIND DIRECTION    NW (310)
  HIGHEST GUST SPEED    29   HIGHEST GUST DIRECTION    NW (310)
  AVERAGE WIND SPEED    12.5


SKY COVER
  AVERAGE SKY COVER 0.3


WEATHER CONDITIONS
 THE FOLLOWING WEATHER WAS RECORDED YESTERDAY.
  NO SIGNIFICANT WEATHER WAS OBSERVED.


RELATIVE HUMIDITY (PERCENT)
 HIGHEST    54           100 AM
 LOWEST     29           900 PM
 AVERAGE    42

..........................................................


THE NEWARK NJ CLIMATE NORMALS FOR TODAY
                         NORMAL    RECORD    YEAR
 MAXIMUM TEMPERATURE (F)   39        70      2002
 MINIMUM TEMPERATURE (F)   25         0      1977


SUNRISE AND SUNSET
JANUARY 29 2015.......SUNRISE   710 AM EST   SUNSET   510 PM EST
JANUARY 30 2015.......SUNRISE   709 AM EST   SUNSET   512 PM EST


-  INDICATES NEGATIVE NUMBERS.
R  INDICATES RECORD WAS SET OR TIED.
MM INDICATES DATA IS MISSING.
T  INDICATES TRACE AMOUNT.




$$
