000
CDUS41 KOKX 190619
CLIEWR


CLIMATE REPORT
NATIONAL WEATHER SERVICE NEW YORK NY
219 AM EDT FRI AUG 19 2016


...................................

...THE NEWARK NJ CLIMATE SUMMARY FOR AUGUST 18 2016...

CLIMATE NORMAL PERIOD 1981 TO 2010
CLIMATE RECORD PERIOD 1929 TO 2016


WEATHER ITEM   OBSERVED TIME   RECORD YEAR NORMAL DEPARTURE LAST
                VALUE   (LST)  VALUE       VALUE  FROM      YEAR
                                                  NORMAL
..................................................................
TEMPERATURE (F)
 YESTERDAY
  MAXIMUM         87    456 PM  97    2002  84      3       91
  MINIMUM         73    523 AM  52    1941  68      5       77
  AVERAGE         80                        76      4       84

PRECIPITATION (IN)
  YESTERDAY        0.10          1.60 1955   0.12  -0.02     0.00
  MONTH TO DATE    0.79                      2.37  -1.58     1.21
  SINCE JUN 1      9.27                     11.15  -1.88     9.80
  SINCE JAN 1     23.67                     30.04  -6.37    27.41

SNOWFALL (IN)
  YESTERDAY        0.0           0.0  2002   0.0    0.0      0.0
                                      2001
  MONTH TO DATE    0.0                       0.0    0.0      0.0
  SINCE OCT 1     32.8                      28.5    4.3     46.4
  SINCE JUL 1      0.0                       0.0    0.0      0.0
  SNOW DEPTH       0

DEGREE DAYS
 HEATING
  YESTERDAY        0                         0      0        0
  MONTH TO DATE    0                         0      0        0
  SINCE JUN 1      4                        17    -13       29
  SINCE JUL 1      0                         0      0        0

 COOLING
  YESTERDAY       15                        11      4       19
  MONTH TO DATE  285                       209     76      255
  SINCE JUN 1   1005                       831    174      945
  SINCE JAN 1   1123                       907    216     1105
..................................................................


WIND (MPH)
  HIGHEST WIND SPEED    15   HIGHEST WIND DIRECTION     W (260)
  HIGHEST GUST SPEED    20   HIGHEST GUST DIRECTION     W (260)
  AVERAGE WIND SPEED     5.6


SKY COVER
  AVERAGE SKY COVER 0.8


WEATHER CONDITIONS
 THE FOLLOWING WEATHER WAS RECORDED YESTERDAY.
  LIGHT RAIN


RELATIVE HUMIDITY (PERCENT)
 HIGHEST    74           800 AM
 LOWEST     50           500 PM
 AVERAGE    62

..........................................................


THE NEWARK NJ CLIMATE NORMALS FOR TODAY
                         NORMAL    RECORD    YEAR
 MAXIMUM TEMPERATURE (F)   84        96      2002
 MINIMUM TEMPERATURE (F)   67        54      1958


SUNRISE AND SUNSET
AUGUST 19 2016........SUNRISE   611 AM EDT   SUNSET   748 PM EDT
AUGUST 20 2016........SUNRISE   612 AM EDT   SUNSET   747 PM EDT


-  INDICATES NEGATIVE NUMBERS.
R  INDICATES RECORD WAS SET OR TIED.
MM INDICATES DATA IS MISSING.
T  INDICATES TRACE AMOUNT.




$$
