000
CDUS41 KOKX 120650
CLIEWR


CLIMATE REPORT
NATIONAL WEATHER SERVICE NEW YORK NY
149 AM EST MON FEB 12 2018


...................................

...THE NEWARK NJ CLIMATE SUMMARY FOR FEBRUARY 11 2018...

CLIMATE NORMAL PERIOD 1981 TO 2010
CLIMATE RECORD PERIOD 1929 TO 2018


WEATHER ITEM   OBSERVED TIME   RECORD YEAR NORMAL DEPARTURE LAST
                VALUE   (LST)  VALUE       VALUE  FROM      YEAR
                                                  NORMAL
..................................................................
TEMPERATURE (F)
 YESTERDAY
  MAXIMUM         64   1159 PM  66    1960  41     23       48
  MINIMUM         45   1010 AM  -1    1979  26     19       30
  AVERAGE         55                        34     21       39

PRECIPITATION (IN)
  YESTERDAY        1.19          2.06 1994   0.10   1.09     0.00
  MONTH TO DATE    3.74                      1.11   2.63     1.12
  SINCE DEC 1      7.44                      8.46  -1.02     8.68
  SINCE JAN 1      5.80                      4.65   1.15     5.77

SNOWFALL (IN)
  YESTERDAY        0.0          18.0  1994   0.3   -0.3      0.0
  MONTH TO DATE    0.6                       3.7   -3.1      7.8
  SINCE OCT 1     18.4                      17.4    1.0     20.5
  SINCE JUL 1     18.4                      17.4    1.0     20.5
  SNOW DEPTH       0

DEGREE DAYS
 HEATING
  YESTERDAY       10                        31    -21       26
  MONTH TO DATE  336                       352    -16      315
  SINCE DEC 1   2319                      2268     51     1988
  SINCE JUL 1   3004                      3136   -132     2671

 COOLING
  YESTERDAY        0                         0      0        0
  MONTH TO DATE    0                         0      0        0
  SINCE DEC 1      0                         0      0        0
  SINCE JAN 1      0                         0      0        0
..................................................................


WIND (MPH)
  HIGHEST WIND SPEED    15   HIGHEST WIND DIRECTION    SW (220)
  HIGHEST GUST SPEED    20   HIGHEST GUST DIRECTION    SW (230)
  AVERAGE WIND SPEED     5.5


SKY COVER
  AVERAGE SKY COVER 1.0


WEATHER CONDITIONS
 THE FOLLOWING WEATHER WAS RECORDED YESTERDAY.
  RAIN
  LIGHT RAIN
  FOG


RELATIVE HUMIDITY (PERCENT)
 HIGHEST   100          1200 AM
 LOWEST     93           200 AM
 AVERAGE    97

..........................................................


THE NEWARK NJ CLIMATE NORMALS FOR TODAY
                         NORMAL    RECORD    YEAR
 MAXIMUM TEMPERATURE (F)   42        70      1999
 MINIMUM TEMPERATURE (F)   26        -1      1979


SUNRISE AND SUNSET
FEBRUARY 12 2018......SUNRISE   654 AM EST   SUNSET   528 PM EST
FEBRUARY 13 2018......SUNRISE   653 AM EST   SUNSET   529 PM EST


-  INDICATES NEGATIVE NUMBERS.
R  INDICATES RECORD WAS SET OR TIED.
MM INDICATES DATA IS MISSING.
T  INDICATES TRACE AMOUNT.




$$
