000
CDUS41 KOKX 180619
CLIEWR


CLIMATE REPORT
NATIONAL WEATHER SERVICE NEW YORK NY
219 AM EDT SAT MAR 18 2017


...................................

...THE NEWARK NJ CLIMATE SUMMARY FOR MARCH 17 2017...

CLIMATE NORMAL PERIOD 1981 TO 2010
CLIMATE RECORD PERIOD 1929 TO 2017


WEATHER ITEM   OBSERVED TIME   RECORD YEAR NORMAL DEPARTURE LAST
                VALUE   (LST)  VALUE       VALUE  FROM      YEAR
                                                  NORMAL
..................................................................
TEMPERATURE (F)
 YESTERDAY
  MAXIMUM         47    411 PM  80    1945  51     -4       66
  MINIMUM         26    633 AM  16    1981  34     -8       44
                                      1967
                                      1941
  AVERAGE         37                        42     -5       55

PRECIPITATION (IN)
  YESTERDAY        0.00          1.09 1968   0.14  -0.14     0.00
  MONTH TO DATE    1.66                      2.17  -0.51     0.82
  SINCE MAR 1      1.66                      2.17  -0.51     0.82
  SINCE JAN 1      8.40                      8.59  -0.19     8.87

SNOWFALL (IN)
  YESTERDAY        0.0           5.1  1967   0.1   -0.1      0.0
  MONTH TO DATE    9.4                       3.2    6.2      1.4
  SINCE OCT 1     30.0                      26.2    3.8     32.6
  SINCE JUL 1     30.0                      26.2    3.8     32.6
  SNOW DEPTH       4

DEGREE DAYS
 HEATING
  YESTERDAY       28                        23      5       10
  MONTH TO DATE  473                       427     46      275
  SINCE MAR 1    473                       427     46      275
  SINCE JUL 1   3482                      4062   -580     3148

 COOLING
  YESTERDAY        0                         0      0        0
  MONTH TO DATE    0                         0      0        5
  SINCE MAR 1      0                         0      0        5
  SINCE JAN 1      0                         0      0        5
..................................................................


WIND (MPH)
  HIGHEST WIND SPEED    20   HIGHEST WIND DIRECTION     W (260)
  HIGHEST GUST SPEED    26   HIGHEST GUST DIRECTION     W (260)
  AVERAGE WIND SPEED    10.7


SKY COVER
  AVERAGE SKY COVER 0.4


WEATHER CONDITIONS
 THE FOLLOWING WEATHER WAS RECORDED YESTERDAY.
  NO SIGNIFICANT WEATHER WAS OBSERVED.


RELATIVE HUMIDITY (PERCENT)
 HIGHEST    58           500 AM
 LOWEST     26           400 PM
 AVERAGE    42

..........................................................


THE NEWARK NJ CLIMATE NORMALS FOR TODAY
                         NORMAL    RECORD    YEAR
 MAXIMUM TEMPERATURE (F)   51        80      2011
 MINIMUM TEMPERATURE (F)   34        10      1981


SUNRISE AND SUNSET
MARCH 18 2017.........SUNRISE   703 AM EDT   SUNSET   707 PM EDT
MARCH 19 2017.........SUNRISE   701 AM EDT   SUNSET   708 PM EDT


-  INDICATES NEGATIVE NUMBERS.
R  INDICATES RECORD WAS SET OR TIED.
MM INDICATES DATA IS MISSING.
T  INDICATES TRACE AMOUNT.




$$
