000
CDUS41 KOKX 220636
CLIEWR


CLIMATE REPORT
NATIONAL WEATHER SERVICE NEW YORK NY
135 AM EST THU JAN 22 2015


...................................

...THE NEWARK NJ CLIMATE SUMMARY FOR JANUARY 21 2015...

CLIMATE NORMAL PERIOD 1981 TO 2010
CLIMATE RECORD PERIOD 1929 TO 2015


WEATHER ITEM   OBSERVED TIME   RECORD YEAR NORMAL DEPARTURE LAST
                VALUE   (LST)  VALUE       VALUE  FROM      YEAR
                                                  NORMAL
..................................................................
TEMPERATURE (F)
 YESTERDAY
  MAXIMUM         34    737 PM  63    2006  39     -5       32
  MINIMUM         22    541 AM  -8    1985  24     -2       11
  AVERAGE         28                        31     -3       22

PRECIPITATION (IN)
  YESTERDAY        T             2.95 1979   0.11  -0.11     0.40
  MONTH TO DATE    3.32                      2.46   0.86     2.69
  SINCE DEC 1      8.23                      6.27   1.96     7.31
  SINCE JAN 1      3.32                      2.46   0.86     2.69

SNOWFALL (IN)
  YESTERDAY        T            10.0  2014   0.3   -0.3     10.0
  MONTH TO DATE    2.4                       5.3   -2.9     19.1
  SINCE OCT 1      4.1                      11.1   -7.0     28.5
  SINCE JUL 1      4.1                      11.1   -7.0     28.5
  SNOW DEPTH       0

DEGREE DAYS
 HEATING
  YESTERDAY       37                        34      3       43
  MONTH TO DATE  755                       704     51      713
  SINCE DEC 1   1520                      1586    -66     1575
  SINCE JUL 1   2352                      2454   -102     2445

 COOLING
  YESTERDAY        0                         0      0        0
  MONTH TO DATE    0                         0      0        0
  SINCE DEC 1      0                         0      0        0
  SINCE JAN 1      0                         0      0        0
..................................................................


WIND (MPH)
  HIGHEST WIND SPEED    15   HIGHEST WIND DIRECTION     N (360)
  HIGHEST GUST SPEED    16   HIGHEST GUST DIRECTION     N (360)
  AVERAGE WIND SPEED     5.5


SKY COVER
  AVERAGE SKY COVER 0.7


WEATHER CONDITIONS
 THE FOLLOWING WEATHER WAS RECORDED YESTERDAY.
  LIGHT SNOW


RELATIVE HUMIDITY (PERCENT)
 HIGHEST    72          1100 PM
 LOWEST     32           400 PM
 AVERAGE    52

..........................................................


THE NEWARK NJ CLIMATE NORMALS FOR TODAY
                         NORMAL    RECORD    YEAR
 MAXIMUM TEMPERATURE (F)   39        62      1959
 MINIMUM TEMPERATURE (F)   24        -1      1984


SUNRISE AND SUNSET
JANUARY 22 2015.......SUNRISE   715 AM EST   SUNSET   502 PM EST
JANUARY 23 2015.......SUNRISE   714 AM EST   SUNSET   503 PM EST


-  INDICATES NEGATIVE NUMBERS.
R  INDICATES RECORD WAS SET OR TIED.
MM INDICATES DATA IS MISSING.
T  INDICATES TRACE AMOUNT.




$$
