000
CDUS41 KOKX 150619
CLIEWR


CLIMATE REPORT
NATIONAL WEATHER SERVICE NEW YORK NY
219 AM EDT TUE APR 15 2014


...................................

...THE NEWARK NJ CLIMATE SUMMARY FOR APRIL 14 2014...

CLIMATE NORMAL PERIOD 1981 TO 2010
CLIMATE RECORD PERIOD 1929 TO 2014


WEATHER ITEM   OBSERVED TIME   RECORD YEAR NORMAL DEPARTURE LAST
                VALUE   (LST)  VALUE       VALUE  FROM      YEAR
                                                  NORMAL
..................................................................
TEMPERATURE (F)
 YESTERDAY
  MAXIMUM         80    233 PM  88    1941  62     18       60
  MINIMUM         62    553 AM  26    1950  43     19       46
  AVERAGE         71                        52     19       53

PRECIPITATION (IN)
  YESTERDAY        0.00          0.90 1979   0.14  -0.14     0.00
  MONTH TO DATE    1.17                      2.06  -0.89     1.16
  SINCE MAR 1      4.82                      6.24  -1.42     4.16
  SINCE JAN 1     12.54                     12.66  -0.12    10.50

SNOWFALL (IN)
  YESTERDAY        0.0           0.7  1950   0.0    0.0      0.0
  MONTH TO DATE    0.0                       0.6   -0.6      0.0
  SINCE OCT 1     60.7                      28.2   32.5     29.5
  SINCE JUL 1     60.7                      28.2   32.5     29.5
  SNOW DEPTH       0

DEGREE DAYS
 HEATING
  YESTERDAY        0                        13    -13       12
  MONTH TO DATE  154                       213    -59      195
  SINCE MAR 1    988                       922     66      954
  SINCE JUL 1   4863                      4557    306     4334

 COOLING
  YESTERDAY        6                         0      6        0
  MONTH TO DATE    8                         0      8        3
  SINCE MAR 1      8                         1      7        3
  SINCE JAN 1      8                         1      7        3
..................................................................


WIND (MPH)
  HIGHEST WIND SPEED    30   HIGHEST WIND DIRECTION     S (200)
  HIGHEST GUST SPEED    38   HIGHEST GUST DIRECTION     S (190)
  AVERAGE WIND SPEED    15.0


SKY COVER
  AVERAGE SKY COVER 0.8


WEATHER CONDITIONS
 THE FOLLOWING WEATHER WAS RECORDED YESTERDAY.
  NO SIGNIFICANT WEATHER WAS OBSERVED.


RELATIVE HUMIDITY (PERCENT)
 HIGHEST    78           400 AM
 LOWEST     35           400 PM
 AVERAGE    57

..........................................................


THE NEWARK NJ CLIMATE NORMALS FOR TODAY
                         NORMAL    RECORD    YEAR
 MAXIMUM TEMPERATURE (F)   62        88      1960
 MINIMUM TEMPERATURE (F)   44        25      1943


SUNRISE AND SUNSET
APRIL 15 2014.........SUNRISE   618 AM EDT   SUNSET   736 PM EDT
APRIL 16 2014.........SUNRISE   617 AM EDT   SUNSET   737 PM EDT


-  INDICATES NEGATIVE NUMBERS.
R  INDICATES RECORD WAS SET OR TIED.
MM INDICATES DATA IS MISSING.
T  INDICATES TRACE AMOUNT.




$$
