000
CDUS41 KOKX 020616
CLIEWR


CLIMATE REPORT
NATIONAL WEATHER SERVICE NEW YORK NY
115 AM EST SAT DEC 2 2017


...................................

...THE NEWARK NJ CLIMATE SUMMARY FOR DECEMBER 1 2017...

CLIMATE NORMAL PERIOD 1981 TO 2010
CLIMATE RECORD PERIOD 1929 TO 2017


WEATHER ITEM   OBSERVED TIME   RECORD YEAR NORMAL DEPARTURE LAST
                VALUE   (LST)  VALUE       VALUE  FROM      YEAR
                                                  NORMAL
..................................................................
TEMPERATURE (F)
 YESTERDAY
  MAXIMUM         52    253 PM  72    2006  49      3       55
  MINIMUM         36   1153 PM  12    1936  34      2       41
  AVERAGE         44                        41      3       48

PRECIPITATION (IN)
  YESTERDAY        0.00          1.18 1981   0.13  -0.13     0.11
  MONTH TO DATE    0.00                      0.13  -0.13     0.11
  SINCE DEC 1      0.00                      0.13  -0.13     0.11
  SINCE JAN 1     45.85                     42.57   3.28    35.61

SNOWFALL (IN)
  YESTERDAY        0.0           0.6  1969   0.1   -0.1      0.0
  MONTH TO DATE    0.0                       0.1   -0.1      0.0
  SINCE OCT 1      T                         0.5   -0.5       T
  SINCE JUL 1      T                         0.5   -0.5       T
  SNOW DEPTH       0

DEGREE DAYS
 HEATING
  YESTERDAY       21                        24     -3       17
  MONTH TO DATE   21                        24     -3       17
  SINCE DEC 1     21                        24     -3       17
  SINCE JUL 1    706                       892   -186      700

 COOLING
  YESTERDAY        0                         0      0        0
  MONTH TO DATE    0                         0      0        0
  SINCE DEC 1      0                         0      0        0
  SINCE JAN 1   1316                      1192    124     1571
..................................................................


WIND (MPH)
  HIGHEST WIND SPEED    22   HIGHEST WIND DIRECTION    NW (330)
  HIGHEST GUST SPEED    31   HIGHEST GUST DIRECTION    NW (320)
  AVERAGE WIND SPEED     9.3


SKY COVER
  AVERAGE SKY COVER 0.3


WEATHER CONDITIONS
 THE FOLLOWING WEATHER WAS RECORDED YESTERDAY.
  NO SIGNIFICANT WEATHER WAS OBSERVED.


RELATIVE HUMIDITY (PERCENT)
 HIGHEST    89           500 AM
 LOWEST     41           300 PM
 AVERAGE    65

..........................................................


THE NEWARK NJ CLIMATE NORMALS FOR TODAY
                         NORMAL    RECORD    YEAR
 MAXIMUM TEMPERATURE (F)   48        66      1998
                                             1970
 MINIMUM TEMPERATURE (F)   34        16      1946
                                             1938


SUNRISE AND SUNSET
DECEMBER  2 2017......SUNRISE   702 AM EST   SUNSET   430 PM EST
DECEMBER  3 2017......SUNRISE   703 AM EST   SUNSET   430 PM EST


-  INDICATES NEGATIVE NUMBERS.
R  INDICATES RECORD WAS SET OR TIED.
MM INDICATES DATA IS MISSING.
T  INDICATES TRACE AMOUNT.




$$
