000
CDUS41 KOKX 190622
CLIEWR


CLIMATE REPORT
NATIONAL WEATHER SERVICE NEW YORK NY
121 AM EST FRI DEC 19 2014


...................................

...THE NEWARK NJ CLIMATE SUMMARY FOR DECEMBER 18 2014...

CLIMATE NORMAL PERIOD 1981 TO 2010
CLIMATE RECORD PERIOD 1929 TO 2014


WEATHER ITEM   OBSERVED TIME   RECORD YEAR NORMAL DEPARTURE LAST
                VALUE   (LST)  VALUE       VALUE  FROM      YEAR
                                                  NORMAL
..................................................................
TEMPERATURE (F)
 YESTERDAY
  MAXIMUM         45    142 PM  64    1937  43      2       37
  MINIMUM         37   1159 PM  13    1953  29      8       21
                                      1945
  AVERAGE         41                        36      5       29

PRECIPITATION (IN)
  YESTERDAY        0.00          1.22 1951   0.12  -0.12     0.00
  MONTH TO DATE    3.34                      2.29   1.05     2.74
  SINCE DEC 1      3.34                      2.29   1.05     2.74
  SINCE JAN 1     47.76                     44.73   3.03    41.06

SNOWFALL (IN)
  YESTERDAY        0.0           1.0  1963   0.2   -0.2      0.0
  MONTH TO DATE    0.3                       2.5   -2.2      9.4
  SINCE OCT 1      1.7                       2.9   -1.2      9.4
  SINCE JUL 1      1.7                       2.9   -1.2      9.4
  SNOW DEPTH       0

DEGREE DAYS
 HEATING
  YESTERDAY       24                        29     -5       36
  MONTH TO DATE  448                       477    -29      534
  SINCE DEC 1    448                       477    -29      534
  SINCE JUL 1   1280                      1345    -65     1404

 COOLING
  YESTERDAY        0                         0      0        0
  MONTH TO DATE    0                         0      0        0
  SINCE DEC 1      0                         0      0        0
  SINCE JAN 1   1175                      1192    -17     1337
..................................................................


WIND (MPH)
  HIGHEST WIND SPEED    24   HIGHEST WIND DIRECTION     W (280)
  HIGHEST GUST SPEED    36   HIGHEST GUST DIRECTION     W (280)
  AVERAGE WIND SPEED    14.3


SKY COVER
  AVERAGE SKY COVER 0.7


WEATHER CONDITIONS
 THE FOLLOWING WEATHER WAS RECORDED YESTERDAY.
  NO SIGNIFICANT WEATHER WAS OBSERVED.


RELATIVE HUMIDITY (PERCENT)
 HIGHEST    64           800 PM
 LOWEST     45          1100 AM
 AVERAGE    55

..........................................................


THE NEWARK NJ CLIMATE NORMALS FOR TODAY
                         NORMAL    RECORD    YEAR
 MAXIMUM TEMPERATURE (F)   42        60      1931
 MINIMUM TEMPERATURE (F)   29         9      1942
                                             1932


SUNRISE AND SUNSET
DECEMBER 19 2014......SUNRISE   716 AM EST   SUNSET   432 PM EST
DECEMBER 20 2014......SUNRISE   717 AM EST   SUNSET   432 PM EST


-  INDICATES NEGATIVE NUMBERS.
R  INDICATES RECORD WAS SET OR TIED.
MM INDICATES DATA IS MISSING.
T  INDICATES TRACE AMOUNT.




$$
