000
CDUS41 KOKX 170627
CLIEWR


CLIMATE REPORT
NATIONAL WEATHER SERVICE NEW YORK NY
226 AM EDT SUN JUL 17 2016


...................................

...THE NEWARK NJ CLIMATE SUMMARY FOR JULY 16 2016...

CLIMATE NORMAL PERIOD 1981 TO 2010
CLIMATE RECORD PERIOD 1929 TO 2016


WEATHER ITEM   OBSERVED TIME   RECORD YEAR NORMAL DEPARTURE LAST
                VALUE   (LST)  VALUE       VALUE  FROM      YEAR
                                                  NORMAL
..................................................................
TEMPERATURE (F)
 YESTERDAY
  MAXIMUM         91    154 PM 101    1988  86      5       81
  MINIMUM         75   1159 PM  57    1946  69      6       63
  AVERAGE         83                        78      5       72

PRECIPITATION (IN)
  YESTERDAY        0.57          1.22 1933   0.16   0.41     0.00
  MONTH TO DATE    2.07                      2.30  -0.23     1.70
  SINCE JUN 1      4.47                      6.32  -1.85     7.60
  SINCE JAN 1     18.87                     25.21  -6.34    25.21

SNOWFALL (IN)
  YESTERDAY        0.0           0.0  2002   0.0    0.0      0.0
                                      2001
  MONTH TO DATE    0.0                       0.0    0.0      0.0
  SINCE OCT 1     32.8                      28.5    4.3     46.4
  SINCE JUL 1      0.0                       0.0    0.0      0.0
  SNOW DEPTH       0

DEGREE DAYS
 HEATING
  YESTERDAY        0                         0      0        0
  MONTH TO DATE    0                         0      0        0
  SINCE JUN 1      4                        17    -13       29
  SINCE JUL 1      0                         0      0        0

 COOLING
  YESTERDAY       18                        13      5        7
  MONTH TO DATE  213                       196     17      198
  SINCE JUN 1    463                       435     28      447
  SINCE JAN 1    581                       511     70      607
..................................................................


WIND (MPH)
  HIGHEST WIND SPEED    18   HIGHEST WIND DIRECTION     S (180)
  HIGHEST GUST SPEED    26   HIGHEST GUST DIRECTION    SE (140)
  AVERAGE WIND SPEED     7.0


SKY COVER
  AVERAGE SKY COVER 0.8


WEATHER CONDITIONS
 THE FOLLOWING WEATHER WAS RECORDED YESTERDAY.
  THUNDERSTORM
  HEAVY RAIN
  RAIN
  LIGHT RAIN


RELATIVE HUMIDITY (PERCENT)
 HIGHEST    74           500 PM
 LOWEST     38          1100 AM
 AVERAGE    56

..........................................................


THE NEWARK NJ CLIMATE NORMALS FOR TODAY
                         NORMAL    RECORD    YEAR
 MAXIMUM TEMPERATURE (F)   86       100      2012
                                             1997
                                             1988
 MINIMUM TEMPERATURE (F)   69        56      1946


SUNRISE AND SUNSET
JULY 17 2016..........SUNRISE   540 AM EDT   SUNSET   825 PM EDT
JULY 18 2016..........SUNRISE   541 AM EDT   SUNSET   824 PM EDT


-  INDICATES NEGATIVE NUMBERS.
R  INDICATES RECORD WAS SET OR TIED.
MM INDICATES DATA IS MISSING.
T  INDICATES TRACE AMOUNT.




$$
