581
CDUS41 KOKX 140629
CLIEWR


CLIMATE REPORT
NATIONAL WEATHER SERVICE NEW YORK NY
229 AM EDT SAT OCT 14 2017


...................................

...THE NEWARK NJ CLIMATE SUMMARY FOR OCTOBER 13 2017...

CLIMATE NORMAL PERIOD 1981 TO 2010
CLIMATE RECORD PERIOD 1929 TO 2017


WEATHER ITEM   OBSERVED TIME   RECORD YEAR NORMAL DEPARTURE LAST
                VALUE   (LST)  VALUE       VALUE  FROM      YEAR
                                                  NORMAL
..................................................................
TEMPERATURE (F)
 YESTERDAY
  MAXIMUM         67    250 PM  89    1954  66      1       68
  MINIMUM         50    509 AM  34    2012  49      1       52
  AVERAGE         59                        58      1       60

PRECIPITATION (IN)
  YESTERDAY        T             1.60 2005   0.11  -0.11     0.01
  MONTH TO DATE    0.54                      1.54  -1.00     0.66
  SINCE SEP 1      2.26                      5.36  -3.10     2.83
  SINCE JAN 1     39.94                     36.73   3.21    26.64

SNOWFALL (IN)
  YESTERDAY        0.0           0.0  2002   0.0    0.0      0.0
                                      2001
  MONTH TO DATE    0.0                       0.0    0.0      0.0
  SINCE OCT 1      0.0                       0.0    0.0      0.0
  SINCE JUL 1      0.0                       0.0    0.0      0.0
  SNOW DEPTH       0

DEGREE DAYS
 HEATING
  YESTERDAY        6                         8     -2        5
  MONTH TO DATE   24                        82    -58       58
  SINCE SEP 1     41                       126    -85       74
  SINCE JUL 1     41                       127    -86       74

 COOLING
  YESTERDAY        0                         1     -1        0
  MONTH TO DATE   67                        14     53        3
  SINCE SEP 1    269                       154    115      231
  SINCE JAN 1   1297                      1188    109     1541
..................................................................


WIND (MPH)
  HIGHEST WIND SPEED    15   HIGHEST WIND DIRECTION     N (20)
  HIGHEST GUST SPEED    21   HIGHEST GUST DIRECTION    NE (50)
  AVERAGE WIND SPEED     8.9


SKY COVER
  AVERAGE SKY COVER 0.8


WEATHER CONDITIONS
 THE FOLLOWING WEATHER WAS RECORDED YESTERDAY.
  LIGHT RAIN


RELATIVE HUMIDITY (PERCENT)
 HIGHEST    84          1100 PM
 LOWEST     58           200 PM
 AVERAGE    71

..........................................................


THE NEWARK NJ CLIMATE NORMALS FOR TODAY
                         NORMAL    RECORD    YEAR
 MAXIMUM TEMPERATURE (F)   66        85      1975
 MINIMUM TEMPERATURE (F)   48        32      1932


SUNRISE AND SUNSET
OCTOBER 14 2017.......SUNRISE   707 AM EDT   SUNSET   618 PM EDT
OCTOBER 15 2017.......SUNRISE   708 AM EDT   SUNSET   616 PM EDT


-  INDICATES NEGATIVE NUMBERS.
R  INDICATES RECORD WAS SET OR TIED.
MM INDICATES DATA IS MISSING.
T  INDICATES TRACE AMOUNT.




$$
