000
CDUS41 KOKX 160617
CLIEWR


CLIMATE REPORT
NATIONAL WEATHER SERVICE NEW YORK NY
216 AM EDT TUE MAY 16 2017


...................................

...THE NEWARK NJ CLIMATE SUMMARY FOR MAY 15 2017...

CLIMATE NORMAL PERIOD 1981 TO 2010
CLIMATE RECORD PERIOD 1929 TO 2017


WEATHER ITEM   OBSERVED TIME   RECORD YEAR NORMAL DEPARTURE LAST
                VALUE   (LST)  VALUE       VALUE  FROM      YEAR
                                                  NORMAL
..................................................................
TEMPERATURE (F)
 YESTERDAY
  MAXIMUM         71    443 PM  89    2004  72     -1       59
                                      1957
  MINIMUM         53    350 AM  40    1939  53      0       44
                                      1936
  AVERAGE         62                        62      0       52

PRECIPITATION (IN)
  YESTERDAY        0.00          0.76 1981   0.13  -0.13      T
  MONTH TO DATE    5.03                      1.86   3.17     2.07
  SINCE MAR 1     13.59                     10.24   3.35     4.57
  SINCE JAN 1     20.33                     16.66   3.67    12.62

SNOWFALL (IN)
  YESTERDAY        0.0           0.0  2002   0.0    0.0      0.0
                                      2001
  MONTH TO DATE    0.0                       0.0    0.0      0.0
  SINCE OCT 1     30.0                      28.5    1.5     32.8
  SINCE JUL 1     30.0                      28.5    1.5     32.8
  SNOW DEPTH       0

DEGREE DAYS
 HEATING
  YESTERDAY        3                         4     -1       13
  MONTH TO DATE  127                        89     38      131
  SINCE MAR 1   1164                      1174    -10      987
  SINCE JUL 1   4173                      4809   -636     3860

 COOLING
  YESTERDAY        0                         2     -2        0
  MONTH TO DATE    5                        17    -12        2
  SINCE MAR 1     41                        29     12       20
  SINCE JAN 1     41                        29     12       20
..................................................................


WIND (MPH)
  HIGHEST WIND SPEED    31   HIGHEST WIND DIRECTION     W (290)
  HIGHEST GUST SPEED    40   HIGHEST GUST DIRECTION    NW (320)
  AVERAGE WIND SPEED    18.0


SKY COVER
  AVERAGE SKY COVER 0.5


WEATHER CONDITIONS
 THE FOLLOWING WEATHER WAS RECORDED YESTERDAY.
  NO SIGNIFICANT WEATHER WAS OBSERVED.


RELATIVE HUMIDITY (PERCENT)
 HIGHEST    66           200 AM
 LOWEST     31           400 PM
 AVERAGE    49

..........................................................


THE NEWARK NJ CLIMATE NORMALS FOR TODAY
                         NORMAL    RECORD    YEAR
 MAXIMUM TEMPERATURE (F)   72        92      1951
 MINIMUM TEMPERATURE (F)   53        40      2016
                                             1937


SUNRISE AND SUNSET
MAY 16 2017...........SUNRISE   539 AM EDT   SUNSET   808 PM EDT
MAY 17 2017...........SUNRISE   538 AM EDT   SUNSET   809 PM EDT


-  INDICATES NEGATIVE NUMBERS.
R  INDICATES RECORD WAS SET OR TIED.
MM INDICATES DATA IS MISSING.
T  INDICATES TRACE AMOUNT.




$$
