000
CDUS41 KOKX 162132
CLIEWR


CLIMATE REPORT
NATIONAL WEATHER SERVICE NEW YORK NY
432 PM EST MON JAN 16 2017


...................................

...THE NEWARK NJ CLIMATE SUMMARY FOR JANUARY 16 2017...
VALID TODAY AS OF 0400 PM LOCAL TIME.

CLIMATE NORMAL PERIOD 1981 TO 2010
CLIMATE RECORD PERIOD 1929 TO 2017


WEATHER ITEM   OBSERVED TIME   RECORD YEAR NORMAL DEPARTURE LAST
                VALUE   (LST)  VALUE       VALUE  FROM      YEAR
                                                  NORMAL
..................................................................
TEMPERATURE (F)
 TODAY
  MAXIMUM         44    342 PM  58    1995  38      6       55
  MINIMUM         25    733 AM   0    2004  24      1       42
  AVERAGE         35                        31      4       49

PRECIPITATION (IN)
  TODAY            0.00          1.38 1941   0.12  -0.12     0.26
  MONTH TO DATE    1.86                      1.90  -0.04     2.05
  SINCE DEC 1      4.77                      5.71  -0.94     6.45
  SINCE JAN 1      1.86                      1.90  -0.04     2.05

SNOWFALL (IN)
  TODAY            0.0           5.4  1965   0.2   -0.2      0.0
  MONTH TO DATE    8.8                       4.0    4.8       T
  SINCE OCT 1     12.2                       9.8    2.4      0.3
  SINCE JUL 1     12.2                       9.8    2.4      0.3
  SNOW DEPTH       T

DEGREE DAYS
 HEATING
  TODAY           30                        34     -4       16
  MONTH TO DATE  471                       534    -63      473
  SINCE DEC 1   1311                      1416   -105      938
  SINCE JUL 1   1994                      2284   -290     1570

 COOLING
  TODAY            0                         0      0        0
  MONTH TO DATE    0                         0      0        0
  SINCE DEC 1      0                         0      0        0
  SINCE JAN 1      0                         0      0        0
..................................................................


WIND (MPH)
  HIGHEST WIND SPEED    14   HIGHEST WIND DIRECTION    SW (230)
  HIGHEST GUST SPEED    17   HIGHEST GUST DIRECTION    SW (240)
  AVERAGE WIND SPEED     5.1


SKY COVER
  AVERAGE SKY COVER 0.4


WEATHER CONDITIONS
 THE FOLLOWING WEATHER WAS RECORDED TODAY.
  NO SIGNIFICANT WEATHER WAS OBSERVED.


RELATIVE HUMIDITY (PERCENT)
 HIGHEST    75           500 AM
 LOWEST     43           100 PM
 AVERAGE    59

..........................................................


THE NEWARK NJ CLIMATE NORMALS FOR TOMORROW
                         NORMAL    RECORD    YEAR
 MAXIMUM TEMPERATURE (F)   38        62      1990
 MINIMUM TEMPERATURE (F)   24        -7      1982


SUNRISE AND SUNSET
JANUARY 16 2017.......SUNRISE   718 AM EST   SUNSET   455 PM EST
JANUARY 17 2017.......SUNRISE   717 AM EST   SUNSET   457 PM EST


-  INDICATES NEGATIVE NUMBERS.
R  INDICATES RECORD WAS SET OR TIED.
MM INDICATES DATA IS MISSING.
T  INDICATES TRACE AMOUNT.




$$
