000
CDUS41 KOKX 160621
CLIEWR


CLIMATE REPORT
NATIONAL WEATHER SERVICE NEW YORK NY
221 AM EDT SAT AUG 16 2014


...................................

...THE NEWARK NJ CLIMATE SUMMARY FOR AUGUST 15 2014...

CLIMATE NORMAL PERIOD 1981 TO 2010
CLIMATE RECORD PERIOD 1929 TO 2014


WEATHER ITEM   OBSERVED TIME   RECORD YEAR NORMAL DEPARTURE LAST
                VALUE   (LST)  VALUE       VALUE  FROM      YEAR
                                                  NORMAL
..................................................................
TEMPERATURE (F)
 YESTERDAY
  MAXIMUM         75   1234 PM  99    1988  84     -9       80
                                      1947
                                      1944
  MINIMUM         59    530 AM  54    1964  68     -9       58
  AVERAGE         67                        76     -9       69

PRECIPITATION (IN)
  YESTERDAY        0.00          0.69 1969   0.12  -0.12     0.00
  MONTH TO DATE    1.17                      2.02  -0.85     2.80
  SINCE JUN 1     10.68                     10.80  -0.12    15.28
  SINCE JAN 1     34.03                     29.69   4.34    31.53

SNOWFALL (IN)
  YESTERDAY        0.0           0.0  2002   0.0    0.0      0.0
                                      2001
  MONTH TO DATE    0.0                       0.0    0.0      0.0
  SINCE OCT 1     61.1                      28.5   32.6     29.5
  SINCE JUL 1      0.0                       0.0    0.0      0.0
  SNOW DEPTH       0

DEGREE DAYS
 HEATING
  YESTERDAY        0                         0      0        0
  MONTH TO DATE    0                         0      0        0
  SINCE JUN 1      0                        17    -17        8
  SINCE JUL 1      0                         0      0        0

 COOLING
  YESTERDAY        2                        11     -9        4
  MONTH TO DATE  155                       176    -21      138
  SINCE JUN 1    782                       798    -16      902
  SINCE JAN 1    844                       874    -30     1002
..................................................................


WIND (MPH)
  HIGHEST WIND SPEED    18   HIGHEST WIND DIRECTION     W (290)
  HIGHEST GUST SPEED    26   HIGHEST GUST DIRECTION     W (290)
  AVERAGE WIND SPEED     8.6


SKY COVER
  AVERAGE SKY COVER 0.6


WEATHER CONDITIONS
 THE FOLLOWING WEATHER WAS RECORDED YESTERDAY.
  NO SIGNIFICANT WEATHER WAS OBSERVED.


RELATIVE HUMIDITY (PERCENT)
 HIGHEST    75           500 AM
 LOWEST     41          1100 AM
 AVERAGE    58

..........................................................


THE NEWARK NJ CLIMATE NORMALS FOR TODAY
                         NORMAL    RECORD    YEAR
 MAXIMUM TEMPERATURE (F)   84        99      1944
 MINIMUM TEMPERATURE (F)   68        57      1945


SUNRISE AND SUNSET
AUGUST 16 2014........SUNRISE   608 AM EDT   SUNSET   753 PM EDT
AUGUST 17 2014........SUNRISE   609 AM EDT   SUNSET   752 PM EDT


-  INDICATES NEGATIVE NUMBERS.
R  INDICATES RECORD WAS SET OR TIED.
MM INDICATES DATA IS MISSING.
T  INDICATES TRACE AMOUNT.




$$
