000
CDUS41 KOKX 092034
CLIEWR


CLIMATE REPORT
NATIONAL WEATHER SERVICE NEW YORK NY
434 PM EDT SUN JUL 9 2017


...................................

...THE NEWARK NJ CLIMATE SUMMARY FOR JULY 9 2017...
VALID TODAY AS OF 0400 PM LOCAL TIME.

CLIMATE NORMAL PERIOD 1981 TO 2010
CLIMATE RECORD PERIOD 1929 TO 2017


WEATHER ITEM   OBSERVED TIME   RECORD YEAR NORMAL DEPARTURE LAST
                VALUE   (LST)  VALUE       VALUE  FROM      YEAR
                                                  NORMAL
..................................................................
TEMPERATURE (F)
 TODAY
  MAXIMUM         84    259 PM 104    1993  86     -2       71
                                      1936
  MINIMUM         68    504 AM  56    1963  69     -1       66
  AVERAGE         76                        77     -1       69

PRECIPITATION (IN)
  TODAY            0.00          1.72 1975   0.15  -0.15     0.49
  MONTH TO DATE    2.62                      1.20   1.42     1.38
  SINCE JUN 1      7.91                      5.22   2.69     3.78
  SINCE JAN 1     30.45                     24.11   6.34    18.18

SNOWFALL (IN)
  TODAY            0.0           0.0  2002   0.0    0.0      0.0
                                      2001
  MONTH TO DATE    0.0                       0.0    0.0      0.0
  SINCE OCT 1     30.0                      28.5    1.5     32.8
  SINCE JUL 1      0.0                       0.0    0.0      0.0
  SNOW DEPTH       0

DEGREE DAYS
 HEATING
  TODAY            0                         0      0        0
  MONTH TO DATE    0                         0      0        0
  SINCE JUN 1     18                        17      1        4
  SINCE JUL 1      0                         0      0        0

 COOLING
  TODAY           11                        12     -1        4
  MONTH TO DATE  115                       107      8      109
  SINCE JUN 1    372                       346     26      359
  SINCE JAN 1    467                       422     45      477
..................................................................


WIND (MPH)
  HIGHEST WIND SPEED    17   HIGHEST WIND DIRECTION     W (260)
  HIGHEST GUST SPEED    23   HIGHEST GUST DIRECTION     W (260)
  AVERAGE WIND SPEED     8.8


SKY COVER
  AVERAGE SKY COVER 0.4


WEATHER CONDITIONS
 THE FOLLOWING WEATHER WAS RECORDED TODAY.
  NO SIGNIFICANT WEATHER WAS OBSERVED.


RELATIVE HUMIDITY (PERCENT)
 HIGHEST    57           100 AM
 LOWEST     34          1200 PM
 AVERAGE    46

..........................................................


THE NEWARK NJ CLIMATE NORMALS FOR TOMORROW
                         NORMAL    RECORD    YEAR
 MAXIMUM TEMPERATURE (F)   86       105      1993
 MINIMUM TEMPERATURE (F)   69        58      2009
                                             1953


SUNRISE AND SUNSET
JULY  9 2017..........SUNRISE   534 AM EDT   SUNSET   829 PM EDT
JULY 10 2017..........SUNRISE   535 AM EDT   SUNSET   829 PM EDT


-  INDICATES NEGATIVE NUMBERS.
R  INDICATES RECORD WAS SET OR TIED.
MM INDICATES DATA IS MISSING.
T  INDICATES TRACE AMOUNT.




$$
