000
CDUS41 KOKX 150616
CLIEWR


CLIMATE REPORT
NATIONAL WEATHER SERVICE NEW YORK NY
116 AM EST WED FEB 15 2017


...................................

...THE NEWARK NJ CLIMATE SUMMARY FOR FEBRUARY 14 2017...

CLIMATE NORMAL PERIOD 1981 TO 2010
CLIMATE RECORD PERIOD 1929 TO 2017


WEATHER ITEM   OBSERVED TIME   RECORD YEAR NORMAL DEPARTURE LAST
                VALUE   (LST)  VALUE       VALUE  FROM      YEAR
                                                  NORMAL
..................................................................
TEMPERATURE (F)
 YESTERDAY
  MAXIMUM         42    430 PM  65    1946  42      0       18
  MINIMUM         27    645 AM   0    2016  27      0        0
                                      1979
  AVERAGE         35                        34      1        9

PRECIPITATION (IN)
  YESTERDAY        0.00          1.19 1935   0.10  -0.10     0.00
  MONTH TO DATE    1.55                      1.40   0.15     1.18
  SINCE DEC 1      9.11                      8.75   0.36     9.59
  SINCE JAN 1      6.20                      4.94   1.26     5.19

SNOWFALL (IN)
  YESTERDAY        0.0           3.5  1978   0.3   -0.3      0.0
  MONTH TO DATE    7.9                       4.7    3.2      3.7
  SINCE OCT 1     20.6                      18.4    2.2     29.7
  SINCE JUL 1     20.6                      18.4    2.2     29.7
  SNOW DEPTH       2

DEGREE DAYS
 HEATING
  YESTERDAY       30                        31     -1       56
  MONTH TO DATE  405                       445    -40      440
  SINCE DEC 1   2078                      2361   -283     1881
  SINCE JUL 1   2761                      3229   -468     2513

 COOLING
  YESTERDAY        0                         0      0        0
  MONTH TO DATE    0                         0      0        0
  SINCE DEC 1      0                         0      0        0
  SINCE JAN 1      0                         0      0        0
..................................................................


WIND (MPH)
  HIGHEST WIND SPEED    17   HIGHEST WIND DIRECTION    NW (310)
  HIGHEST GUST SPEED    26   HIGHEST GUST DIRECTION    NW (310)
  AVERAGE WIND SPEED     8.0


SKY COVER
  AVERAGE SKY COVER 0.5


WEATHER CONDITIONS
 THE FOLLOWING WEATHER WAS RECORDED YESTERDAY.
  NO SIGNIFICANT WEATHER WAS OBSERVED.


RELATIVE HUMIDITY (PERCENT)
 HIGHEST    75          1100 PM
 LOWEST     45           400 PM
 AVERAGE    60

..........................................................


THE NEWARK NJ CLIMATE NORMALS FOR TODAY
                         NORMAL    RECORD    YEAR
 MAXIMUM TEMPERATURE (F)   42        76      1949
 MINIMUM TEMPERATURE (F)   27        -7      1943


SUNRISE AND SUNSET
FEBRUARY 15 2017......SUNRISE   650 AM EST   SUNSET   532 PM EST
FEBRUARY 16 2017......SUNRISE   649 AM EST   SUNSET   533 PM EST


-  INDICATES NEGATIVE NUMBERS.
R  INDICATES RECORD WAS SET OR TIED.
MM INDICATES DATA IS MISSING.
T  INDICATES TRACE AMOUNT.




$$
