703
CDUS41 KOKX 191247
CLIEWR


CLIMATE REPORT
NATIONAL WEATHER SERVICE NEW YORK NY
847 AM EDT THU MAY 19 2016


...................................

...THE NEWARK NJ CLIMATE SUMMARY FOR MAY 18 2016...

CLIMATE NORMAL PERIOD 1981 TO 2010
CLIMATE RECORD PERIOD 1929 TO 2016


WEATHER ITEM   OBSERVED TIME   RECORD YEAR NORMAL DEPARTURE LAST
                VALUE   (LST)  VALUE       VALUE  FROM      YEAR
                                                  NORMAL
..................................................................
TEMPERATURE (F)
 YESTERDAY
  MAXIMUM         67    124 PM  90    1986  73     -6       75
                                      1977
                                      1936
  MINIMUM         50    407 AM  43    2003  54     -4       58
                                      1983
                                      1955
  AVERAGE         59                        63     -4       67

PRECIPITATION (IN)
  YESTERDAY        T             2.26 2011   0.13  -0.13     0.00
  MONTH TO DATE    2.07                      2.26  -0.19     0.90
  SINCE MAR 1      4.57                     10.64  -6.07     7.20
  SINCE JAN 1     12.62                     17.06  -4.44    13.68

SNOWFALL (IN)
  YESTERDAY        0.0           0.0  2002   0.0    0.0      0.0
                                      2001
  MONTH TO DATE    0.0                       0.0    0.0      0.0
  SINCE OCT 1     36.4                      28.5    7.9     46.4
  SINCE JUL 1     36.4                      28.5    7.9     46.4
  SNOW DEPTH       0

DEGREE DAYS
 HEATING
  YESTERDAY        6                         4      2        0
  MONTH TO DATE  157                       101     56       31
  SINCE MAR 1   1013                      1186   -173     1194
  SINCE JUL 1   3886                      4821   -935     5097

 COOLING
  YESTERDAY        0                         2     -2        2
  MONTH TO DATE    2                        23    -21       68
  SINCE MAR 1     20                        35    -15       71
  SINCE JAN 1     20                        35    -15       71
..................................................................


WIND (MPH)
  HIGHEST WIND SPEED    15   HIGHEST WIND DIRECTION    SE (150)
  HIGHEST GUST SPEED    23   HIGHEST GUST DIRECTION    NE (30)
  AVERAGE WIND SPEED     7.1


SKY COVER
  AVERAGE SKY COVER 0.8


WEATHER CONDITIONS
 THE FOLLOWING WEATHER WAS RECORDED YESTERDAY.
  LIGHT RAIN


RELATIVE HUMIDITY (PERCENT)
 HIGHEST    89          1200 AM
 LOWEST     32          1200 PM
 AVERAGE    61

..........................................................


THE NEWARK NJ CLIMATE NORMALS FOR TODAY
                         NORMAL    RECORD    YEAR
 MAXIMUM TEMPERATURE (F)   73        98      1962
 MINIMUM TEMPERATURE (F)   54        39      2002


SUNRISE AND SUNSET
MAY 19 2016...........SUNRISE   536 AM EDT   SUNSET   811 PM EDT
MAY 20 2016...........SUNRISE   535 AM EDT   SUNSET   812 PM EDT


-  INDICATES NEGATIVE NUMBERS.
R  INDICATES RECORD WAS SET OR TIED.
MM INDICATES DATA IS MISSING.
T  INDICATES TRACE AMOUNT.




$$
