000
CDUS41 KOKX 130616
CLIEWR


CLIMATE REPORT
NATIONAL WEATHER SERVICE NEW YORK NY
216 AM EDT SAT SEP 13 2014


...................................

...THE NEWARK NJ CLIMATE SUMMARY FOR SEPTEMBER 12 2014...

CLIMATE NORMAL PERIOD 1981 TO 2010
CLIMATE RECORD PERIOD 1929 TO 2014


WEATHER ITEM   OBSERVED TIME   RECORD YEAR NORMAL DEPARTURE LAST
                VALUE   (LST)  VALUE       VALUE  FROM      YEAR
                                                  NORMAL
..................................................................
TEMPERATURE (F)
 YESTERDAY
  MAXIMUM         80    301 PM  95    1961  78      2       87
  MINIMUM         61   1159 PM  47    1958  61      0       70
  AVERAGE         71                        70      1       79

PRECIPITATION (IN)
  YESTERDAY        0.00          4.12 1971   0.12  -0.12     0.54
  MONTH TO DATE    0.36                      1.38  -1.02     0.68
  SINCE SEP 1      0.36                      1.38  -1.02     0.68
  SINCE JAN 1     34.98                     32.75   2.23    33.98

SNOWFALL (IN)
  YESTERDAY        0.0           0.0  2002   0.0    0.0      0.0
                                      2001
  MONTH TO DATE    0.0                       0.0    0.0      0.0
  SINCE OCT 1     61.1                      28.5   32.6     29.5
  SINCE JUL 1      0.0                       0.0    0.0      0.0
  SNOW DEPTH       0

DEGREE DAYS
 HEATING
  YESTERDAY        0                         1     -1        0
  MONTH TO DATE    0                         3     -3        3
  SINCE SEP 1      0                         3     -3        3
  SINCE JUL 1      0                         4     -4        3

 COOLING
  YESTERDAY        6                         5      1       14
  MONTH TO DATE  136                        82     54      110
  SINCE SEP 1    136                        82     54      110
  SINCE JAN 1   1121                      1116      5     1281
..................................................................


WIND (MPH)
  HIGHEST WIND SPEED    18   HIGHEST WIND DIRECTION     N (20)
  HIGHEST GUST SPEED    23   HIGHEST GUST DIRECTION     N (360)
  AVERAGE WIND SPEED    10.2


SKY COVER
  AVERAGE SKY COVER 0.5


WEATHER CONDITIONS
 THE FOLLOWING WEATHER WAS RECORDED YESTERDAY.
  NO SIGNIFICANT WEATHER WAS OBSERVED.


RELATIVE HUMIDITY (PERCENT)
 HIGHEST    72           600 AM
 LOWEST     35           200 PM
 AVERAGE    54

..........................................................


THE NEWARK NJ CLIMATE NORMALS FOR TODAY
                         NORMAL    RECORD    YEAR
 MAXIMUM TEMPERATURE (F)   78        94      2005
                                             1952
 MINIMUM TEMPERATURE (F)   61        49      1985
                                             1963
                                             1958


SUNRISE AND SUNSET
SEPTEMBER 13 2014.....SUNRISE   635 AM EDT   SUNSET   709 PM EDT
SEPTEMBER 14 2014.....SUNRISE   636 AM EDT   SUNSET   707 PM EDT


-  INDICATES NEGATIVE NUMBERS.
R  INDICATES RECORD WAS SET OR TIED.
MM INDICATES DATA IS MISSING.
T  INDICATES TRACE AMOUNT.




$$
