000
CDUS41 KOKX 120618
CLIEWR


CLIMATE REPORT
NATIONAL WEATHER SERVICE NEW YORK NY
217 AM EDT SAT APR 12 2014


...................................

...THE NEWARK NJ CLIMATE SUMMARY FOR APRIL 11 2014...

CLIMATE NORMAL PERIOD 1981 TO 2010
CLIMATE RECORD PERIOD 1929 TO 2014


WEATHER ITEM   OBSERVED TIME   RECORD YEAR NORMAL DEPARTURE LAST
                VALUE   (LST)  VALUE       VALUE  FROM      YEAR
                                                  NORMAL
..................................................................
TEMPERATURE (F)
 YESTERDAY
  MAXIMUM         77    207 PM  87    2011  60     17       61
  MINIMUM         52    429 AM  29    1976  42     10       48
                                      1938
  AVERAGE         65                        51     14       55

PRECIPITATION (IN)
  YESTERDAY        T             0.78 1934   0.15  -0.15      T
  MONTH TO DATE    1.17                      1.62  -0.45     0.47
  SINCE MAR 1      4.82                      5.80  -0.98     3.47
  SINCE JAN 1     12.54                     12.22   0.32     9.81

SNOWFALL (IN)
  YESTERDAY        0.0           T    1986   0.0    0.0      0.0
  MONTH TO DATE    0.0                       0.5   -0.5      0.0
  SINCE OCT 1     60.7                      28.1   32.6     29.5
  SINCE JUL 1     60.7                      28.1   32.6     29.5
  SNOW DEPTH       0

DEGREE DAYS
 HEATING
  YESTERDAY        0                        14    -14       10
  MONTH TO DATE  151                       173    -22      149
  SINCE MAR 1    985                       882    103      908
  SINCE JUL 1   4860                      4517    343     4288

 COOLING
  YESTERDAY        0                         0      0        0
  MONTH TO DATE    0                         0      0        3
  SINCE MAR 1      0                         1     -1        3
  SINCE JAN 1      0                         1     -1        3
..................................................................


WIND (MPH)
  HIGHEST WIND SPEED    21   HIGHEST WIND DIRECTION    NW (320)
  HIGHEST GUST SPEED    36   HIGHEST GUST DIRECTION     W (280)
  AVERAGE WIND SPEED     9.7


SKY COVER
  AVERAGE SKY COVER 0.9


WEATHER CONDITIONS
 THE FOLLOWING WEATHER WAS RECORDED YESTERDAY.
  LIGHT RAIN


RELATIVE HUMIDITY (PERCENT)
 HIGHEST    65           900 PM
 LOWEST     27           400 PM
 AVERAGE    46

..........................................................


THE NEWARK NJ CLIMATE NORMALS FOR TODAY
                         NORMAL    RECORD    YEAR
 MAXIMUM TEMPERATURE (F)   61        90      1977
 MINIMUM TEMPERATURE (F)   43        27      1976
                                             1940


SUNRISE AND SUNSET
APRIL 12 2014.........SUNRISE   623 AM EDT   SUNSET   733 PM EDT
APRIL 13 2014.........SUNRISE   621 AM EDT   SUNSET   734 PM EDT


-  INDICATES NEGATIVE NUMBERS.
R  INDICATES RECORD WAS SET OR TIED.
MM INDICATES DATA IS MISSING.
T  INDICATES TRACE AMOUNT.




$$
