000
CDUS41 KOKX 032031
CLIEWR


CLIMATE REPORT
NATIONAL WEATHER SERVICE NEW YORK NY
430 PM EDT THU APR 3 2014


...................................

...THE NEWARK NJ CLIMATE SUMMARY FOR APRIL 3 2014...
VALID TODAY AS OF 0400 PM LOCAL TIME.

CLIMATE NORMAL PERIOD 1981 TO 2010
CLIMATE RECORD PERIOD 1929 TO 2014


WEATHER ITEM   OBSERVED TIME   RECORD YEAR NORMAL DEPARTURE LAST
                VALUE   (LST)  VALUE       VALUE  FROM      YEAR
                                                  NORMAL
..................................................................
TEMPERATURE (F)
 TODAY
  MAXIMUM         64    255 PM  81    1967  57      7       49
  MINIMUM         42   1226 AM  24    1954  39      3       31
  AVERAGE         53                        48      5       40

PRECIPITATION (IN)
  TODAY            0.00          2.07 1983   0.15  -0.15     0.00
  MONTH TO DATE    0.02                      0.45  -0.43      T
  SINCE MAR 1      3.67                      4.63  -0.96     3.00
  SINCE JAN 1     11.39                     11.05   0.34     9.34

SNOWFALL (IN)
  TODAY            0.0           T    1978   0.1   -0.1      0.0
  MONTH TO DATE    0.0                       0.2   -0.2      0.0
  SINCE OCT 1     60.7                      27.8   32.9     29.5
  SINCE JUL 1     60.7                      27.8   32.9     29.5
  SNOW DEPTH       0

DEGREE DAYS
 HEATING
  TODAY           12                        17     -5       25
  MONTH TO DATE   46                        52     -6       65
  SINCE MAR 1    880                       761    119      824
  SINCE JUL 1   4755                      4396    359     4204

 COOLING
  TODAY            0                         0      0        0
  MONTH TO DATE    0                         0      0        0
  SINCE MAR 1      0                         1     -1        0
  SINCE JAN 1      0                         1     -1        0
..................................................................


WIND (MPH)
  HIGHEST WIND SPEED    13   HIGHEST WIND DIRECTION     E (110)
  HIGHEST GUST SPEED    17   HIGHEST GUST DIRECTION    NW (320)
  AVERAGE WIND SPEED     5.2


SKY COVER
  AVERAGE SKY COVER 0.8


WEATHER CONDITIONS
 THE FOLLOWING WEATHER WAS RECORDED TODAY.
  FOG


RELATIVE HUMIDITY (PERCENT)
 HIGHEST    96           100 AM
 LOWEST     21           200 PM
 AVERAGE    59

..........................................................


THE NEWARK NJ CLIMATE NORMALS FOR TOMORROW
                         NORMAL    RECORD    YEAR
 MAXIMUM TEMPERATURE (F)   58        82      1950
 MINIMUM TEMPERATURE (F)   40        23      1954


SUNRISE AND SUNSET
APRIL  3 2014.........SUNRISE   637 AM EDT   SUNSET   723 PM EDT
APRIL  4 2014.........SUNRISE   635 AM EDT   SUNSET   725 PM EDT


-  INDICATES NEGATIVE NUMBERS.
R  INDICATES RECORD WAS SET OR TIED.
MM INDICATES DATA IS MISSING.
T  INDICATES TRACE AMOUNT.




$$
