740
CDUS41 KOKX 130620
CLIEWR


CLIMATE REPORT
NATIONAL WEATHER SERVICE NEW YORK NY
120 AM EST SAT JAN 13 2018


...................................

...THE NEWARK NJ CLIMATE SUMMARY FOR JANUARY 12 2018...

CLIMATE NORMAL PERIOD 1981 TO 2010
CLIMATE RECORD PERIOD 1929 TO 2018


WEATHER ITEM   OBSERVED TIME   RECORD YEAR NORMAL DEPARTURE LAST
                VALUE   (LST)  VALUE       VALUE  FROM      YEAR
                                                  NORMAL
..................................................................
TEMPERATURE (F)
 YESTERDAY
  MAXIMUM         64    504 PM  67    2017  39     25       67
  MINIMUM         42    214 AM  -1    1981  24     18       46
  AVERAGE         53                        31     22       57

PRECIPITATION (IN)
  YESTERDAY        0.55          1.35 2012   0.12   0.43     0.09
  MONTH TO DATE    1.26                      1.42  -0.16     1.76
  SINCE DEC 1      2.90                      5.23  -2.33     4.67
  SINCE JAN 1      1.26                      1.42  -0.16     1.76

SNOWFALL (IN)
  YESTERDAY        0.0           6.4  2011   0.3   -0.3     MM
  MONTH TO DATE    8.4                       3.0    5.4      7.4
  SINCE OCT 1     16.1                       8.8    7.3     10.8
  SINCE JUL 1     16.1                       8.8    7.3     10.8
  SNOW DEPTH       0

DEGREE DAYS
 HEATING
  YESTERDAY       12                        34    -22        8
  MONTH TO DATE  481                       398     83      359
  SINCE DEC 1   1416                      1280    136     1199
  SINCE JUL 1   2101                      2148    -47     1882

 COOLING
  YESTERDAY        0                         0      0        0
  MONTH TO DATE    0                         0      0        0
  SINCE DEC 1      0                         0      0        0
  SINCE JAN 1      0                         0      0        0
..................................................................


WIND (MPH)
  HIGHEST WIND SPEED    22   HIGHEST WIND DIRECTION     S (180)
  HIGHEST GUST SPEED    28   HIGHEST GUST DIRECTION     S (190)
  AVERAGE WIND SPEED     8.4


SKY COVER
  AVERAGE SKY COVER 1.0


WEATHER CONDITIONS
 THE FOLLOWING WEATHER WAS RECORDED YESTERDAY.
  HEAVY RAIN
  RAIN
  LIGHT RAIN
  FOG
  FOG W/VISIBILITY <= 1/4 MILE


RELATIVE HUMIDITY (PERCENT)
 HIGHEST   100           400 AM
 LOWEST     90           900 AM
 AVERAGE    95

..........................................................


THE NEWARK NJ CLIMATE NORMALS FOR TODAY
                         NORMAL    RECORD    YEAR
 MAXIMUM TEMPERATURE (F)   38        70      1932
 MINIMUM TEMPERATURE (F)   24         0      1981


SUNRISE AND SUNSET
JANUARY 13 2018.......SUNRISE   719 AM EST   SUNSET   452 PM EST
JANUARY 14 2018.......SUNRISE   719 AM EST   SUNSET   453 PM EST


-  INDICATES NEGATIVE NUMBERS.
R  INDICATES RECORD WAS SET OR TIED.
MM INDICATES DATA IS MISSING.
T  INDICATES TRACE AMOUNT.




$$
