000
CDUS41 KOKX 062130
CLIEWR


CLIMATE REPORT
NATIONAL WEATHER SERVICE NEW YORK NY
430 PM EST MON NOV 6 2017


...................................

...THE NEWARK NJ CLIMATE SUMMARY FOR NOVEMBER 6 2017...
VALID TODAY AS OF 0400 PM LOCAL TIME.

CLIMATE NORMAL PERIOD 1981 TO 2010
CLIMATE RECORD PERIOD 1929 TO 2017


WEATHER ITEM   OBSERVED TIME   RECORD YEAR NORMAL DEPARTURE LAST
                VALUE   (LST)  VALUE       VALUE  FROM      YEAR
                                                  NORMAL
..................................................................
TEMPERATURE (F)
 TODAY
  MAXIMUM         67    359 PM  80    1948  58      9       60
  MINIMUM         60    246 AM  27    2012  42     18       43
  AVERAGE         64                        50     14       52

PRECIPITATION (IN)
  TODAY            T             0.97 1963   0.12  -0.12     0.00
  MONTH TO DATE    0.05                      0.71  -0.66      T
  SINCE SEP 1      6.71                      8.13  -1.42     5.17
  SINCE JAN 1     44.39                     39.50   4.89    28.98

SNOWFALL (IN)
  TODAY            0.0           2.4  1953   0.0    0.0      0.0
  MONTH TO DATE    0.0                       0.0    0.0      0.0
  SINCE OCT 1      0.0                       0.0    0.0      0.0
  SINCE JUL 1      0.0                       0.0    0.0      0.0
  SNOW DEPTH       0

DEGREE DAYS
 HEATING
  TODAY            1                        15    -14       13
  MONTH TO DATE   41                        86    -45       54
  SINCE SEP 1    168                       406   -238      285
  SINCE JUL 1    168                       407   -239      285

 COOLING
  TODAY            0                         0      0        0
  MONTH TO DATE    0                         0      0        1
  SINCE SEP 1    288                       157    131      261
  SINCE JAN 1   1316                      1191    125     1571
..................................................................


WIND (MPH)
  HIGHEST WIND SPEED    17   HIGHEST WIND DIRECTION    SW (230)
  HIGHEST GUST SPEED    24   HIGHEST GUST DIRECTION    SW (220)
  AVERAGE WIND SPEED    11.0


SKY COVER
  AVERAGE SKY COVER 1.0


WEATHER CONDITIONS
 THE FOLLOWING WEATHER WAS RECORDED TODAY.
  LIGHT RAIN
  FOG


RELATIVE HUMIDITY (PERCENT)
 HIGHEST    97          1200 AM
 LOWEST     73           200 PM
 AVERAGE    85

..........................................................


THE NEWARK NJ CLIMATE NORMALS FOR TOMORROW
                         NORMAL    RECORD    YEAR
 MAXIMUM TEMPERATURE (F)   58        78      1938
 MINIMUM TEMPERATURE (F)   42        28      1931


SUNRISE AND SUNSET
NOVEMBER  6 2017......SUNRISE   633 AM EST   SUNSET   447 PM EST
NOVEMBER  7 2017......SUNRISE   634 AM EST   SUNSET   446 PM EST


-  INDICATES NEGATIVE NUMBERS.
R  INDICATES RECORD WAS SET OR TIED.
MM INDICATES DATA IS MISSING.
T  INDICATES TRACE AMOUNT.




$$
