000
CDUS41 KOKX 060623
CLIEWR


CLIMATE REPORT
NATIONAL WEATHER SERVICE NEW YORK NY
222 AM EDT SUN JUL 6 2014


...................................

...THE NEWARK NJ CLIMATE SUMMARY FOR JULY 5 2014...

CLIMATE NORMAL PERIOD 1981 TO 2010
CLIMATE RECORD PERIOD 1929 TO 2014


WEATHER ITEM   OBSERVED TIME   RECORD YEAR NORMAL DEPARTURE LAST
                VALUE   (LST)  VALUE       VALUE  FROM      YEAR
                                                  NORMAL
..................................................................
TEMPERATURE (F)
 YESTERDAY
  MAXIMUM         84    520 PM 103    1999  86     -2       93
  MINIMUM         62    458 AM  54    1979  68     -6       75
  AVERAGE         73                        77     -4       84

PRECIPITATION (IN)
  YESTERDAY        0.00          2.45 1989   0.13  -0.13     0.00
  MONTH TO DATE    2.60                      0.64   1.96     2.04
  SINCE JUN 1      7.01                      4.66   2.35    10.78
  SINCE JAN 1     30.36                     23.55   6.81    27.03

SNOWFALL (IN)
  YESTERDAY        0.0           0.0  2002   0.0    0.0      0.0
                                      2001
  MONTH TO DATE    0.0                       0.0    0.0      0.0
  SINCE OCT 1     61.1                      28.5   32.6     29.5
  SINCE JUL 1      0.0                       0.0    0.0      0.0
  SNOW DEPTH       0

DEGREE DAYS
 HEATING
  YESTERDAY        0                         0      0        0
  MONTH TO DATE    0                         0      0        0
  SINCE JUN 1      0                        17    -17        8
  SINCE JUL 1      0                         0      0        0

 COOLING
  YESTERDAY        8                        12     -4       19
  MONTH TO DATE   66                        59      7       80
  SINCE JUN 1    312                       298     14      345
  SINCE JAN 1    374                       374      0      445
..................................................................


WIND (MPH)
  HIGHEST WIND SPEED    24   HIGHEST WIND DIRECTION    NW (310)
  HIGHEST GUST SPEED    26   HIGHEST GUST DIRECTION     W (270)
  AVERAGE WIND SPEED    11.7


SKY COVER
  AVERAGE SKY COVER 0.2


WEATHER CONDITIONS
 THE FOLLOWING WEATHER WAS RECORDED YESTERDAY.
  NO SIGNIFICANT WEATHER WAS OBSERVED.


RELATIVE HUMIDITY (PERCENT)
 HIGHEST    60           400 AM
 LOWEST     28           400 PM
 AVERAGE    44

..........................................................


THE NEWARK NJ CLIMATE NORMALS FOR TODAY
                         NORMAL    RECORD    YEAR
 MAXIMUM TEMPERATURE (F)   86       103      2010
 MINIMUM TEMPERATURE (F)   68        54      1979


SUNRISE AND SUNSET
JULY  6 2014..........SUNRISE   532 AM EDT   SUNSET   831 PM EDT
JULY  7 2014..........SUNRISE   533 AM EDT   SUNSET   830 PM EDT


-  INDICATES NEGATIVE NUMBERS.
R  INDICATES RECORD WAS SET OR TIED.
MM INDICATES DATA IS MISSING.
T  INDICATES TRACE AMOUNT.




$$
