000
CDUS41 KOKX 082141
CLIEWR


CLIMATE REPORT
NATIONAL WEATHER SERVICE NEW YORK NY
441 PM EST SUN JAN 8 2017


...................................

...THE NEWARK NJ CLIMATE SUMMARY FOR JANUARY 8 2017...
VALID TODAY AS OF 0400 PM LOCAL TIME.

CLIMATE NORMAL PERIOD 1981 TO 2010
CLIMATE RECORD PERIOD 1929 TO 2017


WEATHER ITEM   OBSERVED TIME   RECORD YEAR NORMAL DEPARTURE LAST
                VALUE   (LST)  VALUE       VALUE  FROM      YEAR
                                                  NORMAL
..................................................................
TEMPERATURE (F)
 TODAY
  MAXIMUM         26    311 PM  70    1998  39    -13       45
  MINIMUM         15    755 AM   3    1970  25    -10       31
                                      1968
  AVERAGE         21                        32    -11       38

PRECIPITATION (IN)
  TODAY            0.00          1.26 2007   0.11  -0.11     0.00
  MONTH TO DATE    1.10                      0.94   0.16     0.00
  SINCE DEC 1      4.01                      4.75  -0.74     4.40
  SINCE JAN 1      1.10                      0.94   0.16     0.00

SNOWFALL (IN)
  TODAY            0.0           9.8  1996   0.2   -0.2      0.0
  MONTH TO DATE    7.4                       1.9    5.5      0.0
  SINCE OCT 1     10.8                       7.7    3.1      0.3
  SINCE JUL 1     10.8                       7.7    3.1      0.3
  SNOW DEPTH       5

DEGREE DAYS
 HEATING
  TODAY           44                        33     11       27
  MONTH TO DATE  251                       263    -12      259
  SINCE DEC 1   1091                      1145    -54      724
  SINCE JUL 1   1774                      2013   -239     1356

 COOLING
  TODAY            0                         0      0        0
  MONTH TO DATE    0                         0      0        0
  SINCE DEC 1      0                         0      0        0
  SINCE JAN 1      0                         0      0        0
..................................................................


WIND (MPH)
  HIGHEST WIND SPEED    28   HIGHEST WIND DIRECTION    NW (300)
  HIGHEST GUST SPEED    37   HIGHEST GUST DIRECTION     W (280)
  AVERAGE WIND SPEED    14.8


SKY COVER
  AVERAGE SKY COVER 0.4


WEATHER CONDITIONS
 THE FOLLOWING WEATHER WAS RECORDED TODAY.
  NO SIGNIFICANT WEATHER WAS OBSERVED.


RELATIVE HUMIDITY (PERCENT)
 HIGHEST    62           100 AM
 LOWEST     36           400 PM
 AVERAGE    49

..........................................................


THE NEWARK NJ CLIMATE NORMALS FOR TOMORROW
                         NORMAL    RECORD    YEAR
 MAXIMUM TEMPERATURE (F)   39        67      1998
 MINIMUM TEMPERATURE (F)   25         1      1968


SUNRISE AND SUNSET
JANUARY  8 2017.......SUNRISE   720 AM EST   SUNSET   447 PM EST
JANUARY  9 2017.......SUNRISE   720 AM EST   SUNSET   448 PM EST


-  INDICATES NEGATIVE NUMBERS.
R  INDICATES RECORD WAS SET OR TIED.
MM INDICATES DATA IS MISSING.
T  INDICATES TRACE AMOUNT.




$$
