000
CDUS41 KOKX 212030
CLIEWR


CLIMATE REPORT
NATIONAL WEATHER SERVICE NEW YORK NY
430 PM EDT THU AUG 21 2014


...................................

...THE NEWARK NJ CLIMATE SUMMARY FOR AUGUST 21 2014...
VALID TODAY AS OF 0400 PM LOCAL TIME.

CLIMATE NORMAL PERIOD 1981 TO 2010
CLIMATE RECORD PERIOD 1929 TO 2014


WEATHER ITEM   OBSERVED TIME   RECORD YEAR NORMAL DEPARTURE LAST
                VALUE   (LST)  VALUE       VALUE  FROM      YEAR
                                                  NORMAL
..................................................................
TEMPERATURE (F)
 TODAY
  MAXIMUM         80    151 PM  97    2005  84     -4       91
                                      1955
  MINIMUM         66    443 AM  53    1949  67     -1       68
                                      1940
  AVERAGE         73                        75     -2       80

PRECIPITATION (IN)
  TODAY            0.03          1.93 1933   0.11  -0.08     0.00
  MONTH TO DATE    1.20                      2.70  -1.50     2.80
  SINCE JUN 1     10.71                     11.48  -0.77    15.28
  SINCE JAN 1     34.06                     30.37   3.69    31.53

SNOWFALL (IN)
  TODAY            0.0           0.0  2002   0.0    0.0      0.0
                                      2001
  MONTH TO DATE    0.0                       0.0    0.0      0.0
  SINCE OCT 1     61.1                      28.5   32.6     29.5
  SINCE JUL 1      0.0                       0.0    0.0      0.0
  SNOW DEPTH       0

DEGREE DAYS
 HEATING
  TODAY            0                         0      0        0
  MONTH TO DATE    0                         0      0        0
  SINCE JUN 1      0                        17    -17        8
  SINCE JUL 1      0                         0      0        0

 COOLING
  TODAY            8                        10     -2       15
  MONTH TO DATE  207                       241    -34      192
  SINCE JUN 1    834                       863    -29      956
  SINCE JAN 1    896                       939    -43     1056
..................................................................


WIND (MPH)
  HIGHEST WIND SPEED    16   HIGHEST WIND DIRECTION    SE (130)
  HIGHEST GUST SPEED    22   HIGHEST GUST DIRECTION    SE (140)
  AVERAGE WIND SPEED     6.2


SKY COVER
  AVERAGE SKY COVER 0.8


WEATHER CONDITIONS
 THE FOLLOWING WEATHER WAS RECORDED TODAY.
  LIGHT RAIN


RELATIVE HUMIDITY (PERCENT)
 HIGHEST    87           500 AM
 LOWEST     52          1000 AM
 AVERAGE    70

..........................................................


THE NEWARK NJ CLIMATE NORMALS FOR TOMORROW
                         NORMAL    RECORD    YEAR
 MAXIMUM TEMPERATURE (F)   84        94      1983
                                             1964
 MINIMUM TEMPERATURE (F)   67        51      1982


SUNRISE AND SUNSET
AUGUST 21 2014........SUNRISE   613 AM EDT   SUNSET   746 PM EDT
AUGUST 22 2014........SUNRISE   614 AM EDT   SUNSET   745 PM EDT


-  INDICATES NEGATIVE NUMBERS.
R  INDICATES RECORD WAS SET OR TIED.
MM INDICATES DATA IS MISSING.
T  INDICATES TRACE AMOUNT.




$$
