000
CDUS41 KOKX 110616
CLIEWR


CLIMATE REPORT
NATIONAL WEATHER SERVICE NEW YORK NY
216 AM EDT FRI APR 11 2014


...................................

...THE NEWARK NJ CLIMATE SUMMARY FOR APRIL 10 2014...

CLIMATE NORMAL PERIOD 1981 TO 2010
CLIMATE RECORD PERIOD 1929 TO 2014


WEATHER ITEM   OBSERVED TIME   RECORD YEAR NORMAL DEPARTURE LAST
                VALUE   (LST)  VALUE       VALUE  FROM      YEAR
                                                  NORMAL
..................................................................
TEMPERATURE (F)
 YESTERDAY
  MAXIMUM         64   1237 PM  82    1955  60      4       74
  MINIMUM         38    546 AM  28    1997  42     -4       55
  AVERAGE         51                        51      0       65

PRECIPITATION (IN)
  YESTERDAY        0.00          2.57 1983   0.15  -0.15     0.46
  MONTH TO DATE    1.17                      1.47  -0.30     0.47
  SINCE MAR 1      4.82                      5.65  -0.83     3.47
  SINCE JAN 1     12.54                     12.07   0.47     9.81

SNOWFALL (IN)
  YESTERDAY        0.0           0.3  1974   0.0    0.0      0.0
  MONTH TO DATE    0.0                       0.5   -0.5      0.0
  SINCE OCT 1     60.7                      28.1   32.6     29.5
  SINCE JUL 1     60.7                      28.1   32.6     29.5
  SNOW DEPTH       0

DEGREE DAYS
 HEATING
  YESTERDAY       14                        14      0        0
  MONTH TO DATE  151                       159     -8      139
  SINCE MAR 1    985                       868    117      898
  SINCE JUL 1   4860                      4503    357     4278

 COOLING
  YESTERDAY        0                         0      0        0
  MONTH TO DATE    0                         0      0        3
  SINCE MAR 1      0                         1     -1        3
  SINCE JAN 1      0                         1     -1        3
..................................................................


WIND (MPH)
  HIGHEST WIND SPEED    18   HIGHEST WIND DIRECTION    SE (140)
  HIGHEST GUST SPEED    30   HIGHEST GUST DIRECTION     W (260)
  AVERAGE WIND SPEED     9.2


SKY COVER
  AVERAGE SKY COVER 0.3


WEATHER CONDITIONS
 THE FOLLOWING WEATHER WAS RECORDED YESTERDAY.
  NO SIGNIFICANT WEATHER WAS OBSERVED.


RELATIVE HUMIDITY (PERCENT)
 HIGHEST    47           700 PM
 LOWEST     24          1000 AM
 AVERAGE    36

..........................................................


THE NEWARK NJ CLIMATE NORMALS FOR TODAY
                         NORMAL    RECORD    YEAR
 MAXIMUM TEMPERATURE (F)   60        87      2011
 MINIMUM TEMPERATURE (F)   42        29      1976
                                             1938


SUNRISE AND SUNSET
APRIL 11 2014.........SUNRISE   624 AM EDT   SUNSET   732 PM EDT
APRIL 12 2014.........SUNRISE   623 AM EDT   SUNSET   733 PM EDT


-  INDICATES NEGATIVE NUMBERS.
R  INDICATES RECORD WAS SET OR TIED.
MM INDICATES DATA IS MISSING.
T  INDICATES TRACE AMOUNT.




$$
