000
CDUS41 KOKX 050619
CLIEWR


CLIMATE REPORT
NATIONAL WEATHER SERVICE NEW YORK NY
119 AM EST TUE DEC 5 2017


...................................

...THE NEWARK NJ CLIMATE SUMMARY FOR DECEMBER 4 2017...

CLIMATE NORMAL PERIOD 1981 TO 2010
CLIMATE RECORD PERIOD 1929 TO 2017


WEATHER ITEM   OBSERVED TIME   RECORD YEAR NORMAL DEPARTURE LAST
                VALUE   (LST)  VALUE       VALUE  FROM      YEAR
                                                  NORMAL
..................................................................
TEMPERATURE (F)
 YESTERDAY
  MAXIMUM         52    139 PM  75    1998  47      5       48
  MINIMUM         32    737 AM   9    1940  33     -1       39
  AVERAGE         42                        40      2       44

PRECIPITATION (IN)
  YESTERDAY        0.00          1.90 1968   0.13  -0.13     0.00
  MONTH TO DATE    0.00                      0.53  -0.53     0.11
  SINCE DEC 1      0.00                      0.53  -0.53     0.11
  SINCE JAN 1     45.85                     42.97   2.88    35.61

SNOWFALL (IN)
  YESTERDAY        0.0          12.4  1957   0.1   -0.1      0.0
  MONTH TO DATE    0.0                       0.4   -0.4      0.0
  SINCE OCT 1      T                         0.8   -0.8       T
  SINCE JUL 1      T                         0.8   -0.8       T
  SNOW DEPTH       0

DEGREE DAYS
 HEATING
  YESTERDAY       23                        25     -2       21
  MONTH TO DATE   89                        97     -8       76
  SINCE DEC 1     89                        97     -8       76
  SINCE JUL 1    774                       965   -191      759

 COOLING
  YESTERDAY        0                         0      0        0
  MONTH TO DATE    0                         0      0        0
  SINCE DEC 1      0                         0      0        0
  SINCE JAN 1   1316                      1192    124     1571
..................................................................


WIND (MPH)
  HIGHEST WIND SPEED     9   HIGHEST WIND DIRECTION    SE (150)
  HIGHEST GUST SPEED    15   HIGHEST GUST DIRECTION     S (170)
  AVERAGE WIND SPEED     4.9


SKY COVER
  AVERAGE SKY COVER 0.5


WEATHER CONDITIONS
 THE FOLLOWING WEATHER WAS RECORDED YESTERDAY.
  FOG
  FOG W/VISIBILITY <= 1/4 MILE
  HAZE


RELATIVE HUMIDITY (PERCENT)
 HIGHEST   100           400 AM
 LOWEST     54           200 PM
 AVERAGE    77

..........................................................


THE NEWARK NJ CLIMATE NORMALS FOR TODAY
                         NORMAL    RECORD    YEAR
 MAXIMUM TEMPERATURE (F)   47        72      2001
 MINIMUM TEMPERATURE (F)   33        15      1935


SUNRISE AND SUNSET
DECEMBER  5 2017......SUNRISE   705 AM EST   SUNSET   429 PM EST
DECEMBER  6 2017......SUNRISE   706 AM EST   SUNSET   429 PM EST


-  INDICATES NEGATIVE NUMBERS.
R  INDICATES RECORD WAS SET OR TIED.
MM INDICATES DATA IS MISSING.
T  INDICATES TRACE AMOUNT.




$$
