126
CDUS41 KOKX 190619
CLIEWR


CLIMATE REPORT
NATIONAL WEATHER SERVICE NEW YORK NY
119 AM EST SUN FEB 19 2017


...................................

...THE NEWARK NJ CLIMATE SUMMARY FOR FEBRUARY 18 2017...

CLIMATE NORMAL PERIOD 1981 TO 2010
CLIMATE RECORD PERIOD 1929 TO 2017


WEATHER ITEM   OBSERVED TIME   RECORD YEAR NORMAL DEPARTURE LAST
                VALUE   (LST)  VALUE       VALUE  FROM      YEAR
                                                  NORMAL
..................................................................
TEMPERATURE (F)
 YESTERDAY
  MAXIMUM         66    319 PM  71    2011  43     23       38
  MINIMUM         30    703 AM  -1    1979  27      3       27
  AVERAGE         48                        35     13       33

PRECIPITATION (IN)
  YESTERDAY        0.00          1.23 1956   0.11  -0.11     0.00
  MONTH TO DATE    1.55                      1.81  -0.26     2.59
  SINCE DEC 1      9.11                      9.16  -0.05    11.00
  SINCE JAN 1      6.20                      5.35   0.85     6.60

SNOWFALL (IN)
  YESTERDAY        0.0           3.1  2000   0.4   -0.4      0.0
  MONTH TO DATE    7.9                       6.2    1.7      5.2
  SINCE OCT 1     20.6                      19.9    0.7     31.2
  SINCE JUL 1     20.6                      19.9    0.7     31.2
  SNOW DEPTH       0

DEGREE DAYS
 HEATING
  YESTERDAY       17                        30    -13       32
  MONTH TO DATE  505                       565    -60      564
  SINCE DEC 1   2178                      2481   -303     2005
  SINCE JUL 1   2861                      3349   -488     2637

 COOLING
  YESTERDAY        0                         0      0        0
  MONTH TO DATE    0                         0      0        0
  SINCE DEC 1      0                         0      0        0
  SINCE JAN 1      0                         0      0        0
..................................................................


WIND (MPH)
  HIGHEST WIND SPEED    21   HIGHEST WIND DIRECTION    SW (230)
  HIGHEST GUST SPEED    25   HIGHEST GUST DIRECTION    SW (240)
  AVERAGE WIND SPEED     7.7


SKY COVER
  AVERAGE SKY COVER 0.5


WEATHER CONDITIONS
 THE FOLLOWING WEATHER WAS RECORDED YESTERDAY.
  NO SIGNIFICANT WEATHER WAS OBSERVED.


RELATIVE HUMIDITY (PERCENT)
 HIGHEST    69           500 AM
 LOWEST     30           200 PM
 AVERAGE    50

..........................................................


THE NEWARK NJ CLIMATE NORMALS FOR TODAY
                         NORMAL    RECORD    YEAR
 MAXIMUM TEMPERATURE (F)   43        66      1997
 MINIMUM TEMPERATURE (F)   28         1      1936


SUNRISE AND SUNSET
FEBRUARY 19 2017......SUNRISE   645 AM EST   SUNSET   537 PM EST
FEBRUARY 20 2017......SUNRISE   643 AM EST   SUNSET   538 PM EST


-  INDICATES NEGATIVE NUMBERS.
R  INDICATES RECORD WAS SET OR TIED.
MM INDICATES DATA IS MISSING.
T  INDICATES TRACE AMOUNT.




$$
