000
CDUS41 KOKX 230624
CLIEWR


CLIMATE REPORT
NATIONAL WEATHER SERVICE NEW YORK NY
124 AM EST MON FEB 23 2015


...................................

...THE NEWARK NJ CLIMATE SUMMARY FOR FEBRUARY 22 2015...

CLIMATE NORMAL PERIOD 1981 TO 2010
CLIMATE RECORD PERIOD 1929 TO 2015


WEATHER ITEM   OBSERVED TIME   RECORD YEAR NORMAL DEPARTURE LAST
                VALUE   (LST)  VALUE       VALUE  FROM      YEAR
                                                  NORMAL
..................................................................
TEMPERATURE (F)
 YESTERDAY
  MAXIMUM         42    353 PM  70    1997  44     -2       52
  MINIMUM         31    641 AM   8    1963  28      3       31
  AVERAGE         37                        36      1       42

PRECIPITATION (IN)
  YESTERDAY        0.08          1.53 2003   0.10  -0.02     0.00
  MONTH TO DATE    2.06                      2.22  -0.16     4.91
  SINCE DEC 1     11.39                      9.57   1.82    12.31
  SINCE JAN 1      6.48                      5.76   0.72     7.69

SNOWFALL (IN)
  YESTERDAY        0.3           6.8  2008   0.4   -0.1      0.0
  MONTH TO DATE   13.5                       7.6    5.9     30.0
  SINCE OCT 1     30.1                      21.3    8.8     60.2
  SINCE JUL 1     30.1                      21.3    8.8     60.2
  SNOW DEPTH       8

DEGREE DAYS
 HEATING
  YESTERDAY       28                        29     -1       23
  MONTH TO DATE  924                       682    242      763
  SINCE DEC 1   2812                      2598    214     2791
  SINCE JUL 1   3644                      3466    178     3661

 COOLING
  YESTERDAY        0                         0      0        0
  MONTH TO DATE    0                         0      0        0
  SINCE DEC 1      0                         0      0        0
  SINCE JAN 1      0                         0      0        0
..................................................................


WIND (MPH)
  HIGHEST WIND SPEED    10   HIGHEST WIND DIRECTION    SW (240)
  HIGHEST GUST SPEED    13   HIGHEST GUST DIRECTION    SW (240)
  AVERAGE WIND SPEED     3.3


SKY COVER
  AVERAGE SKY COVER 0.9


WEATHER CONDITIONS
 THE FOLLOWING WEATHER WAS RECORDED YESTERDAY.
  LT FREEZING RAIN
  SNOW
  LIGHT SNOW
  SLEET
  FOG


RELATIVE HUMIDITY (PERCENT)
 HIGHEST    92          1200 AM
 LOWEST     65           300 PM
 AVERAGE    79

..........................................................


THE NEWARK NJ CLIMATE NORMALS FOR TODAY
                         NORMAL    RECORD    YEAR
 MAXIMUM TEMPERATURE (F)   44        68      1985
 MINIMUM TEMPERATURE (F)   28        10      1972
                                             1934


SUNRISE AND SUNSET
FEBRUARY 23 2015......SUNRISE   640 AM EST   SUNSET   541 PM EST
FEBRUARY 24 2015......SUNRISE   638 AM EST   SUNSET   542 PM EST


-  INDICATES NEGATIVE NUMBERS.
R  INDICATES RECORD WAS SET OR TIED.
MM INDICATES DATA IS MISSING.
T  INDICATES TRACE AMOUNT.




$$
