000
CDUS41 KOKX 140616
CLIEWR


CLIMATE REPORT
NATIONAL WEATHER SERVICE NEW YORK NY
216 AM EDT TUE OCT 14 2014


...................................

...THE NEWARK NJ CLIMATE SUMMARY FOR OCTOBER 13 2014...

CLIMATE NORMAL PERIOD 1981 TO 2010
CLIMATE RECORD PERIOD 1929 TO 2014


WEATHER ITEM   OBSERVED TIME   RECORD YEAR NORMAL DEPARTURE LAST
                VALUE   (LST)  VALUE       VALUE  FROM      YEAR
                                                  NORMAL
..................................................................
TEMPERATURE (F)
 YESTERDAY
  MAXIMUM         65    331 PM  89    1954  66     -1       66
  MINIMUM         48   1244 AM  34    2012  49     -1       56
  AVERAGE         57                        58     -1       61

PRECIPITATION (IN)
  YESTERDAY        0.04          1.60 2005   0.11  -0.07     0.00
  MONTH TO DATE    1.31                      1.54  -0.23     0.38
  SINCE SEP 1      2.83                      5.36  -2.53     1.92
  SINCE JAN 1     37.45                     36.73   0.72    35.22

SNOWFALL (IN)
  YESTERDAY        0.0           0.0  2002   0.0    0.0      0.0
                                      2001
  MONTH TO DATE    0.0                       0.0    0.0      0.0
  SINCE OCT 1      0.0                       0.0    0.0      0.0
  SINCE JUL 1      0.0                       0.0    0.0      0.0
  SNOW DEPTH       0

DEGREE DAYS
 HEATING
  YESTERDAY        8                         8      0        4
  MONTH TO DATE   69                        82    -13       24
  SINCE SEP 1     88                       126    -38       71
  SINCE JUL 1     88                       127    -39       71

 COOLING
  YESTERDAY        0                         1     -1        0
  MONTH TO DATE    5                        14     -9       44
  SINCE SEP 1    174                       154     20      163
  SINCE JAN 1   1159                      1188    -29     1334
..................................................................


WIND (MPH)
  HIGHEST WIND SPEED    12   HIGHEST WIND DIRECTION     S (190)
  HIGHEST GUST SPEED    16   HIGHEST GUST DIRECTION     S (190)
  AVERAGE WIND SPEED     3.3


SKY COVER
  AVERAGE SKY COVER 0.9


WEATHER CONDITIONS
 THE FOLLOWING WEATHER WAS RECORDED YESTERDAY.
  LIGHT RAIN
  FOG
  HAZE


RELATIVE HUMIDITY (PERCENT)
 HIGHEST    84           500 PM
 LOWEST     63          1200 PM
 AVERAGE    74

..........................................................


THE NEWARK NJ CLIMATE NORMALS FOR TODAY
                         NORMAL    RECORD    YEAR
 MAXIMUM TEMPERATURE (F)   66        85      1975
 MINIMUM TEMPERATURE (F)   48        32      1932


SUNRISE AND SUNSET
OCTOBER 14 2014.......SUNRISE   707 AM EDT   SUNSET   618 PM EDT
OCTOBER 15 2014.......SUNRISE   708 AM EDT   SUNSET   616 PM EDT


-  INDICATES NEGATIVE NUMBERS.
R  INDICATES RECORD WAS SET OR TIED.
MM INDICATES DATA IS MISSING.
T  INDICATES TRACE AMOUNT.




$$
