000
CDUS41 KOKX 100616
CLIEWR


CLIMATE REPORT
NATIONAL WEATHER SERVICE NEW YORK NY
116 AM EST SAT FEB 10 2018


...................................

...THE NEWARK NJ CLIMATE SUMMARY FOR FEBRUARY 9 2018...

CLIMATE NORMAL PERIOD 1981 TO 2010
CLIMATE RECORD PERIOD 1929 TO 2018


WEATHER ITEM   OBSERVED TIME   RECORD YEAR NORMAL DEPARTURE LAST
                VALUE   (LST)  VALUE       VALUE  FROM      YEAR
                                                  NORMAL
..................................................................
TEMPERATURE (F)
 YESTERDAY
  MAXIMUM         36   1159 PM  63    1990  41     -5       43
  MINIMUM         22   1248 AM -14    1934  26     -4       19
  AVERAGE         29                        34     -5       31

PRECIPITATION (IN)
  YESTERDAY        T             1.35 1969   0.10  -0.10     0.81
  MONTH TO DATE    1.91                      0.91   0.00     1.12
  SINCE DEC 1      5.61                      8.26  -2.65     8.68
  SINCE JAN 1      3.97                      4.45  -0.48     5.77

SNOWFALL (IN)
  YESTERDAY        T            13.3  1969   0.3   -0.3      7.8
  MONTH TO DATE    0.6                       3.0   -2.4      7.8
  SINCE OCT 1     18.4                      16.7    1.7     20.5
  SINCE JUL 1     18.4                      16.7    1.7     20.5
  SNOW DEPTH       0

DEGREE DAYS
 HEATING
  YESTERDAY       36                        32      4       34
  MONTH TO DATE  302                       290     12      249
  SINCE DEC 1   2285                      2206     79     1922
  SINCE JUL 1   2970                      3074   -104     2605

 COOLING
  YESTERDAY        0                         0      0        0
  MONTH TO DATE    0                         0      0        0
  SINCE DEC 1      0                         0      0        0
  SINCE JAN 1      0                         0      0        0
..................................................................


WIND (MPH)
  HIGHEST WIND SPEED    13   HIGHEST WIND DIRECTION     S (190)
  HIGHEST GUST SPEED    17   HIGHEST GUST DIRECTION     S (180)
  AVERAGE WIND SPEED     5.6


SKY COVER
  AVERAGE SKY COVER 0.7


WEATHER CONDITIONS
 THE FOLLOWING WEATHER WAS RECORDED YESTERDAY.
  LIGHT SNOW


RELATIVE HUMIDITY (PERCENT)
 HIGHEST    75          1100 PM
 LOWEST     47          1200 PM
 AVERAGE    61

..........................................................


THE NEWARK NJ CLIMATE NORMALS FOR TODAY
                         NORMAL    RECORD    YEAR
 MAXIMUM TEMPERATURE (F)   41        63      1990
 MINIMUM TEMPERATURE (F)   26        -4      1934


SUNRISE AND SUNSET
FEBRUARY 10 2018......SUNRISE   657 AM EST   SUNSET   525 PM EST
FEBRUARY 11 2018......SUNRISE   656 AM EST   SUNSET   527 PM EST


-  INDICATES NEGATIVE NUMBERS.
R  INDICATES RECORD WAS SET OR TIED.
MM INDICATES DATA IS MISSING.
T  INDICATES TRACE AMOUNT.




$$
