971
CDUS41 KOKX 040619
CLIEWR


CLIMATE REPORT
NATIONAL WEATHER SERVICE NEW YORK NY
119 AM EST MON DEC 4 2017


...................................

...THE NEWARK NJ CLIMATE SUMMARY FOR DECEMBER 3 2017...

CLIMATE NORMAL PERIOD 1981 TO 2010
CLIMATE RECORD PERIOD 1929 TO 2017


WEATHER ITEM   OBSERVED TIME   RECORD YEAR NORMAL DEPARTURE LAST
                VALUE   (LST)  VALUE       VALUE  FROM      YEAR
                                                  NORMAL
..................................................................
TEMPERATURE (F)
 YESTERDAY
  MAXIMUM         49    407 PM  70    1998  48      1       50
  MINIMUM         38    150 AM   9    1976  34      4       41
  AVERAGE         44                        41      3       46

PRECIPITATION (IN)
  YESTERDAY        0.00          1.43 1967   0.14  -0.14      T
  MONTH TO DATE    0.00                      0.40  -0.40     0.11
  SINCE DEC 1      0.00                      0.40  -0.40     0.11
  SINCE JAN 1     45.85                     42.84   3.01    35.61

SNOWFALL (IN)
  YESTERDAY        0.0           1.6  1952   0.1   -0.1      0.0
  MONTH TO DATE    0.0                       0.3   -0.3      0.0
  SINCE OCT 1      T                         0.7   -0.7       T
  SINCE JUL 1      T                         0.7   -0.7       T
  SNOW DEPTH       0

DEGREE DAYS
 HEATING
  YESTERDAY       21                        24     -3       19
  MONTH TO DATE   66                        72     -6       55
  SINCE DEC 1     66                        72     -6       55
  SINCE JUL 1    751                       940   -189      738

 COOLING
  YESTERDAY        0                         0      0        0
  MONTH TO DATE    0                         0      0        0
  SINCE DEC 1      0                         0      0        0
  SINCE JAN 1   1316                      1192    124     1571
..................................................................


WIND (MPH)
  HIGHEST WIND SPEED     8   HIGHEST WIND DIRECTION     N (360)
  HIGHEST GUST SPEED    10   HIGHEST GUST DIRECTION     N (360)
  AVERAGE WIND SPEED     4.6


SKY COVER
  AVERAGE SKY COVER 0.8


WEATHER CONDITIONS
 THE FOLLOWING WEATHER WAS RECORDED YESTERDAY.
  NO SIGNIFICANT WEATHER WAS OBSERVED.


RELATIVE HUMIDITY (PERCENT)
 HIGHEST    86           900 PM
 LOWEST     66           100 PM
 AVERAGE    76

..........................................................


THE NEWARK NJ CLIMATE NORMALS FOR TODAY
                         NORMAL    RECORD    YEAR
 MAXIMUM TEMPERATURE (F)   47        75      1998
 MINIMUM TEMPERATURE (F)   33         9      1940


SUNRISE AND SUNSET
DECEMBER  4 2017......SUNRISE   704 AM EST   SUNSET   429 PM EST
DECEMBER  5 2017......SUNRISE   705 AM EST   SUNSET   429 PM EST


-  INDICATES NEGATIVE NUMBERS.
R  INDICATES RECORD WAS SET OR TIED.
MM INDICATES DATA IS MISSING.
T  INDICATES TRACE AMOUNT.




$$
