000
CDUS41 KOKX 150909
CLIEWR


CLIMATE REPORT
NATIONAL WEATHER SERVICE NEW YORK NY
509 AM EDT WED MAR 15 2017


...................................

...THE NEWARK NJ CLIMATE SUMMARY FOR MARCH 14 2017...

CLIMATE NORMAL PERIOD 1981 TO 2010
CLIMATE RECORD PERIOD 1929 TO 2017


WEATHER ITEM   OBSERVED TIME   RECORD YEAR NORMAL DEPARTURE LAST
                VALUE   (LST)  VALUE       VALUE  FROM      YEAR
                                                  NORMAL
..................................................................
TEMPERATURE (F)
 YESTERDAY
  MAXIMUM         32   1219 AM  79    2007  50    -18       52
  MINIMUM         22   1159 PM  17    1932  33    -11       41
  AVERAGE         27                        41    -14       47

PRECIPITATION (IN)
  YESTERDAY        1.15R         1.15 2017   0.13   1.02     0.52
  MONTH TO DATE    1.66                      1.75  -0.09     0.79
  SINCE MAR 1      1.66                      1.75  -0.09     0.79
  SINCE JAN 1      8.40                      8.17   0.23     8.84

SNOWFALL (IN)
  YESTERDAY        7.0 R         7.0  2017   0.2    6.8      0.0
  MONTH TO DATE    9.7                       2.8    6.9      1.4
  SINCE OCT 1     30.3                      25.8    4.5     32.6
  SINCE JUL 1     30.3                      25.8    4.5     32.6
  SNOW DEPTH       4

DEGREE DAYS
 HEATING
  YESTERDAY       38                        24     14       18
  MONTH TO DATE  371                       358     13      241
  SINCE MAR 1    371                       358     13      241
  SINCE JUL 1   3380                      3993   -613     3114

 COOLING
  YESTERDAY        0                         0      0        0
  MONTH TO DATE    0                         0      0        5
  SINCE MAR 1      0                         0      0        5
  SINCE JAN 1      0                         0      0        5
..................................................................


WIND (MPH)
  HIGHEST WIND SPEED    38   HIGHEST WIND DIRECTION     N (10)
  HIGHEST GUST SPEED    47   HIGHEST GUST DIRECTION     W (270)
  AVERAGE WIND SPEED    22.6


SKY COVER
  AVERAGE SKY COVER 0.9


WEATHER CONDITIONS
 THE FOLLOWING WEATHER WAS RECORDED YESTERDAY.
  THUNDERSTORM
  SNOW
  LIGHT SNOW
  SLEET
  BLOWING SNOW


RELATIVE HUMIDITY (PERCENT)
 HIGHEST   100          1100 AM
 LOWEST     60           900 PM
 AVERAGE    80

..........................................................


THE NEWARK NJ CLIMATE NORMALS FOR TODAY
                         NORMAL    RECORD    YEAR
 MAXIMUM TEMPERATURE (F)   50        79      1990
 MINIMUM TEMPERATURE (F)   33        14      1993


SUNRISE AND SUNSET
MARCH 15 2017.........SUNRISE   708 AM EDT   SUNSET   704 PM EDT
MARCH 16 2017.........SUNRISE   706 AM EDT   SUNSET   705 PM EDT


-  INDICATES NEGATIVE NUMBERS.
R  INDICATES RECORD WAS SET OR TIED.
MM INDICATES DATA IS MISSING.
T  INDICATES TRACE AMOUNT.




$$
