000
CDUS41 KOKX 200624
CLIEWR


CLIMATE REPORT
NATIONAL WEATHER SERVICE NEW YORK NY
123 AM EST SAT DEC 20 2014


...................................

...THE NEWARK NJ CLIMATE SUMMARY FOR DECEMBER 19 2014...

CLIMATE NORMAL PERIOD 1981 TO 2010
CLIMATE RECORD PERIOD 1929 TO 2014


WEATHER ITEM   OBSERVED TIME   RECORD YEAR NORMAL DEPARTURE LAST
                VALUE   (LST)  VALUE       VALUE  FROM      YEAR
                                                  NORMAL
..................................................................
TEMPERATURE (F)
 YESTERDAY
  MAXIMUM         40    153 PM  60    1931  42     -2       44
  MINIMUM         31   1100 PM   9    1942  29      2       23
                                      1932
  AVERAGE         36                        35      1       34

PRECIPITATION (IN)
  YESTERDAY        0.00          1.36 1934   0.11  -0.11     0.00
  MONTH TO DATE    3.34                      2.40   0.94     2.74
  SINCE DEC 1      3.34                      2.40   0.94     2.74
  SINCE JAN 1     47.76                     44.84   2.92    41.06

SNOWFALL (IN)
  YESTERDAY        0.0          13.7  1948   0.2   -0.2      0.0
  MONTH TO DATE    0.3                       2.7   -2.4      9.4
  SINCE OCT 1      1.7                       3.1   -1.4      9.4
  SINCE JUL 1      1.7                       3.1   -1.4      9.4
  SNOW DEPTH       0

DEGREE DAYS
 HEATING
  YESTERDAY       29                        30     -1       31
  MONTH TO DATE  477                       507    -30      565
  SINCE DEC 1    477                       507    -30      565
  SINCE JUL 1   1309                      1375    -66     1435

 COOLING
  YESTERDAY        0                         0      0        0
  MONTH TO DATE    0                         0      0        0
  SINCE DEC 1      0                         0      0        0
  SINCE JAN 1   1175                      1192    -17     1337
..................................................................


WIND (MPH)
  HIGHEST WIND SPEED    22   HIGHEST WIND DIRECTION    NW (320)
  HIGHEST GUST SPEED    30   HIGHEST GUST DIRECTION    NW (310)
  AVERAGE WIND SPEED    12.6


SKY COVER
  AVERAGE SKY COVER 0.8


WEATHER CONDITIONS
 THE FOLLOWING WEATHER WAS RECORDED YESTERDAY.
  NO SIGNIFICANT WEATHER WAS OBSERVED.


RELATIVE HUMIDITY (PERCENT)
 HIGHEST    70           200 AM
 LOWEST     48          1200 PM
 AVERAGE    59

..........................................................


THE NEWARK NJ CLIMATE NORMALS FOR TODAY
                         NORMAL    RECORD    YEAR
 MAXIMUM TEMPERATURE (F)   42        61      2002
                                             1957
 MINIMUM TEMPERATURE (F)   28        -1      1942


SUNRISE AND SUNSET
DECEMBER 20 2014......SUNRISE   717 AM EST   SUNSET   432 PM EST
DECEMBER 21 2014......SUNRISE   717 AM EST   SUNSET   432 PM EST


-  INDICATES NEGATIVE NUMBERS.
R  INDICATES RECORD WAS SET OR TIED.
MM INDICATES DATA IS MISSING.
T  INDICATES TRACE AMOUNT.




$$
