000
CDUS41 KOKX 110617
CLIEWR


CLIMATE REPORT
NATIONAL WEATHER SERVICE NEW YORK NY
216 AM EDT SUN JUN 11 2017


...................................

...THE NEWARK NJ CLIMATE SUMMARY FOR JUNE 10 2017...

CLIMATE NORMAL PERIOD 1981 TO 2010
CLIMATE RECORD PERIOD 1929 TO 2017


WEATHER ITEM   OBSERVED TIME   RECORD YEAR NORMAL DEPARTURE LAST
                VALUE   (LST)  VALUE       VALUE  FROM      YEAR
                                                  NORMAL
..................................................................
TEMPERATURE (F)
 YESTERDAY
  MAXIMUM         88    500 PM  99    2008  80      8       80
  MINIMUM         61    358 AM  49    1972  62     -1       56
                                      1957
  AVERAGE         75                        71      4       68

PRECIPITATION (IN)
  YESTERDAY        0.00          1.74 1944   0.14  -0.14     0.00
  MONTH TO DATE    0.23                      1.43  -1.20     1.63
  SINCE JUN 1      0.23                      1.43  -1.20     1.63
  SINCE JAN 1     22.77                     20.32   2.45    16.03

SNOWFALL (IN)
  YESTERDAY        0.0           0.0  2002   0.0    0.0      0.0
                                      2001
  MONTH TO DATE    0.0                       0.0    0.0      0.0
  SINCE OCT 1     30.0                      28.5    1.5     32.8
  SINCE JUL 1     30.0                      28.5    1.5     32.8
  SNOW DEPTH       0

DEGREE DAYS
 HEATING
  YESTERDAY        0                         1     -1        0
  MONTH TO DATE   18                        12      6        4
  SINCE JUN 1     18                        12      6        4
  SINCE JUL 1   4233                      4867   -634     3899

 COOLING
  YESTERDAY       10                         7      3        3
  MONTH TO DATE   25                        55    -30       56
  SINCE JUN 1     25                        55    -30       56
  SINCE JAN 1    120                       131    -11      174
..................................................................


WIND (MPH)
  HIGHEST WIND SPEED    24   HIGHEST WIND DIRECTION    SW (230)
  HIGHEST GUST SPEED    31   HIGHEST GUST DIRECTION    SW (230)
  AVERAGE WIND SPEED    11.3


SKY COVER
  AVERAGE SKY COVER 0.5


WEATHER CONDITIONS
 THE FOLLOWING WEATHER WAS RECORDED YESTERDAY.
  NO SIGNIFICANT WEATHER WAS OBSERVED.


RELATIVE HUMIDITY (PERCENT)
 HIGHEST    67           400 AM
 LOWEST     31           300 PM
 AVERAGE    49

..........................................................


THE NEWARK NJ CLIMATE NORMALS FOR TODAY
                         NORMAL    RECORD    YEAR
 MAXIMUM TEMPERATURE (F)   80        96      2000
                                             1984
 MINIMUM TEMPERATURE (F)   62        46      1980
                                             1972


SUNRISE AND SUNSET
JUNE 11 2017..........SUNRISE   525 AM EDT   SUNSET   828 PM EDT
JUNE 12 2017..........SUNRISE   525 AM EDT   SUNSET   828 PM EDT


-  INDICATES NEGATIVE NUMBERS.
R  INDICATES RECORD WAS SET OR TIED.
MM INDICATES DATA IS MISSING.
T  INDICATES TRACE AMOUNT.




$$
