000
CDUS41 KOKX 160616
CLIEWR


CLIMATE REPORT
NATIONAL WEATHER SERVICE NEW YORK NY
216 AM EDT TUE SEP 16 2014


...................................

...THE NEWARK NJ CLIMATE SUMMARY FOR SEPTEMBER 15 2014...

CLIMATE NORMAL PERIOD 1981 TO 2010
CLIMATE RECORD PERIOD 1929 TO 2014


WEATHER ITEM   OBSERVED TIME   RECORD YEAR NORMAL DEPARTURE LAST
                VALUE   (LST)  VALUE       VALUE  FROM      YEAR
                                                  NORMAL
..................................................................
TEMPERATURE (F)
 YESTERDAY
  MAXIMUM         74    406 PM  94    1993  77     -3       74
  MINIMUM         52    519 AM  47    1975  60     -8       48
  AVERAGE         63                        69     -6       61

PRECIPITATION (IN)
  YESTERDAY        0.00          3.46 1933   0.13  -0.13     0.00
  MONTH TO DATE    0.58                      1.77  -1.19     0.74
  SINCE SEP 1      0.58                      1.77  -1.19     0.74
  SINCE JAN 1     35.20                     33.14   2.06    34.04

SNOWFALL (IN)
  YESTERDAY        0.0           0.0  2002   0.0    0.0      0.0
                                      2001
  MONTH TO DATE    0.0                       0.0    0.0      0.0
  SINCE OCT 1     61.1                      28.5   32.6     29.5
  SINCE JUL 1      0.0                       0.0    0.0      0.0
  SNOW DEPTH       0

DEGREE DAYS
 HEATING
  YESTERDAY        2                         1      1        4
  MONTH TO DATE    5                         6     -1       11
  SINCE SEP 1      5                         6     -1       11
  SINCE JUL 1      5                         7     -2       11

 COOLING
  YESTERDAY        0                         5     -5        0
  MONTH TO DATE  136                        97     39      114
  SINCE SEP 1    136                        97     39      114
  SINCE JAN 1   1121                      1131    -10     1285
..................................................................


WIND (MPH)
  HIGHEST WIND SPEED    13   HIGHEST WIND DIRECTION     S (160)
  HIGHEST GUST SPEED    15   HIGHEST GUST DIRECTION     S (180)
  AVERAGE WIND SPEED     6.9


SKY COVER
  AVERAGE SKY COVER 0.4


WEATHER CONDITIONS
 THE FOLLOWING WEATHER WAS RECORDED YESTERDAY.
  NO SIGNIFICANT WEATHER WAS OBSERVED.


RELATIVE HUMIDITY (PERCENT)
 HIGHEST    77           300 AM
 LOWEST     33           400 PM
 AVERAGE    55

..........................................................


THE NEWARK NJ CLIMATE NORMALS FOR TODAY
                         NORMAL    RECORD    YEAR
 MAXIMUM TEMPERATURE (F)   77        95      1991
 MINIMUM TEMPERATURE (F)   60        42      1984


SUNRISE AND SUNSET
SEPTEMBER 16 2014.....SUNRISE   638 AM EDT   SUNSET   704 PM EDT
SEPTEMBER 17 2014.....SUNRISE   639 AM EDT   SUNSET   702 PM EDT


-  INDICATES NEGATIVE NUMBERS.
R  INDICATES RECORD WAS SET OR TIED.
MM INDICATES DATA IS MISSING.
T  INDICATES TRACE AMOUNT.




$$
