000
CDUS41 KOKX 260619
CLIEWR


CLIMATE REPORT
NATIONAL WEATHER SERVICE NEW YORK NY
219 AM EDT WED AUG 26 2015


...................................

...THE NEWARK NJ CLIMATE SUMMARY FOR AUGUST 25 2015...

CLIMATE NORMAL PERIOD 1981 TO 2010
CLIMATE RECORD PERIOD 1929 TO 2015


WEATHER ITEM   OBSERVED TIME   RECORD YEAR NORMAL DEPARTURE LAST
                VALUE   (LST)  VALUE       VALUE  FROM      YEAR
                                                  NORMAL
..................................................................
TEMPERATURE (F)
 YESTERDAY
  MAXIMUM         93    337 PM  97    1993  83     10       87
  MINIMUM         73   1159 PM  48    1940  66      7       61
  AVERAGE         83                        75      8       74

PRECIPITATION (IN)
  YESTERDAY        0.00          1.90 1941   0.10  -0.10     0.00
  MONTH TO DATE    1.40                      3.12  -1.72     1.72
  SINCE JUN 1      9.99                     11.90  -1.91    11.23
  SINCE JAN 1     27.60                     30.79  -3.19    34.58

SNOWFALL (IN)
  YESTERDAY        0.0           T    1951   0.0    0.0      0.0
  MONTH TO DATE    0.0                       0.0    0.0      0.0
  SINCE OCT 1     46.4                      28.5   17.9     61.1
  SINCE JUL 1      0.0                       0.0    0.0      0.0
  SNOW DEPTH       0

DEGREE DAYS
 HEATING
  YESTERDAY        0                         0      0        0
  MONTH TO DATE    0                         0      0        0
  SINCE JUN 1     29                        17     12        0
  SINCE JUL 1      0                         0      0        0

 COOLING
  YESTERDAY       18                        10      8        9
  MONTH TO DATE  359                       281     78      236
  SINCE JUN 1   1049                       903    146      859
  SINCE JAN 1   1209                       979    230      921
..................................................................


WIND (MPH)
  HIGHEST WIND SPEED    21   HIGHEST WIND DIRECTION     W (250)
  HIGHEST GUST SPEED    26   HIGHEST GUST DIRECTION     W (260)
  AVERAGE WIND SPEED     9.0


SKY COVER
  AVERAGE SKY COVER 0.6


WEATHER CONDITIONS
 THE FOLLOWING WEATHER WAS RECORDED YESTERDAY.
  NO SIGNIFICANT WEATHER WAS OBSERVED.


RELATIVE HUMIDITY (PERCENT)
 HIGHEST    79           300 AM
 LOWEST     28           400 PM
 AVERAGE    54

..........................................................


THE NEWARK NJ CLIMATE NORMALS FOR TODAY
                         NORMAL    RECORD    YEAR
 MAXIMUM TEMPERATURE (F)   83       103      1948
 MINIMUM TEMPERATURE (F)   66        51      1942


SUNRISE AND SUNSET
AUGUST 26 2015........SUNRISE   618 AM EDT   SUNSET   739 PM EDT
AUGUST 27 2015........SUNRISE   618 AM EDT   SUNSET   737 PM EDT


-  INDICATES NEGATIVE NUMBERS.
R  INDICATES RECORD WAS SET OR TIED.
MM INDICATES DATA IS MISSING.
T  INDICATES TRACE AMOUNT.




$$
