000
CDUS41 KOKX 030618
CLIEWR


CLIMATE REPORT
NATIONAL WEATHER SERVICE NEW YORK NY
117 AM EST TUE JAN 3 2017


...................................

...THE NEWARK NJ CLIMATE SUMMARY FOR JANUARY 2 2017...

CLIMATE NORMAL PERIOD 1981 TO 2010
CLIMATE RECORD PERIOD 1929 TO 2017


WEATHER ITEM   OBSERVED TIME   RECORD YEAR NORMAL DEPARTURE LAST
                VALUE   (LST)  VALUE       VALUE  FROM      YEAR
                                                  NORMAL
..................................................................
TEMPERATURE (F)
 YESTERDAY
  MAXIMUM         42    122 PM  63    1979  39      3       42
  MINIMUM         32    410 AM   7    1968  25      7       30
  AVERAGE         37                        32      5       36

PRECIPITATION (IN)
  YESTERDAY        0.29          1.51 1987   0.11   0.18     0.00
  MONTH TO DATE    0.29                      0.23   0.06     0.00
  SINCE DEC 1      3.20                      4.04  -0.84     4.40
  SINCE JAN 1      0.29                      0.23   0.06     0.00

SNOWFALL (IN)
  YESTERDAY        T             3.2  2014   0.3   -0.3      0.0
  MONTH TO DATE    T                         0.5   -0.5      0.0
  SINCE OCT 1      3.4                       6.3   -2.9      0.3
  SINCE JUL 1      3.4                       6.3   -2.9      0.3
  SNOW DEPTH       0

DEGREE DAYS
 HEATING
  YESTERDAY       28                        33     -5       29
  MONTH TO DATE   51                        65    -14       55
  SINCE DEC 1    891                       947    -56      520
  SINCE JUL 1   1574                      1815   -241     1152

 COOLING
  YESTERDAY        0                         0      0        0
  MONTH TO DATE    0                         0      0        0
  SINCE DEC 1      0                         0      0        0
  SINCE JAN 1      0                         0      0        0
..................................................................


WIND (MPH)
  HIGHEST WIND SPEED    15   HIGHEST WIND DIRECTION    NE (40)
  HIGHEST GUST SPEED    19   HIGHEST GUST DIRECTION    NE (40)
  AVERAGE WIND SPEED     8.8


SKY COVER
  AVERAGE SKY COVER 1.0


WEATHER CONDITIONS
 THE FOLLOWING WEATHER WAS RECORDED YESTERDAY.
  LIGHT RAIN
  SLEET
  FOG


RELATIVE HUMIDITY (PERCENT)
 HIGHEST    93           300 PM
 LOWEST     56          1200 AM
 AVERAGE    75

..........................................................


THE NEWARK NJ CLIMATE NORMALS FOR TODAY
                         NORMAL    RECORD    YEAR
 MAXIMUM TEMPERATURE (F)   39        65      2000
 MINIMUM TEMPERATURE (F)   25         8      2014


SUNRISE AND SUNSET
JANUARY  3 2017.......SUNRISE   721 AM EST   SUNSET   442 PM EST
JANUARY  4 2017.......SUNRISE   721 AM EST   SUNSET   443 PM EST


-  INDICATES NEGATIVE NUMBERS.
R  INDICATES RECORD WAS SET OR TIED.
MM INDICATES DATA IS MISSING.
T  INDICATES TRACE AMOUNT.




$$
