000
CDUS41 KOKX 132033
CLIEWR


CLIMATE REPORT
NATIONAL WEATHER SERVICE NEW YORK NY
433 PM EDT WED APR 13 2016


...................................

...THE NEWARK NJ CLIMATE SUMMARY FOR APRIL 13 2016...
VALID TODAY AS OF 0400 PM LOCAL TIME.

CLIMATE NORMAL PERIOD 1981 TO 2010
CLIMATE RECORD PERIOD 1929 TO 2016


WEATHER ITEM   OBSERVED TIME   RECORD YEAR NORMAL DEPARTURE LAST
                VALUE   (LST)  VALUE       VALUE  FROM      YEAR
                                                  NORMAL
..................................................................
TEMPERATURE (F)
 TODAY
  MAXIMUM         56    259 PM  86    1977  61     -5       71
  MINIMUM         39    520 AM  26    1940  43     -4       45
  AVERAGE         48                        52     -4       58

PRECIPITATION (IN)
  TODAY            0.00          1.05 2004   0.15  -0.15     0.00
  MONTH TO DATE    0.95                      1.92  -0.97     0.39
  SINCE MAR 1      2.33                      6.10  -3.77     5.02
  SINCE JAN 1     10.38                     12.52  -2.14    11.50

SNOWFALL (IN)
  TODAY            0.0           T    1961   0.0    0.0      0.0
  MONTH TO DATE    T                         0.6   -0.6      0.0
  SINCE OCT 1     36.4                      28.2    8.2     46.4
  SINCE JUL 1     36.4                      28.2    8.2     46.4
  SNOW DEPTH       0

DEGREE DAYS
 HEATING
  TODAY           17                        13      4        7
  MONTH TO DATE  243                       200     43      184
  SINCE MAR 1    737                       909   -172     1023
  SINCE JUL 1   3610                      4544   -934     4926

 COOLING
  TODAY            0                         0      0        0
  MONTH TO DATE    6                         0      6        0
  SINCE MAR 1     11                         1     10        0
  SINCE JAN 1     11                         1     10        0
..................................................................


WIND (MPH)
  HIGHEST WIND SPEED    17   HIGHEST WIND DIRECTION     N (360)
  HIGHEST GUST SPEED    22   HIGHEST GUST DIRECTION     N (360)
  AVERAGE WIND SPEED     9.4


SKY COVER
  AVERAGE SKY COVER 0.1


WEATHER CONDITIONS
 THE FOLLOWING WEATHER WAS RECORDED TODAY.
  NO SIGNIFICANT WEATHER WAS OBSERVED.


RELATIVE HUMIDITY (PERCENT)
 HIGHEST    54           400 AM
 LOWEST     30           300 PM
 AVERAGE    42

..........................................................


THE NEWARK NJ CLIMATE NORMALS FOR TOMORROW
                         NORMAL    RECORD    YEAR
 MAXIMUM TEMPERATURE (F)   62        88      1941
 MINIMUM TEMPERATURE (F)   43        26      1950


SUNRISE AND SUNSET
APRIL 13 2016.........SUNRISE   620 AM EDT   SUNSET   734 PM EDT
APRIL 14 2016.........SUNRISE   619 AM EDT   SUNSET   736 PM EDT


-  INDICATES NEGATIVE NUMBERS.
R  INDICATES RECORD WAS SET OR TIED.
MM INDICATES DATA IS MISSING.
T  INDICATES TRACE AMOUNT.




$$
