884
CDUS41 KOKX 140618
CLIEWR


CLIMATE REPORT
NATIONAL WEATHER SERVICE NEW YORK NY
118 AM EST TUE FEB 14 2017


...................................

...THE NEWARK NJ CLIMATE SUMMARY FOR FEBRUARY 13 2017...

CLIMATE NORMAL PERIOD 1981 TO 2010
CLIMATE RECORD PERIOD 1929 TO 2017


WEATHER ITEM   OBSERVED TIME   RECORD YEAR NORMAL DEPARTURE LAST
                VALUE   (LST)  VALUE       VALUE  FROM      YEAR
                                                  NORMAL
..................................................................
TEMPERATURE (F)
 YESTERDAY
  MAXIMUM         38    315 PM  65    1951  42     -4       24
  MINIMUM         30   1159 PM   4    1979  27      3        7
                                      1967
  AVERAGE         34                        34      0       16

PRECIPITATION (IN)
  YESTERDAY        T             1.90 1966   0.10  -0.10      T
  MONTH TO DATE    1.55                      1.30   0.25     1.18
  SINCE DEC 1      9.11                      8.65   0.46     9.59
  SINCE JAN 1      6.20                      4.84   1.36     5.19

SNOWFALL (IN)
  YESTERDAY        T             9.4  2014   0.4   -0.4       T
  MONTH TO DATE    7.9                       4.4    3.5      3.7
  SINCE OCT 1     20.6                      18.1    2.5     29.7
  SINCE JUL 1     20.6                      18.1    2.5     29.7
  SNOW DEPTH       2

DEGREE DAYS
 HEATING
  YESTERDAY       31                        31      0       49
  MONTH TO DATE  375                       414    -39      384
  SINCE DEC 1   2048                      2330   -282     1825
  SINCE JUL 1   2731                      3198   -467     2457

 COOLING
  YESTERDAY        0                         0      0        0
  MONTH TO DATE    0                         0      0        0
  SINCE DEC 1      0                         0      0        0
  SINCE JAN 1      0                         0      0        0
..................................................................


WIND (MPH)
  HIGHEST WIND SPEED    37   HIGHEST WIND DIRECTION    NW (310)
  HIGHEST GUST SPEED    49   HIGHEST GUST DIRECTION     N (340)
  AVERAGE WIND SPEED    21.1


SKY COVER
  AVERAGE SKY COVER 0.5


WEATHER CONDITIONS
 THE FOLLOWING WEATHER WAS RECORDED YESTERDAY.
  LIGHT RAIN
  LIGHT SNOW


RELATIVE HUMIDITY (PERCENT)
 HIGHEST    96          1200 AM
 LOWEST     47           500 PM
 AVERAGE    72

..........................................................


THE NEWARK NJ CLIMATE NORMALS FOR TODAY
                         NORMAL    RECORD    YEAR
 MAXIMUM TEMPERATURE (F)   42        65      1946
 MINIMUM TEMPERATURE (F)   27         0      2016
                                             1979


SUNRISE AND SUNSET
FEBRUARY 14 2017......SUNRISE   652 AM EST   SUNSET   531 PM EST
FEBRUARY 15 2017......SUNRISE   650 AM EST   SUNSET   532 PM EST


-  INDICATES NEGATIVE NUMBERS.
R  INDICATES RECORD WAS SET OR TIED.
MM INDICATES DATA IS MISSING.
T  INDICATES TRACE AMOUNT.




$$
