000
CDUS41 KOKX 170625
CLIEWR


CLIMATE REPORT
NATIONAL WEATHER SERVICE NEW YORK NY
224 AM EDT SUN APR 17 2016


...................................

...THE NEWARK NJ CLIMATE SUMMARY FOR APRIL 16 2016...

CLIMATE NORMAL PERIOD 1981 TO 2010
CLIMATE RECORD PERIOD 1929 TO 2016


WEATHER ITEM   OBSERVED TIME   RECORD YEAR NORMAL DEPARTURE LAST
                VALUE   (LST)  VALUE       VALUE  FROM      YEAR
                                                  NORMAL
..................................................................
TEMPERATURE (F)
 YESTERDAY
  MAXIMUM         68    430 PM  92    2002  62      6       59
  MINIMUM         41    536 AM  26    1943  44     -3       47
  AVERAGE         55                        53      2       53

PRECIPITATION (IN)
  YESTERDAY        0.00          2.82 1986   0.14  -0.14     0.00
  MONTH TO DATE    0.95                      2.34  -1.39     0.39
  SINCE MAR 1      2.33                      6.52  -4.19     5.02
  SINCE JAN 1     10.38                     12.94  -2.56    11.50

SNOWFALL (IN)
  YESTERDAY        0.0           T    2014   0.0    0.0      0.0
                                      1992
  MONTH TO DATE    T                         0.7   -0.7      0.0
  SINCE OCT 1     36.4                      28.3    8.1     46.4
  SINCE JUL 1     36.4                      28.3    8.1     46.4
  SNOW DEPTH       0

DEGREE DAYS
 HEATING
  YESTERDAY       10                        12     -2       12
  MONTH TO DATE  278                       238     40      203
  SINCE MAR 1    772                       947   -175     1042
  SINCE JUL 1   3645                      4582   -937     4945

 COOLING
  YESTERDAY        0                         0      0        0
  MONTH TO DATE    6                         0      6        0
  SINCE MAR 1     11                         1     10        0
  SINCE JAN 1     11                         1     10        0
..................................................................


WIND (MPH)
  HIGHEST WIND SPEED    16   HIGHEST WIND DIRECTION     N (20)
  HIGHEST GUST SPEED    24   HIGHEST GUST DIRECTION     N (360)
  AVERAGE WIND SPEED     7.0


SKY COVER
  AVERAGE SKY COVER 0.5


WEATHER CONDITIONS
 THE FOLLOWING WEATHER WAS RECORDED YESTERDAY.
  NO SIGNIFICANT WEATHER WAS OBSERVED.


RELATIVE HUMIDITY (PERCENT)
 HIGHEST    76           600 AM
 LOWEST     13           400 PM
 AVERAGE    45

..........................................................


THE NEWARK NJ CLIMATE NORMALS FOR TODAY
                         NORMAL    RECORD    YEAR
 MAXIMUM TEMPERATURE (F)   63        97      2002
 MINIMUM TEMPERATURE (F)   44        30      1980


SUNRISE AND SUNSET
APRIL 17 2016.........SUNRISE   614 AM EDT   SUNSET   739 PM EDT
APRIL 18 2016.........SUNRISE   613 AM EDT   SUNSET   740 PM EDT


-  INDICATES NEGATIVE NUMBERS.
R  INDICATES RECORD WAS SET OR TIED.
MM INDICATES DATA IS MISSING.
T  INDICATES TRACE AMOUNT.




$$
