000
CDUS41 KOKX 082135
CLIEWR


CLIMATE REPORT
NATIONAL WEATHER SERVICE NEW YORK NY
435 PM EST WED NOV 8 2017


...................................

...THE NEWARK NJ CLIMATE SUMMARY FOR NOVEMBER 8 2017...
VALID TODAY AS OF 0400 PM LOCAL TIME.

CLIMATE NORMAL PERIOD 1981 TO 2010
CLIMATE RECORD PERIOD 1929 TO 2017


WEATHER ITEM   OBSERVED TIME   RECORD YEAR NORMAL DEPARTURE LAST
                VALUE   (LST)  VALUE       VALUE  FROM      YEAR
                                                  NORMAL
..................................................................
TEMPERATURE (F)
 TODAY
  MAXIMUM         51    246 PM  76    1975  58     -7       69
  MINIMUM         39    555 AM  27    1976  41     -2       38
  AVERAGE         45                        49     -4       54

PRECIPITATION (IN)
  TODAY            T             6.73 1977   0.12  -0.12     0.00
  MONTH TO DATE    0.74                      0.94  -0.20      T
  SINCE SEP 1      7.40                      8.36  -0.96     5.17
  SINCE JAN 1     45.08                     39.73   5.35    28.98

SNOWFALL (IN)
  TODAY            0.0           0.5  2012   0.0    0.0      0.0
  MONTH TO DATE    T                         0.0    0.0      0.0
  SINCE OCT 1      T                         0.0    0.0      0.0
  SINCE JUL 1      T                         0.0    0.0      0.0
  SNOW DEPTH       0

DEGREE DAYS
 HEATING
  TODAY           20                        16      4       11
  MONTH TO DATE   88                       117    -29       84
  SINCE SEP 1    215                       437   -222      315
  SINCE JUL 1    215                       438   -223      315

 COOLING
  TODAY            0                         0      0        0
  MONTH TO DATE    0                         0      0        1
  SINCE SEP 1    288                       157    131      261
  SINCE JAN 1   1316                      1191    125     1571
..................................................................


WIND (MPH)
  HIGHEST WIND SPEED    21   HIGHEST WIND DIRECTION     N (360)
  HIGHEST GUST SPEED    24   HIGHEST GUST DIRECTION     N (10)
  AVERAGE WIND SPEED    13.7


SKY COVER
  AVERAGE SKY COVER 0.9


WEATHER CONDITIONS
 THE FOLLOWING WEATHER WAS RECORDED TODAY.
  LIGHT RAIN


RELATIVE HUMIDITY (PERCENT)
 HIGHEST    92          1200 AM
 LOWEST     56           200 PM
 AVERAGE    74

..........................................................


THE NEWARK NJ CLIMATE NORMALS FOR TOMORROW
                         NORMAL    RECORD    YEAR
 MAXIMUM TEMPERATURE (F)   57        75      1975
 MINIMUM TEMPERATURE (F)   41        23      1976


SUNRISE AND SUNSET
NOVEMBER  8 2017......SUNRISE   635 AM EST   SUNSET   445 PM EST
NOVEMBER  9 2017......SUNRISE   637 AM EST   SUNSET   444 PM EST


-  INDICATES NEGATIVE NUMBERS.
R  INDICATES RECORD WAS SET OR TIED.
MM INDICATES DATA IS MISSING.
T  INDICATES TRACE AMOUNT.




$$
