000
CDUS41 KOKX 200619
CLIEWR


CLIMATE REPORT
NATIONAL WEATHER SERVICE NEW YORK NY
219 AM EDT MON MAR 20 2017


...................................

...THE NEWARK NJ CLIMATE SUMMARY FOR MARCH 19 2017...

CLIMATE NORMAL PERIOD 1981 TO 2010
CLIMATE RECORD PERIOD 1929 TO 2017


WEATHER ITEM   OBSERVED TIME   RECORD YEAR NORMAL DEPARTURE LAST
                VALUE   (LST)  VALUE       VALUE  FROM      YEAR
                                                  NORMAL
..................................................................
TEMPERATURE (F)
 YESTERDAY
  MAXIMUM         48    505 PM  77    2012  52     -4       47
  MINIMUM         33    636 AM   8    1967  34     -1       35
  AVERAGE         41                        43     -2       41

PRECIPITATION (IN)
  YESTERDAY        0.00          1.40 1998   0.14  -0.14     0.00
  MONTH TO DATE    1.71                      2.45  -0.74     0.82
  SINCE MAR 1      1.71                      2.45  -0.74     0.82
  SINCE JAN 1      8.45                      8.87  -0.42     8.87

SNOWFALL (IN)
  YESTERDAY        0.0          12.7  1956   0.2   -0.2      0.0
  MONTH TO DATE    9.4                       3.5    5.9      1.4
  SINCE OCT 1     30.0                      26.5    3.5     32.6
  SINCE JUL 1     30.0                      26.5    3.5     32.6
  SNOW DEPTH       3

DEGREE DAYS
 HEATING
  YESTERDAY       24                        22      2       24
  MONTH TO DATE  528                       471     57      312
  SINCE MAR 1    528                       471     57      312
  SINCE JUL 1   3537                      4106   -569     3185

 COOLING
  YESTERDAY        0                         0      0        0
  MONTH TO DATE    0                         0      0        5
  SINCE MAR 1      0                         0      0        5
  SINCE JAN 1      0                         0      0        5
..................................................................


WIND (MPH)
  HIGHEST WIND SPEED    24   HIGHEST WIND DIRECTION     N (10)
  HIGHEST GUST SPEED    28   HIGHEST GUST DIRECTION     N (360)
  AVERAGE WIND SPEED    13.5


SKY COVER
  AVERAGE SKY COVER 0.4


WEATHER CONDITIONS
 THE FOLLOWING WEATHER WAS RECORDED YESTERDAY.
  NO SIGNIFICANT WEATHER WAS OBSERVED.


RELATIVE HUMIDITY (PERCENT)
 HIGHEST    75           400 AM
 LOWEST     29          1000 PM
 AVERAGE    52

..........................................................


THE NEWARK NJ CLIMATE NORMALS FOR TODAY
                         NORMAL    RECORD    YEAR
 MAXIMUM TEMPERATURE (F)   52        85      1945
 MINIMUM TEMPERATURE (F)   35        15      1949


SUNRISE AND SUNSET
MARCH 20 2017.........SUNRISE   700 AM EDT   SUNSET   709 PM EDT
MARCH 21 2017.........SUNRISE   658 AM EDT   SUNSET   710 PM EDT


-  INDICATES NEGATIVE NUMBERS.
R  INDICATES RECORD WAS SET OR TIED.
MM INDICATES DATA IS MISSING.
T  INDICATES TRACE AMOUNT.




$$
