000
CDUS41 KOKX 090616
CLIEWR


CLIMATE REPORT
NATIONAL WEATHER SERVICE NEW YORK NY
115 AM EST SUN NOV 9 2014


...................................

...THE NEWARK NJ CLIMATE SUMMARY FOR NOVEMBER 8 2014...

CLIMATE NORMAL PERIOD 1981 TO 2010
CLIMATE RECORD PERIOD 1929 TO 2014


WEATHER ITEM   OBSERVED TIME   RECORD YEAR NORMAL DEPARTURE LAST
                VALUE   (LST)  VALUE       VALUE  FROM      YEAR
                                                  NORMAL
..................................................................
TEMPERATURE (F)
 YESTERDAY
  MAXIMUM         49    309 PM  76    1975  58     -9       51
  MINIMUM         32    410 AM  27    1976  41     -9       39
  AVERAGE         41                        49     -8       45

PRECIPITATION (IN)
  YESTERDAY        0.00          6.73 1977   0.12  -0.12      T
  MONTH TO DATE    0.94                      0.94   0.00     0.22
  SINCE SEP 1      6.61                      8.36  -1.75     2.27
  SINCE JAN 1     41.23                     39.73   1.50    35.57

SNOWFALL (IN)
  YESTERDAY        0.0           0.5  2012   0.0    0.0     MM
  MONTH TO DATE    0.0                       0.0    0.0      0.0
  SINCE OCT 1      T                         0.0    0.0      0.0
  SINCE JUL 1      T                         0.0    0.0      0.0
  SNOW DEPTH       0

DEGREE DAYS
 HEATING
  YESTERDAY       24                        16      8       20
  MONTH TO DATE  124                       117      7      114
  SINCE SEP 1    332                       437   -105      371
  SINCE JUL 1    332                       438   -106      371

 COOLING
  YESTERDAY        0                         0      0        0
  MONTH TO DATE    0                         0      0        0
  SINCE SEP 1    190                       157     33      166
  SINCE JAN 1   1175                      1191    -16     1337
..................................................................


WIND (MPH)
  HIGHEST WIND SPEED    17   HIGHEST WIND DIRECTION    SW (210)
  HIGHEST GUST SPEED    28   HIGHEST GUST DIRECTION     W (290)
  AVERAGE WIND SPEED     9.4


SKY COVER
  AVERAGE SKY COVER 0.6


WEATHER CONDITIONS
 THE FOLLOWING WEATHER WAS RECORDED YESTERDAY.
  NO SIGNIFICANT WEATHER WAS OBSERVED.


RELATIVE HUMIDITY (PERCENT)
 HIGHEST    75           500 AM
 LOWEST     39           200 PM
 AVERAGE    57

..........................................................


THE NEWARK NJ CLIMATE NORMALS FOR TODAY
                         NORMAL    RECORD    YEAR
 MAXIMUM TEMPERATURE (F)   57        75      1975
 MINIMUM TEMPERATURE (F)   41        23      1976


SUNRISE AND SUNSET
NOVEMBER  9 2014......SUNRISE   636 AM EST   SUNSET   444 PM EST
NOVEMBER 10 2014......SUNRISE   637 AM EST   SUNSET   443 PM EST


-  INDICATES NEGATIVE NUMBERS.
R  INDICATES RECORD WAS SET OR TIED.
MM INDICATES DATA IS MISSING.
T  INDICATES TRACE AMOUNT.




$$
