000
CDUS41 KOKX 060618
CLIEWR


CLIMATE REPORT
NATIONAL WEATHER SERVICE NEW YORK NY
217 AM EDT TUE JUN 6 2017


...................................

...THE NEWARK NJ CLIMATE SUMMARY FOR JUNE 5 2017...

CLIMATE NORMAL PERIOD 1981 TO 2010
CLIMATE RECORD PERIOD 1929 TO 2017


WEATHER ITEM   OBSERVED TIME   RECORD YEAR NORMAL DEPARTURE LAST
                VALUE   (LST)  VALUE       VALUE  FROM      YEAR
                                                  NORMAL
..................................................................
TEMPERATURE (F)
 YESTERDAY
  MAXIMUM         71    317 PM  92    1966  78     -7       74
                                      1953
                                      1932
  MINIMUM         56    515 AM  48    1947  60     -4       66
                                      1945
  AVERAGE         64                        69     -5       70

PRECIPITATION (IN)
  YESTERDAY        0.05          2.97 1992   0.14  -0.09     0.94
  MONTH TO DATE    0.18                      0.71  -0.53     0.98
  SINCE JUN 1      0.18                      0.71  -0.53     0.98
  SINCE JAN 1     22.72                     19.60   3.12    15.38

SNOWFALL (IN)
  YESTERDAY        0.0           0.0  2002   0.0    0.0      0.0
                                      2001
  MONTH TO DATE    0.0                       0.0    0.0      0.0
  SINCE OCT 1     30.0                      28.5    1.5     32.8
  SINCE JUL 1     30.0                      28.5    1.5     32.8
  SNOW DEPTH       0

DEGREE DAYS
 HEATING
  YESTERDAY        1                         1      0        0
  MONTH TO DATE    4                         7     -3        0
  SINCE JUN 1      4                         7     -3        0
  SINCE JUL 1   4219                      4862   -643     3895

 COOLING
  YESTERDAY        0                         5     -5        5
  MONTH TO DATE   12                        24    -12       31
  SINCE JUN 1     12                        24    -12       31
  SINCE JAN 1    107                       100      7      149
..................................................................


WIND (MPH)
  HIGHEST WIND SPEED    15   HIGHEST WIND DIRECTION    NE (40)
  HIGHEST GUST SPEED    19   HIGHEST GUST DIRECTION    NE (40)
  AVERAGE WIND SPEED     7.0


SKY COVER
  AVERAGE SKY COVER 1.0


WEATHER CONDITIONS
 THE FOLLOWING WEATHER WAS RECORDED YESTERDAY.
  THUNDERSTORM
  RAIN
  LIGHT RAIN
  FOG
  HAZE


RELATIVE HUMIDITY (PERCENT)
 HIGHEST   100           500 AM
 LOWEST     73           200 PM
 AVERAGE    87

..........................................................


THE NEWARK NJ CLIMATE NORMALS FOR TODAY
                         NORMAL    RECORD    YEAR
 MAXIMUM TEMPERATURE (F)   79        94      2010
                                             1953
 MINIMUM TEMPERATURE (F)   60        43      1945


SUNRISE AND SUNSET
JUNE  6 2017..........SUNRISE   526 AM EDT   SUNSET   825 PM EDT
JUNE  7 2017..........SUNRISE   526 AM EDT   SUNSET   826 PM EDT


-  INDICATES NEGATIVE NUMBERS.
R  INDICATES RECORD WAS SET OR TIED.
MM INDICATES DATA IS MISSING.
T  INDICATES TRACE AMOUNT.




$$
