000
CDUS41 KOKX 100617
CLIEWR


CLIMATE REPORT
NATIONAL WEATHER SERVICE NEW YORK NY
117 AM EST FRI MAR 10 2017


...................................

...THE NEWARK NJ CLIMATE SUMMARY FOR MARCH 9 2017...

CLIMATE NORMAL PERIOD 1981 TO 2010
CLIMATE RECORD PERIOD 1929 TO 2017


WEATHER ITEM   OBSERVED TIME   RECORD YEAR NORMAL DEPARTURE LAST
                VALUE   (LST)  VALUE       VALUE  FROM      YEAR
                                                  NORMAL
..................................................................
TEMPERATURE (F)
 YESTERDAY
  MAXIMUM         65    347 PM  82    2016  48     17       82
  MINIMUM         49   1159 PM  10    1996  32     17       42
  AVERAGE         57                        40     17       62

PRECIPITATION (IN)
  YESTERDAY        0.00          1.13 1998   0.13  -0.13     0.00
  MONTH TO DATE    0.25                      1.12  -0.87     0.24
  SINCE MAR 1      0.25                      1.12  -0.87     0.24
  SINCE JAN 1      6.99                      7.54  -0.55     8.29

SNOWFALL (IN)
  YESTERDAY        0.0           5.2  1984   0.2   -0.2      0.0
  MONTH TO DATE    T                         1.9   -1.9      1.4
  SINCE OCT 1     20.6                      24.9   -4.3     32.6
  SINCE JUL 1     20.6                      24.9   -4.3     32.6
  SNOW DEPTH       0

DEGREE DAYS
 HEATING
  YESTERDAY        8                        25    -17        3
  MONTH TO DATE  190                       236    -46      192
  SINCE MAR 1    190                       236    -46      192
  SINCE JUL 1   3199                      3871   -672     3065

 COOLING
  YESTERDAY        0                         0      0        0
  MONTH TO DATE    0                         0      0        0
  SINCE MAR 1      0                         0      0        0
  SINCE JAN 1      0                         0      0        0
..................................................................


WIND (MPH)
  HIGHEST WIND SPEED    33   HIGHEST WIND DIRECTION     W (270)
  HIGHEST GUST SPEED    41   HIGHEST GUST DIRECTION     W (270)
  AVERAGE WIND SPEED    15.9


SKY COVER
  AVERAGE SKY COVER 0.3


WEATHER CONDITIONS
 THE FOLLOWING WEATHER WAS RECORDED YESTERDAY.
  NO SIGNIFICANT WEATHER WAS OBSERVED.


RELATIVE HUMIDITY (PERCENT)
 HIGHEST    36          1100 PM
 LOWEST     11           100 PM
 AVERAGE    24

..........................................................


THE NEWARK NJ CLIMATE NORMALS FOR TODAY
                         NORMAL    RECORD    YEAR
 MAXIMUM TEMPERATURE (F)   49        81      2016
 MINIMUM TEMPERATURE (F)   32        10      1984


SUNRISE AND SUNSET
MARCH 10 2017.........SUNRISE   616 AM EST   SUNSET   558 PM EST
MARCH 11 2017.........SUNRISE   614 AM EST   SUNSET   559 PM EST


-  INDICATES NEGATIVE NUMBERS.
R  INDICATES RECORD WAS SET OR TIED.
MM INDICATES DATA IS MISSING.
T  INDICATES TRACE AMOUNT.




$$
