000
CDUS41 KOKX 220621
CLIEWR


CLIMATE REPORT
NATIONAL WEATHER SERVICE NEW YORK NY
221 AM EDT THU SEP 22 2016


...................................

...THE NEWARK NJ CLIMATE SUMMARY FOR SEPTEMBER 21 2016...

CLIMATE NORMAL PERIOD 1981 TO 2010
CLIMATE RECORD PERIOD 1929 TO 2016


WEATHER ITEM   OBSERVED TIME   RECORD YEAR NORMAL DEPARTURE LAST
                VALUE   (LST)  VALUE       VALUE  FROM      YEAR
                                                  NORMAL
..................................................................
TEMPERATURE (F)
 YESTERDAY
  MAXIMUM         86    339 PM  90    1940  75     11       73
  MINIMUM         67    539 AM  39    1956  58      9       57
  AVERAGE         77                        66     11       65

PRECIPITATION (IN)
  YESTERDAY        0.00          4.71 1966   0.14  -0.14      T
  MONTH TO DATE    1.25                      2.59  -1.34     1.02
  SINCE SEP 1      1.25                      2.59  -1.34     1.02
  SINCE JAN 1     25.06                     33.96  -8.90    28.62

SNOWFALL (IN)
  YESTERDAY        0.0           0.0  2002   0.0    0.0      0.0
                                      2001
  MONTH TO DATE    0.0                       0.0    0.0      0.0
  SINCE OCT 1     32.8                      28.5    4.3     46.4
  SINCE JUL 1      0.0                       0.0    0.0      0.0
  SNOW DEPTH       0

DEGREE DAYS
 HEATING
  YESTERDAY        0                         2     -2        0
  MONTH TO DATE    0                        15    -15        0
  SINCE SEP 1      0                        15    -15        0
  SINCE JUL 1      0                        16    -16        0

 COOLING
  YESTERDAY       12                         3      9        0
  MONTH TO DATE  205                       119     86      222
  SINCE SEP 1    205                       119     86      222
  SINCE JAN 1   1515                      1153    362     1504
..................................................................


WIND (MPH)
  HIGHEST WIND SPEED    17   HIGHEST WIND DIRECTION     N (20)
  HIGHEST GUST SPEED    20   HIGHEST GUST DIRECTION     N (10)
  AVERAGE WIND SPEED     7.7


SKY COVER
  AVERAGE SKY COVER 0.8


WEATHER CONDITIONS
 THE FOLLOWING WEATHER WAS RECORDED YESTERDAY.
  NO SIGNIFICANT WEATHER WAS OBSERVED.


RELATIVE HUMIDITY (PERCENT)
 HIGHEST    90           100 AM
 LOWEST     19           200 PM
 AVERAGE    55

..........................................................


THE NEWARK NJ CLIMATE NORMALS FOR TODAY
                         NORMAL    RECORD    YEAR
 MAXIMUM TEMPERATURE (F)   74        94      1970
 MINIMUM TEMPERATURE (F)   57        44      1997
                                             1962


SUNRISE AND SUNSET
SEPTEMBER 22 2016.....SUNRISE   645 AM EDT   SUNSET   653 PM EDT
SEPTEMBER 23 2016.....SUNRISE   646 AM EDT   SUNSET   651 PM EDT


-  INDICATES NEGATIVE NUMBERS.
R  INDICATES RECORD WAS SET OR TIED.
MM INDICATES DATA IS MISSING.
T  INDICATES TRACE AMOUNT.




$$
