668
CDUS41 KOKX 140622
CLIEWR


CLIMATE REPORT
NATIONAL WEATHER SERVICE NEW YORK NY
222 AM EDT WED JUN 14 2017


...................................

...THE NEWARK NJ CLIMATE SUMMARY FOR JUNE 13 2017...

CLIMATE NORMAL PERIOD 1981 TO 2010
CLIMATE RECORD PERIOD 1929 TO 2017


WEATHER ITEM   OBSERVED TIME   RECORD YEAR NORMAL DEPARTURE LAST
                VALUE   (LST)  VALUE       VALUE  FROM      YEAR
                                                  NORMAL
..................................................................
TEMPERATURE (F)
 YESTERDAY
  MAXIMUM         99R   127 PM  98    1961  81     18       76
  MINIMUM         72    500 AM  51    1982  63      9       57
                                      1950
  AVERAGE         86                        72     14       67

PRECIPITATION (IN)
  YESTERDAY        0.00          2.23 1936   0.13  -0.13     0.00
  MONTH TO DATE    0.23                      1.85  -1.62     1.63
  SINCE JUN 1      0.23                      1.85  -1.62     1.63
  SINCE JAN 1     22.77                     20.74   2.03    16.03

SNOWFALL (IN)
  YESTERDAY        0.0           0.0  2002   0.0    0.0      0.0
                                      2001
  MONTH TO DATE    0.0                       0.0    0.0      0.0
  SINCE OCT 1     30.0                      28.5    1.5     32.8
  SINCE JUL 1     30.0                      28.5    1.5     32.8
  SNOW DEPTH       0

DEGREE DAYS
 HEATING
  YESTERDAY        0                         1     -1        0
  MONTH TO DATE   18                        15      3        4
  SINCE JUN 1     18                        15      3        4
  SINCE JUL 1   4233                      4870   -637     3899

 COOLING
  YESTERDAY       21                         7     14        2
  MONTH TO DATE   80                        76      4       77
  SINCE JUN 1     80                        76      4       77
  SINCE JAN 1    175                       152     23      195
..................................................................


WIND (MPH)
  HIGHEST WIND SPEED    21   HIGHEST WIND DIRECTION     W (250)
  HIGHEST GUST SPEED    27   HIGHEST GUST DIRECTION     W (260)
  AVERAGE WIND SPEED     9.8


SKY COVER
  AVERAGE SKY COVER 0.6


WEATHER CONDITIONS
 THE FOLLOWING WEATHER WAS RECORDED YESTERDAY.
  NO SIGNIFICANT WEATHER WAS OBSERVED.


RELATIVE HUMIDITY (PERCENT)
 HIGHEST    69           600 AM
 LOWEST     30          1200 PM
 AVERAGE    50

..........................................................


THE NEWARK NJ CLIMATE NORMALS FOR TODAY
                         NORMAL    RECORD    YEAR
 MAXIMUM TEMPERATURE (F)   81        99      1988
                                             1956
 MINIMUM TEMPERATURE (F)   63        49      1978
                                             1933


SUNRISE AND SUNSET
JUNE 14 2017..........SUNRISE   525 AM EDT   SUNSET   829 PM EDT
JUNE 15 2017..........SUNRISE   525 AM EDT   SUNSET   830 PM EDT


-  INDICATES NEGATIVE NUMBERS.
R  INDICATES RECORD WAS SET OR TIED.
MM INDICATES DATA IS MISSING.
T  INDICATES TRACE AMOUNT.




$$
