000
CDUS41 KOKX 042132
CLIEWR


CLIMATE REPORT
NATIONAL WEATHER SERVICE NEW YORK NY
432 PM EST SAT FEB 4 2017


...................................

...THE NEWARK NJ CLIMATE SUMMARY FOR FEBRUARY 4 2017...
VALID TODAY AS OF 0400 PM LOCAL TIME.

CLIMATE NORMAL PERIOD 1981 TO 2010
CLIMATE RECORD PERIOD 1929 TO 2017


WEATHER ITEM   OBSERVED TIME   RECORD YEAR NORMAL DEPARTURE LAST
                VALUE   (LST)  VALUE       VALUE  FROM      YEAR
                                                  NORMAL
..................................................................
TEMPERATURE (F)
 TODAY
  MAXIMUM         36    335 PM  69    1991  40     -4       56
  MINIMUM         21    719 AM   7    1996  25     -4       42
                                      1985
  AVERAGE         29                        33     -4       49

PRECIPITATION (IN)
  TODAY            0.00          1.87 1961   0.10  -0.10     0.01
  MONTH TO DATE    T                         0.41  -0.41     0.64
  SINCE DEC 1      7.56                      7.76  -0.20     9.05
  SINCE JAN 1      4.65                      3.95   0.70     4.65

SNOWFALL (IN)
  TODAY            0.0          15.2  1961   0.4   -0.4       T
  MONTH TO DATE    T                         1.4   -1.4       T
  SINCE OCT 1     12.7                      15.1   -2.4     26.0
  SINCE JUL 1     12.7                      15.1   -2.4     26.0
  SNOW DEPTH       0

DEGREE DAYS
 HEATING
  TODAY           36                        32      4       16
  MONTH TO DATE  123                       130     -7       73
  SINCE DEC 1   1796                      2046   -250     1514
  SINCE JUL 1   2479                      2914   -435     2146

 COOLING
  TODAY            0                         0      0        0
  MONTH TO DATE    0                         0      0        0
  SINCE DEC 1      0                         0      0        0
  SINCE JAN 1      0                         0      0        0
..................................................................


WIND (MPH)
  HIGHEST WIND SPEED    25   HIGHEST WIND DIRECTION    NW (320)
  HIGHEST GUST SPEED    32   HIGHEST GUST DIRECTION    NW (320)
  AVERAGE WIND SPEED    14.3


SKY COVER
  AVERAGE SKY COVER 0.2


WEATHER CONDITIONS
 THE FOLLOWING WEATHER WAS RECORDED TODAY.
  NO SIGNIFICANT WEATHER WAS OBSERVED.


RELATIVE HUMIDITY (PERCENT)
 HIGHEST    45           500 AM
 LOWEST     26           300 PM
 AVERAGE    36

..........................................................


THE NEWARK NJ CLIMATE NORMALS FOR TOMORROW
                         NORMAL    RECORD    YEAR
 MAXIMUM TEMPERATURE (F)   40        69      1991
 MINIMUM TEMPERATURE (F)   25         3      1996


SUNRISE AND SUNSET
FEBRUARY  4 2017......SUNRISE   703 AM EST   SUNSET   518 PM EST
FEBRUARY  5 2017......SUNRISE   702 AM EST   SUNSET   520 PM EST


-  INDICATES NEGATIVE NUMBERS.
R  INDICATES RECORD WAS SET OR TIED.
MM INDICATES DATA IS MISSING.
T  INDICATES TRACE AMOUNT.




$$
