000
CDUS41 KOKX 110628
CLIEWR


CLIMATE REPORT
NATIONAL WEATHER SERVICE NEW YORK NY
228 AM EDT FRI AUG 11 2017


...................................

...THE NEWARK NJ CLIMATE SUMMARY FOR AUGUST 10 2017...

CLIMATE NORMAL PERIOD 1981 TO 2010
CLIMATE RECORD PERIOD 1929 TO 2017


WEATHER ITEM   OBSERVED TIME   RECORD YEAR NORMAL DEPARTURE LAST
                VALUE   (LST)  VALUE       VALUE  FROM      YEAR
                                                  NORMAL
..................................................................
TEMPERATURE (F)
 YESTERDAY
  MAXIMUM         86   1111 AM 102    1949  85      1       90
  MINIMUM         65    431 AM  57    1962  68     -3       75
  AVERAGE         76                        77     -1       83

PRECIPITATION (IN)
  YESTERDAY        0.00          1.94 2007   0.12  -0.12     0.11
  MONTH TO DATE    3.14                      1.42   1.72     0.20
  SINCE JUN 1     12.79                     10.20   2.59     8.68
  SINCE JAN 1     35.33                     29.09   6.24    23.08

SNOWFALL (IN)
  YESTERDAY        0.0           0.0  2002   0.0    0.0      0.0
                                      2001
  MONTH TO DATE    0.0                       0.0    0.0      0.0
  SINCE OCT 1     30.0                      28.5    1.5     32.8
  SINCE JUL 1      0.0                       0.0    0.0      0.0
  SNOW DEPTH       0

DEGREE DAYS
 HEATING
  YESTERDAY        0                         0      0        0
  MONTH TO DATE    0                         0      0        0
  SINCE JUN 1     18                        17      1        4
  SINCE JUL 1      0                         0      0        0

 COOLING
  YESTERDAY       11                        12     -1       18
  MONTH TO DATE   99                       120    -21      122
  SINCE JUN 1    747                       742      5      842
  SINCE JAN 1    842                       818     24      960
..................................................................


WIND (MPH)
  HIGHEST WIND SPEED    14   HIGHEST WIND DIRECTION     S (160)
  HIGHEST GUST SPEED    21   HIGHEST GUST DIRECTION     S (170)
  AVERAGE WIND SPEED     5.3


SKY COVER
  AVERAGE SKY COVER 0.5


WEATHER CONDITIONS
 THE FOLLOWING WEATHER WAS RECORDED YESTERDAY.
  NO SIGNIFICANT WEATHER WAS OBSERVED.


RELATIVE HUMIDITY (PERCENT)
 HIGHEST    87           400 AM
 LOWEST     37           100 PM
 AVERAGE    62

..........................................................


THE NEWARK NJ CLIMATE NORMALS FOR TODAY
                         NORMAL    RECORD    YEAR
 MAXIMUM TEMPERATURE (F)   85       102      1949
                                             1944
 MINIMUM TEMPERATURE (F)   68        56      1972


SUNRISE AND SUNSET
AUGUST 11 2017........SUNRISE   603 AM EDT   SUNSET   800 PM EDT
AUGUST 12 2017........SUNRISE   604 AM EDT   SUNSET   758 PM EDT


-  INDICATES NEGATIVE NUMBERS.
R  INDICATES RECORD WAS SET OR TIED.
MM INDICATES DATA IS MISSING.
T  INDICATES TRACE AMOUNT.




$$
