000
CDUS41 KOKX 230632
CLIEWR


CLIMATE REPORT
NATIONAL WEATHER SERVICE NEW YORK NY
132 AM EST THU NOV 23 2017


...................................

...THE NEWARK NJ CLIMATE SUMMARY FOR NOVEMBER 22 2017...

CLIMATE NORMAL PERIOD 1981 TO 2010
CLIMATE RECORD PERIOD 1929 TO 2017


WEATHER ITEM   OBSERVED TIME   RECORD YEAR NORMAL DEPARTURE LAST
                VALUE   (LST)  VALUE       VALUE  FROM      YEAR
                                                  NORMAL
..................................................................
TEMPERATURE (F)
 YESTERDAY
  MAXIMUM         55   1232 PM  72    1931  52      3       44
  MINIMUM         35   1159 PM  19    1987  37     -2       37
  AVERAGE         45                        45      0       41

PRECIPITATION (IN)
  YESTERDAY        0.12          1.69 2011   0.13  -0.01      T
  MONTH TO DATE    1.49                      2.62  -1.13     3.42
  SINCE SEP 1      8.15                     10.04  -1.89     8.59
  SINCE JAN 1     45.83                     41.41   4.42    32.40

SNOWFALL (IN)
  YESTERDAY        0.0           0.4  1989   0.0    0.0       T
  MONTH TO DATE    T                         0.1   -0.1       T
  SINCE OCT 1      T                         0.1   -0.1       T
  SINCE JUL 1      T                         0.1   -0.1       T
  SNOW DEPTH       0

DEGREE DAYS
 HEATING
  YESTERDAY       20                        20      0       24
  MONTH TO DATE  391                       371     20      310
  SINCE SEP 1    518                       691   -173      541
  SINCE JUL 1    518                       692   -174      541

 COOLING
  YESTERDAY        0                         0      0        0
  MONTH TO DATE    0                         0      0        1
  SINCE SEP 1    288                       157    131      261
  SINCE JAN 1   1316                      1191    125     1571
..................................................................


WIND (MPH)
  HIGHEST WIND SPEED    28   HIGHEST WIND DIRECTION     N (340)
  HIGHEST GUST SPEED    35   HIGHEST GUST DIRECTION    NW (310)
  AVERAGE WIND SPEED    11.3


SKY COVER
  AVERAGE SKY COVER 0.8


WEATHER CONDITIONS
 THE FOLLOWING WEATHER WAS RECORDED YESTERDAY.
  LIGHT RAIN
  FOG


RELATIVE HUMIDITY (PERCENT)
 HIGHEST    89           800 AM
 LOWEST     49           500 PM
 AVERAGE    69

..........................................................


THE NEWARK NJ CLIMATE NORMALS FOR TODAY
                         NORMAL    RECORD    YEAR
 MAXIMUM TEMPERATURE (F)   52        74      1931
 MINIMUM TEMPERATURE (F)   37        21      1932


SUNRISE AND SUNSET
NOVEMBER 23 2017......SUNRISE   653 AM EST   SUNSET   433 PM EST
NOVEMBER 24 2017......SUNRISE   654 AM EST   SUNSET   433 PM EST


-  INDICATES NEGATIVE NUMBERS.
R  INDICATES RECORD WAS SET OR TIED.
MM INDICATES DATA IS MISSING.
T  INDICATES TRACE AMOUNT.




$$
