000
CDUS41 KOKX 230627
CLIEWR


CLIMATE REPORT
NATIONAL WEATHER SERVICE NEW YORK NY
127 AM EST FRI JAN 23 2015


...................................

...THE NEWARK NJ CLIMATE SUMMARY FOR JANUARY 22 2015...

CLIMATE NORMAL PERIOD 1981 TO 2010
CLIMATE RECORD PERIOD 1929 TO 2015


WEATHER ITEM   OBSERVED TIME   RECORD YEAR NORMAL DEPARTURE LAST
                VALUE   (LST)  VALUE       VALUE  FROM      YEAR
                                                  NORMAL
..................................................................
TEMPERATURE (F)
 YESTERDAY
  MAXIMUM         40    355 PM  62    1959  39      1       16
  MINIMUM         30   1159 PM  -1    1984  24      6        5
  AVERAGE         35                        31      4       11

PRECIPITATION (IN)
  YESTERDAY        T             1.58 1987   0.11  -0.11      T
  MONTH TO DATE    3.32                      2.57   0.75     2.69
  SINCE DEC 1      8.23                      6.38   1.85     7.31
  SINCE JAN 1      3.32                      2.57   0.75     2.69

SNOWFALL (IN)
  YESTERDAY        T            11.0  1987   0.2   -0.2       T
  MONTH TO DATE    2.4                       5.5   -3.1     19.1
  SINCE OCT 1      4.1                      11.3   -7.2     28.5
  SINCE JUL 1      4.1                      11.3   -7.2     28.5
  SNOW DEPTH       0

DEGREE DAYS
 HEATING
  YESTERDAY       30                        34     -4       54
  MONTH TO DATE  785                       738     47      767
  SINCE DEC 1   1550                      1620    -70     1629
  SINCE JUL 1   2382                      2488   -106     2499

 COOLING
  YESTERDAY        0                         0      0        0
  MONTH TO DATE    0                         0      0        0
  SINCE DEC 1      0                         0      0        0
  SINCE JAN 1      0                         0      0        0
..................................................................


WIND (MPH)
  HIGHEST WIND SPEED    16   HIGHEST WIND DIRECTION    NW (320)
  HIGHEST GUST SPEED    23   HIGHEST GUST DIRECTION     W (280)
  AVERAGE WIND SPEED     7.6


SKY COVER
  AVERAGE SKY COVER 0.7


WEATHER CONDITIONS
 THE FOLLOWING WEATHER WAS RECORDED YESTERDAY.
  LIGHT SNOW


RELATIVE HUMIDITY (PERCENT)
 HIGHEST    69           700 AM
 LOWEST     49          1000 PM
 AVERAGE    59

..........................................................


THE NEWARK NJ CLIMATE NORMALS FOR TODAY
                         NORMAL    RECORD    YEAR
 MAXIMUM TEMPERATURE (F)   39        62      1957
                                             1933
 MINIMUM TEMPERATURE (F)   24        -4      1936


SUNRISE AND SUNSET
JANUARY 23 2015.......SUNRISE   714 AM EST   SUNSET   503 PM EST
JANUARY 24 2015.......SUNRISE   714 AM EST   SUNSET   504 PM EST


-  INDICATES NEGATIVE NUMBERS.
R  INDICATES RECORD WAS SET OR TIED.
MM INDICATES DATA IS MISSING.
T  INDICATES TRACE AMOUNT.




$$
