000
CDUS41 KOKX 210618
CLIEWR


CLIMATE REPORT
NATIONAL WEATHER SERVICE NEW YORK NY
217 AM EDT THU MAY 21 2015


...................................

...THE NEWARK NJ CLIMATE SUMMARY FOR MAY 20 2015...

CLIMATE NORMAL PERIOD 1981 TO 2010
CLIMATE RECORD PERIOD 1929 TO 2015


WEATHER ITEM   OBSERVED TIME   RECORD YEAR NORMAL DEPARTURE LAST
                VALUE   (LST)  VALUE       VALUE  FROM      YEAR
                                                  NORMAL
..................................................................
TEMPERATURE (F)
 YESTERDAY
  MAXIMUM         67   1206 AM  99    1996  73     -6       80
  MINIMUM         54   1136 PM  41    2002  55     -1       55
  AVERAGE         61                        64     -3       68

PRECIPITATION (IN)
  YESTERDAY        0.00          1.33 1972   0.13  -0.13     0.00
  MONTH TO DATE    0.90                      2.52  -1.62     1.97
  SINCE MAR 1      7.20                     10.90  -3.70    13.57
  SINCE JAN 1     13.68                     17.32  -3.64    21.29

SNOWFALL (IN)
  YESTERDAY        0.0           0.0  2002   0.0    0.0      0.0
                                      2001
  MONTH TO DATE    0.0                       0.0    0.0      0.0
  SINCE OCT 1     46.4                      28.5   17.9     61.1
  SINCE JUL 1     46.4                      28.5   17.9     61.1
  SNOW DEPTH       0

DEGREE DAYS
 HEATING
  YESTERDAY        4                         3      1        0
  MONTH TO DATE   35                       108    -73       61
  SINCE MAR 1   1198                      1193      5     1278
  SINCE JUL 1   5101                      4828    273     5153

 COOLING
  YESTERDAY        0                         2     -2        3
  MONTH TO DATE   73                        27     46       23
  SINCE MAR 1     76                        39     37       31
  SINCE JAN 1     76                        39     37       31
..................................................................


WIND (MPH)
  HIGHEST WIND SPEED    25   HIGHEST WIND DIRECTION    NW (310)
  HIGHEST GUST SPEED    31   HIGHEST GUST DIRECTION    NW (310)
  AVERAGE WIND SPEED    13.8


SKY COVER
  AVERAGE SKY COVER 0.6


WEATHER CONDITIONS
 THE FOLLOWING WEATHER WAS RECORDED YESTERDAY.
  NO SIGNIFICANT WEATHER WAS OBSERVED.


RELATIVE HUMIDITY (PERCENT)
 HIGHEST    59          1200 AM
 LOWEST     34           600 PM
 AVERAGE    47

..........................................................


THE NEWARK NJ CLIMATE NORMALS FOR TODAY
                         NORMAL    RECORD    YEAR
 MAXIMUM TEMPERATURE (F)   74        96      1996
 MINIMUM TEMPERATURE (F)   55        42      2002
                                             1950


SUNRISE AND SUNSET
MAY 21 2015...........SUNRISE   535 AM EDT   SUNSET   812 PM EDT
MAY 22 2015...........SUNRISE   534 AM EDT   SUNSET   813 PM EDT


-  INDICATES NEGATIVE NUMBERS.
R  INDICATES RECORD WAS SET OR TIED.
MM INDICATES DATA IS MISSING.
T  INDICATES TRACE AMOUNT.




$$
