809
CDUS41 KOKX 130718
CLIEWR


CLIMATE REPORT
NATIONAL WEATHER SERVICE NEW YORK NY
218 AM EST TUE FEB 13 2018


...................................

...THE NEWARK NJ CLIMATE SUMMARY FOR FEBRUARY 12 2018...

CLIMATE NORMAL PERIOD 1981 TO 2010
CLIMATE RECORD PERIOD 1929 TO 2018


WEATHER ITEM   OBSERVED TIME   RECORD YEAR NORMAL DEPARTURE LAST
                VALUE   (LST)  VALUE       VALUE  FROM      YEAR
                                                  NORMAL
..................................................................
TEMPERATURE (F)
 YESTERDAY
  MAXIMUM         64   1246 AM  70    1999  42     22       40
  MINIMUM         32   1159 PM  -1    1979  26      6       32
  AVERAGE         48                        34     14       36

PRECIPITATION (IN)
  YESTERDAY        T             1.45 1988   0.09  -0.09     0.43
  MONTH TO DATE    3.74                      1.20   2.54     1.55
  SINCE DEC 1      7.44                      8.55  -1.11     9.11
  SINCE JAN 1      5.80                      4.74   1.06     6.20

SNOWFALL (IN)
  YESTERDAY        T            18.8  2006   0.3   -0.3      0.1
  MONTH TO DATE    0.6                       4.0   -3.4      7.9
  SINCE OCT 1     18.4                      17.7    0.7     20.6
  SINCE JUL 1     18.4                      17.7    0.7     20.6
  SNOW DEPTH       0

DEGREE DAYS
 HEATING
  YESTERDAY       17                        31    -14       29
  MONTH TO DATE  353                       383    -30      344
  SINCE DEC 1   2336                      2299     37     2017
  SINCE JUL 1   3021                      3167   -146     2700

 COOLING
  YESTERDAY        0                         0      0        0
  MONTH TO DATE    0                         0      0        0
  SINCE DEC 1      0                         0      0        0
  SINCE JAN 1      0                         0      0        0
..................................................................


WIND (MPH)
  HIGHEST WIND SPEED    24   HIGHEST WIND DIRECTION    NW (330)
  HIGHEST GUST SPEED    32   HIGHEST GUST DIRECTION    NW (330)
  AVERAGE WIND SPEED    14.0


SKY COVER
  AVERAGE SKY COVER 0.7


WEATHER CONDITIONS
 THE FOLLOWING WEATHER WAS RECORDED YESTERDAY.
  LIGHT RAIN
  SLEET


RELATIVE HUMIDITY (PERCENT)
 HIGHEST    93           100 AM
 LOWEST     27           800 PM
 AVERAGE    60

..........................................................


THE NEWARK NJ CLIMATE NORMALS FOR TODAY
                         NORMAL    RECORD    YEAR
 MAXIMUM TEMPERATURE (F)   42        65      1951
 MINIMUM TEMPERATURE (F)   27         4      1979
                                             1967


SUNRISE AND SUNSET
FEBRUARY 13 2018......SUNRISE   653 AM EST   SUNSET   529 PM EST
FEBRUARY 14 2018......SUNRISE   652 AM EST   SUNSET   530 PM EST


-  INDICATES NEGATIVE NUMBERS.
R  INDICATES RECORD WAS SET OR TIED.
MM INDICATES DATA IS MISSING.
T  INDICATES TRACE AMOUNT.




$$
