000
CDUS41 KOKX 150622
CLIEWR


CLIMATE REPORT
NATIONAL WEATHER SERVICE NEW YORK NY
222 AM EDT SUN MAY 15 2016


...................................

...THE NEWARK NJ CLIMATE SUMMARY FOR MAY 14 2016...

CLIMATE NORMAL PERIOD 1981 TO 2010
CLIMATE RECORD PERIOD 1929 TO 2016


WEATHER ITEM   OBSERVED TIME   RECORD YEAR NORMAL DEPARTURE LAST
                VALUE   (LST)  VALUE       VALUE  FROM      YEAR
                                                  NORMAL
..................................................................
TEMPERATURE (F)
 YESTERDAY
  MAXIMUM         76    412 PM  86    1991  72      4       74
                                      1985
  MINIMUM         56    418 AM  36    1939  53      3       50
  AVERAGE         66                        62      4       62

PRECIPITATION (IN)
  YESTERDAY        T             1.96 1946   0.12  -0.12     0.00
  MONTH TO DATE    2.07                      1.73   0.34     0.17
  SINCE MAR 1      4.57                     10.11  -5.54     6.47
  SINCE JAN 1     12.62                     16.53  -3.91    12.95

SNOWFALL (IN)
  YESTERDAY        0.0           0.0  2002   0.0    0.0      0.0
                                      2001
  MONTH TO DATE    0.0                       0.0    0.0      0.0
  SINCE OCT 1     36.4                      28.5    7.9     46.4
  SINCE JUL 1     36.4                      28.5    7.9     46.4
  SNOW DEPTH       0

DEGREE DAYS
 HEATING
  YESTERDAY        0                         5     -5        3
  MONTH TO DATE  122                        85     37       29
  SINCE MAR 1    978                      1170   -192     1192
  SINCE JUL 1   3851                      4805   -954     5095

 COOLING
  YESTERDAY        1                         2     -1        0
  MONTH TO DATE    2                        15    -13       50
  SINCE MAR 1     20                        27     -7       53
  SINCE JAN 1     20                        27     -7       53
..................................................................


WIND (MPH)
  HIGHEST WIND SPEED    32   HIGHEST WIND DIRECTION     W (260)
  HIGHEST GUST SPEED    44   HIGHEST GUST DIRECTION     W (260)
  AVERAGE WIND SPEED     9.7


SKY COVER
  AVERAGE SKY COVER 0.6


WEATHER CONDITIONS
 THE FOLLOWING WEATHER WAS RECORDED YESTERDAY.
  LIGHT RAIN


RELATIVE HUMIDITY (PERCENT)
 HIGHEST    93           400 AM
 LOWEST     35           500 PM
 AVERAGE    64

..........................................................


THE NEWARK NJ CLIMATE NORMALS FOR TODAY
                         NORMAL    RECORD    YEAR
 MAXIMUM TEMPERATURE (F)   72        89      2004
                                             1957
 MINIMUM TEMPERATURE (F)   53        40      1939
                                             1936


SUNRISE AND SUNSET
MAY 15 2016...........SUNRISE   539 AM EDT   SUNSET   807 PM EDT
MAY 16 2016...........SUNRISE   538 AM EDT   SUNSET   808 PM EDT


-  INDICATES NEGATIVE NUMBERS.
R  INDICATES RECORD WAS SET OR TIED.
MM INDICATES DATA IS MISSING.
T  INDICATES TRACE AMOUNT.




$$
