000
CDUS41 KOKX 070616
CLIEWR


CLIMATE REPORT
NATIONAL WEATHER SERVICE NEW YORK NY
216 AM EDT SUN SEP 7 2014


...................................

...THE NEWARK NJ CLIMATE SUMMARY FOR SEPTEMBER 6 2014...

CLIMATE NORMAL PERIOD 1981 TO 2010
CLIMATE RECORD PERIOD 1929 TO 2014


WEATHER ITEM   OBSERVED TIME   RECORD YEAR NORMAL DEPARTURE LAST
                VALUE   (LST)  VALUE       VALUE  FROM      YEAR
                                                  NORMAL
..................................................................
TEMPERATURE (F)
 YESTERDAY
  MAXIMUM         95    138 PM  97    1983  80     15       73
  MINIMUM         68   1159 PM  48    1938  63      5       55
  AVERAGE         82                        72     10       64

PRECIPITATION (IN)
  YESTERDAY        0.10          3.64 2008   0.12  -0.02     0.00
  MONTH TO DATE    0.34                      0.68  -0.34     0.14
  SINCE SEP 1      0.34                      0.68  -0.34     0.14
  SINCE JAN 1     34.96                     32.05   2.91    33.44

SNOWFALL (IN)
  YESTERDAY        0.0           0.0  2002   0.0    0.0      0.0
                                      2001
  MONTH TO DATE    0.0                       0.0    0.0      0.0
  SINCE OCT 1     61.1                      28.5   32.6     29.5
  SINCE JUL 1      0.0                       0.0    0.0      0.0
  SNOW DEPTH       0

DEGREE DAYS
 HEATING
  YESTERDAY        0                         0      0        1
  MONTH TO DATE    0                         0      0        1
  SINCE SEP 1      0                         0      0        1
  SINCE JUL 1      0                         1     -1        1

 COOLING
  YESTERDAY       17                         7     10        0
  MONTH TO DATE   95                        46     49       53
  SINCE SEP 1     95                        46     49       53
  SINCE JAN 1   1080                      1080      0     1224
..................................................................


WIND (MPH)
  HIGHEST WIND SPEED    24   HIGHEST WIND DIRECTION     W (260)
  HIGHEST GUST SPEED    28   HIGHEST GUST DIRECTION     S (200)
  AVERAGE WIND SPEED     9.6


SKY COVER
  AVERAGE SKY COVER 0.8


WEATHER CONDITIONS
 THE FOLLOWING WEATHER WAS RECORDED YESTERDAY.
  THUNDERSTORM
  RAIN
  LIGHT RAIN


RELATIVE HUMIDITY (PERCENT)
 HIGHEST    94           100 AM
 LOWEST     46           200 PM
 AVERAGE    70

..........................................................


THE NEWARK NJ CLIMATE NORMALS FOR TODAY
                         NORMAL    RECORD    YEAR
 MAXIMUM TEMPERATURE (F)   80        93      2010
 MINIMUM TEMPERATURE (F)   63        49      1984


SUNRISE AND SUNSET
SEPTEMBER  7 2014.....SUNRISE   629 AM EDT   SUNSET   719 PM EDT
SEPTEMBER  8 2014.....SUNRISE   630 AM EDT   SUNSET   717 PM EDT


-  INDICATES NEGATIVE NUMBERS.
R  INDICATES RECORD WAS SET OR TIED.
MM INDICATES DATA IS MISSING.
T  INDICATES TRACE AMOUNT.




$$
