000
CDUS41 KOKX 240618
CLIEWR


CLIMATE REPORT
NATIONAL WEATHER SERVICE NEW YORK NY
118 AM EST TUE FEB 24 2015


...................................

...THE NEWARK NJ CLIMATE SUMMARY FOR FEBRUARY 23 2015...

CLIMATE NORMAL PERIOD 1981 TO 2010
CLIMATE RECORD PERIOD 1929 TO 2015


WEATHER ITEM   OBSERVED TIME   RECORD YEAR NORMAL DEPARTURE LAST
                VALUE   (LST)  VALUE       VALUE  FROM      YEAR
                                                  NORMAL
..................................................................
TEMPERATURE (F)
 YESTERDAY
  MAXIMUM         37   1207 AM  68    1985  44     -7       54
  MINIMUM          7R  1159 PM  10    1972  28    -21       33
                                      1934
  AVERAGE         22                        36    -14       44

PRECIPITATION (IN)
  YESTERDAY        0.00          1.15 2010   0.11  -0.11      T
  MONTH TO DATE    2.06                      2.33  -0.27     4.91
  SINCE DEC 1     11.39                      9.68   1.71    12.31
  SINCE JAN 1      6.48                      5.87   0.61     7.69

SNOWFALL (IN)
  YESTERDAY        0.0           4.1  1987   0.3   -0.3      0.0
  MONTH TO DATE   13.5                       7.9    5.6     30.0
  SINCE OCT 1     30.1                      21.6    8.5     60.2
  SINCE JUL 1     30.1                      21.6    8.5     60.2
  SNOW DEPTH       5

DEGREE DAYS
 HEATING
  YESTERDAY       43                        29     14       21
  MONTH TO DATE  967                       711    256      784
  SINCE DEC 1   2855                      2627    228     2812
  SINCE JUL 1   3687                      3495    192     3682

 COOLING
  YESTERDAY        0                         0      0        0
  MONTH TO DATE    0                         0      0        0
  SINCE DEC 1      0                         0      0        0
  SINCE JAN 1      0                         0      0        0
..................................................................


WIND (MPH)
  HIGHEST WIND SPEED    25   HIGHEST WIND DIRECTION    NW (330)
  HIGHEST GUST SPEED    33   HIGHEST GUST DIRECTION    NW (300)
  AVERAGE WIND SPEED    15.9


SKY COVER
  AVERAGE SKY COVER 0.7


WEATHER CONDITIONS
 THE FOLLOWING WEATHER WAS RECORDED YESTERDAY.
  NO SIGNIFICANT WEATHER WAS OBSERVED.


RELATIVE HUMIDITY (PERCENT)
 HIGHEST    70          1200 AM
 LOWEST     31           500 PM
 AVERAGE    51

..........................................................


THE NEWARK NJ CLIMATE NORMALS FOR TODAY
                         NORMAL    RECORD    YEAR
 MAXIMUM TEMPERATURE (F)   45        73      1985
 MINIMUM TEMPERATURE (F)   29         6      1934


SUNRISE AND SUNSET
FEBRUARY 24 2015......SUNRISE   638 AM EST   SUNSET   542 PM EST
FEBRUARY 25 2015......SUNRISE   637 AM EST   SUNSET   543 PM EST


-  INDICATES NEGATIVE NUMBERS.
R  INDICATES RECORD WAS SET OR TIED.
MM INDICATES DATA IS MISSING.
T  INDICATES TRACE AMOUNT.




$$
