000
CDUS41 KOKX 190617
CLIEWR


CLIMATE REPORT
NATIONAL WEATHER SERVICE NEW YORK NY
216 AM EDT SAT AUG 19 2017


...................................

...THE NEWARK NJ CLIMATE SUMMARY FOR AUGUST 18 2017...

CLIMATE NORMAL PERIOD 1981 TO 2010
CLIMATE RECORD PERIOD 1929 TO 2017


WEATHER ITEM   OBSERVED TIME   RECORD YEAR NORMAL DEPARTURE LAST
                VALUE   (LST)  VALUE       VALUE  FROM      YEAR
                                                  NORMAL
..................................................................
TEMPERATURE (F)
 YESTERDAY
  MAXIMUM         84    254 PM  97    2002  84      0       87
  MINIMUM         73    739 AM  52    1941  68      5       73
  AVERAGE         79                        76      3       80

PRECIPITATION (IN)
  YESTERDAY        0.68          1.60 1955   0.12   0.56     0.10
  MONTH TO DATE    4.46                      2.37   2.09     0.79
  SINCE JUN 1     14.11                     11.15   2.96     9.27
  SINCE JAN 1     36.65                     30.04   6.61    23.67

SNOWFALL (IN)
  YESTERDAY        0.0           0.0  2002   0.0    0.0      0.0
                                      2001
  MONTH TO DATE    0.0                       0.0    0.0      0.0
  SINCE OCT 1     30.0                      28.5    1.5     32.8
  SINCE JUL 1      0.0                       0.0    0.0      0.0
  SNOW DEPTH       0

DEGREE DAYS
 HEATING
  YESTERDAY        0                         0      0        0
  MONTH TO DATE    0                         0      0        0
  SINCE JUN 1     18                        17      1        4
  SINCE JUL 1      0                         0      0        0

 COOLING
  YESTERDAY       14                        11      3       15
  MONTH TO DATE  179                       209    -30      285
  SINCE JUN 1    827                       831     -4     1005
  SINCE JAN 1    922                       907     15     1123
..................................................................


WIND (MPH)
  HIGHEST WIND SPEED    20   HIGHEST WIND DIRECTION    SW (240)
  HIGHEST GUST SPEED    24   HIGHEST GUST DIRECTION    SW (230)
  AVERAGE WIND SPEED     6.8


SKY COVER
  AVERAGE SKY COVER 0.9


WEATHER CONDITIONS
 THE FOLLOWING WEATHER WAS RECORDED YESTERDAY.
  THUNDERSTORM
  HEAVY RAIN
  RAIN
  LIGHT RAIN
  FOG


RELATIVE HUMIDITY (PERCENT)
 HIGHEST   100          1200 AM
 LOWEST     79           500 PM
 AVERAGE    90

..........................................................


THE NEWARK NJ CLIMATE NORMALS FOR TODAY
                         NORMAL    RECORD    YEAR
 MAXIMUM TEMPERATURE (F)   84        96      2002
 MINIMUM TEMPERATURE (F)   67        54      1958


SUNRISE AND SUNSET
AUGUST 19 2017........SUNRISE   611 AM EDT   SUNSET   749 PM EDT
AUGUST 20 2017........SUNRISE   612 AM EDT   SUNSET   747 PM EDT


-  INDICATES NEGATIVE NUMBERS.
R  INDICATES RECORD WAS SET OR TIED.
MM INDICATES DATA IS MISSING.
T  INDICATES TRACE AMOUNT.




$$
