000
CDUS41 KOKX 042041
CLIEWR


CLIMATE REPORT
NATIONAL WEATHER SERVICE NEW YORK NY
441 PM EDT TUE AUG 4 2015


...................................

...THE NEWARK NJ CLIMATE SUMMARY FOR AUGUST 4 2015...
VALID TODAY AS OF 0400 PM LOCAL TIME.

CLIMATE NORMAL PERIOD 1981 TO 2010
CLIMATE RECORD PERIOD 1929 TO 2015


WEATHER ITEM   OBSERVED TIME   RECORD YEAR NORMAL DEPARTURE LAST
                VALUE   (LST)  VALUE       VALUE  FROM      YEAR
                                                  NORMAL
..................................................................
TEMPERATURE (F)
 TODAY
  MAXIMUM         93    258 PM 100    1993  85      8       86
                                      1944
  MINIMUM         69    427 AM  58    1945  69      0       69
  AVERAGE         81                        77      4       78

PRECIPITATION (IN)
  TODAY            0.17          2.48 2003   0.15   0.02     0.00
  MONTH TO DATE    0.17                      0.61  -0.44     0.58
  SINCE JUN 1      8.76                      9.39  -0.63    10.09
  SINCE JAN 1     26.37                     28.28  -1.91    33.44

SNOWFALL (IN)
  TODAY            0.0           0.0  2002   0.0    0.0      0.0
                                      2001
  MONTH TO DATE    0.0                       0.0    0.0      0.0
  SINCE OCT 1     46.4                      28.5   17.9     61.1
  SINCE JUL 1      0.0                       0.0    0.0      0.0
  SNOW DEPTH       0

DEGREE DAYS
 HEATING
  TODAY            0                         0      0        0
  MONTH TO DATE    0                         0      0        0
  SINCE JUN 1     29                        17     12        0
  SINCE JUL 1      0                         0      0        0

 COOLING
  TODAY           16                        12      4       13
  MONTH TO DATE   64                        48     16       40
  SINCE JUN 1    754                       670     84      663
  SINCE JAN 1    914                       746    168      725
..................................................................


WIND (MPH)
  HIGHEST WIND SPEED    38   HIGHEST WIND DIRECTION     W (280)
  HIGHEST GUST SPEED    51   HIGHEST GUST DIRECTION     W (280)
  AVERAGE WIND SPEED    12.0


SKY COVER
  AVERAGE SKY COVER 0.7


WEATHER CONDITIONS
 THE FOLLOWING WEATHER WAS RECORDED TODAY.
  THUNDERSTORM
  HEAVY RAIN
  RAIN
  LIGHT RAIN
  FOG
  HAZE


RELATIVE HUMIDITY (PERCENT)
 HIGHEST    84           700 AM
 LOWEST     30           300 PM
 AVERAGE    57

..........................................................


THE NEWARK NJ CLIMATE NORMALS FOR TOMORROW
                         NORMAL    RECORD    YEAR
 MAXIMUM TEMPERATURE (F)   85       102      1944
 MINIMUM TEMPERATURE (F)   69        57      1951
                                             1945


SUNRISE AND SUNSET
AUGUST  4 2015........SUNRISE   556 AM EDT   SUNSET   809 PM EDT
AUGUST  5 2015........SUNRISE   557 AM EDT   SUNSET   808 PM EDT


-  INDICATES NEGATIVE NUMBERS.
R  INDICATES RECORD WAS SET OR TIED.
MM INDICATES DATA IS MISSING.
T  INDICATES TRACE AMOUNT.




$$
