000
CDUS41 KOKX 190627
CLIEWR


CLIMATE REPORT
NATIONAL WEATHER SERVICE NEW YORK NY
227 AM EDT WED AUG 19 2015


...................................

...THE NEWARK NJ CLIMATE SUMMARY FOR AUGUST 18 2015...

CLIMATE NORMAL PERIOD 1981 TO 2010
CLIMATE RECORD PERIOD 1929 TO 2015


WEATHER ITEM   OBSERVED TIME   RECORD YEAR NORMAL DEPARTURE LAST
                VALUE   (LST)  VALUE       VALUE  FROM      YEAR
                                                  NORMAL
..................................................................
TEMPERATURE (F)
 YESTERDAY
  MAXIMUM         91   1250 PM  97    2002  84      7       84
  MINIMUM         77   1159 PM  52    1941  68      9       63
  AVERAGE         84                        76      8       74

PRECIPITATION (IN)
  YESTERDAY        0.00          1.60 1955   0.12  -0.12     0.00
  MONTH TO DATE    1.21                      2.37  -1.16     1.17
  SINCE JUN 1      9.80                     11.15  -1.35    10.68
  SINCE JAN 1     27.41                     30.04  -2.63    34.03

SNOWFALL (IN)
  YESTERDAY        0.0           0.0  2002   0.0    0.0      0.0
                                      2001
  MONTH TO DATE    0.0                       0.0    0.0      0.0
  SINCE OCT 1     46.4                      28.5   17.9     61.1
  SINCE JUL 1      0.0                       0.0    0.0      0.0
  SNOW DEPTH       0

DEGREE DAYS
 HEATING
  YESTERDAY        0                         0      0        0
  MONTH TO DATE    0                         0      0        0
  SINCE JUN 1     29                        17     12        0
  SINCE JUL 1      0                         0      0        0

 COOLING
  YESTERDAY       19                        11      8        9
  MONTH TO DATE  255                       209     46      180
  SINCE JUN 1    945                       831    114      803
  SINCE JAN 1   1105                       907    198      865
..................................................................


WIND (MPH)
  HIGHEST WIND SPEED    17   HIGHEST WIND DIRECTION    SE (150)
  HIGHEST GUST SPEED    22   HIGHEST GUST DIRECTION     S (190)
  AVERAGE WIND SPEED     7.8


SKY COVER
  AVERAGE SKY COVER 0.5


WEATHER CONDITIONS
 THE FOLLOWING WEATHER WAS RECORDED YESTERDAY.
  NO SIGNIFICANT WEATHER WAS OBSERVED.


RELATIVE HUMIDITY (PERCENT)
 HIGHEST    82          1100 PM
 LOWEST     44          1200 PM
 AVERAGE    63

..........................................................


THE NEWARK NJ CLIMATE NORMALS FOR TODAY
                         NORMAL    RECORD    YEAR
 MAXIMUM TEMPERATURE (F)   84        96      2002
 MINIMUM TEMPERATURE (F)   67        54      1958


SUNRISE AND SUNSET
AUGUST 19 2015........SUNRISE   611 AM EDT   SUNSET   749 PM EDT
AUGUST 20 2015........SUNRISE   612 AM EDT   SUNSET   748 PM EDT


-  INDICATES NEGATIVE NUMBERS.
R  INDICATES RECORD WAS SET OR TIED.
MM INDICATES DATA IS MISSING.
T  INDICATES TRACE AMOUNT.




$$
