000
CDUS41 KOKX 082043
CLIEWR


CLIMATE REPORT
NATIONAL WEATHER SERVICE NEW YORK NY
436 PM EDT SAT APR 8 2017


...................................

...THE NEWARK NJ CLIMATE SUMMARY FOR APRIL 8 2017...
VALID TODAY AS OF 0400 PM LOCAL TIME.

CLIMATE NORMAL PERIOD 1981 TO 2010
CLIMATE RECORD PERIOD 1929 TO 2017


WEATHER ITEM   OBSERVED TIME   RECORD YEAR NORMAL DEPARTURE LAST
                VALUE   (LST)  VALUE       VALUE  FROM      YEAR
                                                  NORMAL
..................................................................
TEMPERATURE (F)
 TODAY
  MAXIMUM         59    259 PM  88    1991  59      0       50
  MINIMUM         40    616 AM  23    1982  41     -1       38
  AVERAGE         50                        50      0       44

PRECIPITATION (IN)
  TODAY            T             1.85 1940   0.15  -0.15      T
  MONTH TO DATE    2.04                      1.17   0.87     0.72
  SINCE MAR 1      7.11                      5.35   1.76     2.10
  SINCE JAN 1     13.85                     11.77   2.08    10.15

SNOWFALL (IN)
  TODAY            0.0           3.4  1956   0.0    0.0      0.0
  MONTH TO DATE    0.0                       0.4   -0.4       T
  SINCE OCT 1     30.0                      28.0    2.0     32.8
  SINCE JUL 1     30.0                      28.0    2.0     32.8
  SNOW DEPTH       0

DEGREE DAYS
 HEATING
  TODAY           15                        15      0       21
  MONTH TO DATE  126                       130     -4      154
  SINCE MAR 1    898                       839     59      648
  SINCE JUL 1   3907                      4474   -567     3521

 COOLING
  TODAY            0                         0      0        0
  MONTH TO DATE    0                         0      0        6
  SINCE MAR 1      0                         1     -1       11
  SINCE JAN 1      0                         1     -1       11
..................................................................


WIND (MPH)
  HIGHEST WIND SPEED    29   HIGHEST WIND DIRECTION     W (290)
  HIGHEST GUST SPEED    42   HIGHEST GUST DIRECTION     W (280)
  AVERAGE WIND SPEED    17.0


SKY COVER
  AVERAGE SKY COVER 0.5


WEATHER CONDITIONS
 THE FOLLOWING WEATHER WAS RECORDED TODAY.
  LIGHT RAIN


RELATIVE HUMIDITY (PERCENT)
 HIGHEST    59          1200 AM
 LOWEST     23           300 PM
 AVERAGE    41

..........................................................


THE NEWARK NJ CLIMATE NORMALS FOR TOMORROW
                         NORMAL    RECORD    YEAR
 MAXIMUM TEMPERATURE (F)   60        85      2013
 MINIMUM TEMPERATURE (F)   42        26      1977


SUNRISE AND SUNSET
APRIL  8 2017.........SUNRISE   629 AM EDT   SUNSET   729 PM EDT
APRIL  9 2017.........SUNRISE   627 AM EDT   SUNSET   730 PM EDT


-  INDICATES NEGATIVE NUMBERS.
R  INDICATES RECORD WAS SET OR TIED.
MM INDICATES DATA IS MISSING.
T  INDICATES TRACE AMOUNT.




$$
