000
CDUS41 KOKX 070618
CLIEWR


CLIMATE REPORT
NATIONAL WEATHER SERVICE NEW YORK NY
218 AM EDT SAT MAY 7 2016


...................................

...THE NEWARK NJ CLIMATE SUMMARY FOR MAY 6 2016...

CLIMATE NORMAL PERIOD 1981 TO 2010
CLIMATE RECORD PERIOD 1929 TO 2016


WEATHER ITEM   OBSERVED TIME   RECORD YEAR NORMAL DEPARTURE LAST
                VALUE   (LST)  VALUE       VALUE  FROM      YEAR
                                                  NORMAL
..................................................................
TEMPERATURE (F)
 YESTERDAY
  MAXIMUM         54    323 PM  93    1949  69    -15       71
  MINIMUM         49   1008 AM  40    1967  50     -1       57
                                      1931
  AVERAGE         52                        60     -8       64

PRECIPITATION (IN)
  YESTERDAY        0.62          1.70 1991   0.13   0.49      T
  MONTH TO DATE    1.57                      0.74   0.83      T
  SINCE MAR 1      4.07                      9.12  -5.05     6.30
  SINCE JAN 1     12.12                     15.54  -3.42    12.78

SNOWFALL (IN)
  YESTERDAY        0.0           T    1994   0.0    0.0      0.0
  MONTH TO DATE    0.0                       0.0    0.0      0.0
  SINCE OCT 1     36.4                      28.5    7.9     46.4
  SINCE JUL 1     36.4                      28.5    7.9     46.4
  SNOW DEPTH       0

DEGREE DAYS
 HEATING
  YESTERDAY       13                         6      7        1
  MONTH TO DATE   82                        42     40       22
  SINCE MAR 1    938                      1127   -189     1185
  SINCE JUL 1   3811                      4762   -951     5088

 COOLING
  YESTERDAY        0                         1     -1        0
  MONTH TO DATE    0                         6     -6       16
  SINCE MAR 1     18                        18      0       19
  SINCE JAN 1     18                        18      0       19
..................................................................


WIND (MPH)
  HIGHEST WIND SPEED    20   HIGHEST WIND DIRECTION    NE (30)
  HIGHEST GUST SPEED    28   HIGHEST GUST DIRECTION     E (90)
  AVERAGE WIND SPEED    10.5


SKY COVER
  AVERAGE SKY COVER 1.0


WEATHER CONDITIONS
 THE FOLLOWING WEATHER WAS RECORDED YESTERDAY.
  HEAVY RAIN
  RAIN
  LIGHT RAIN
  FOG


RELATIVE HUMIDITY (PERCENT)
 HIGHEST    93           500 AM
 LOWEST     71           200 AM
 AVERAGE    82

..........................................................


THE NEWARK NJ CLIMATE NORMALS FOR TODAY
                         NORMAL    RECORD    YEAR
 MAXIMUM TEMPERATURE (F)   69        94      2000
 MINIMUM TEMPERATURE (F)   51        38      1996
                                             1970


SUNRISE AND SUNSET
MAY  7 2016...........SUNRISE   548 AM EDT   SUNSET   759 PM EDT
MAY  8 2016...........SUNRISE   546 AM EDT   SUNSET   800 PM EDT


-  INDICATES NEGATIVE NUMBERS.
R  INDICATES RECORD WAS SET OR TIED.
MM INDICATES DATA IS MISSING.
T  INDICATES TRACE AMOUNT.




$$
