763
CDUS41 KOKX 070617
CLIEWR


CLIMATE REPORT
NATIONAL WEATHER SERVICE NEW YORK NY
117 AM EST THU DEC 7 2017


...................................

...THE NEWARK NJ CLIMATE SUMMARY FOR DECEMBER 6 2017...

CLIMATE NORMAL PERIOD 1981 TO 2010
CLIMATE RECORD PERIOD 1929 TO 2017


WEATHER ITEM   OBSERVED TIME   RECORD YEAR NORMAL DEPARTURE LAST
                VALUE   (LST)  VALUE       VALUE  FROM      YEAR
                                                  NORMAL
..................................................................
TEMPERATURE (F)
 YESTERDAY
  MAXIMUM         59    154 AM  74    2001  47     12       46
  MINIMUM         37   1053 PM  17    1954  33      4       34
  AVERAGE         48                        40      8       40

PRECIPITATION (IN)
  YESTERDAY        T             1.19 1996   0.13  -0.13     0.44
  MONTH TO DATE    0.31                      0.79  -0.48     0.71
  SINCE DEC 1      0.31                      0.79  -0.48     0.71
  SINCE JAN 1     46.16                     43.23   2.93    36.21

SNOWFALL (IN)
  YESTERDAY        0.0           8.5  2003   0.1   -0.1       T
  MONTH TO DATE    0.0                       0.6   -0.6       T
  SINCE OCT 1      T                         1.0   -1.0       T
  SINCE JUL 1      T                         1.0   -1.0       T
  SNOW DEPTH       0

DEGREE DAYS
 HEATING
  YESTERDAY       17                        25     -8       25
  MONTH TO DATE  114                       147    -33      122
  SINCE DEC 1    114                       147    -33      122
  SINCE JUL 1    799                      1015   -216      805

 COOLING
  YESTERDAY        0                         0      0        0
  MONTH TO DATE    0                         0      0        0
  SINCE DEC 1      0                         0      0        0
  SINCE JAN 1   1316                      1192    124     1571
..................................................................


WIND (MPH)
  HIGHEST WIND SPEED    25   HIGHEST WIND DIRECTION     W (270)
  HIGHEST GUST SPEED    32   HIGHEST GUST DIRECTION     W (280)
  AVERAGE WIND SPEED    13.2


SKY COVER
  AVERAGE SKY COVER 0.8


WEATHER CONDITIONS
 THE FOLLOWING WEATHER WAS RECORDED YESTERDAY.
  LIGHT RAIN


RELATIVE HUMIDITY (PERCENT)
 HIGHEST    93           100 AM
 LOWEST     27           300 PM
 AVERAGE    60

..........................................................


THE NEWARK NJ CLIMATE NORMALS FOR TODAY
                         NORMAL    RECORD    YEAR
 MAXIMUM TEMPERATURE (F)   46        76      1998
 MINIMUM TEMPERATURE (F)   32        16      1954


SUNRISE AND SUNSET
DECEMBER  7 2017......SUNRISE   707 AM EST   SUNSET   429 PM EST
DECEMBER  8 2017......SUNRISE   708 AM EST   SUNSET   429 PM EST


-  INDICATES NEGATIVE NUMBERS.
R  INDICATES RECORD WAS SET OR TIED.
MM INDICATES DATA IS MISSING.
T  INDICATES TRACE AMOUNT.




$$
