000
CDUS41 KOKX 150656
CLIEWR


CLIMATE REPORT
NATIONAL WEATHER SERVICE NEW YORK NY
155 AM EST TUE NOV 15 2016


...................................

...THE NEWARK NJ CLIMATE SUMMARY FOR NOVEMBER 14 2016...

CLIMATE NORMAL PERIOD 1981 TO 2010
CLIMATE RECORD PERIOD 1929 TO 2016


WEATHER ITEM   OBSERVED TIME   RECORD YEAR NORMAL DEPARTURE LAST
                VALUE   (LST)  VALUE       VALUE  FROM      YEAR
                                                  NORMAL
..................................................................
TEMPERATURE (F)
 YESTERDAY
  MAXIMUM         63    155 PM  73    1993  55      8       51
  MINIMUM         37    649 AM  21    1986  40     -3       41
  AVERAGE         50                        47      3       46

PRECIPITATION (IN)
  YESTERDAY        0.00          1.42 1972   0.12  -0.12     0.00
  MONTH TO DATE    0.20                      1.62  -1.42     0.42
  SINCE SEP 1      5.37                      9.04  -3.67     6.10
  SINCE JAN 1     29.18                     40.41 -11.23    33.70

SNOWFALL (IN)
  YESTERDAY        0.0           T    2014   0.0    0.0      0.0
                                      1995
  MONTH TO DATE    0.0                       0.0    0.0      0.0
  SINCE OCT 1      0.0                       0.0    0.0      0.0
  SINCE JUL 1      0.0                       0.0    0.0      0.0
  SNOW DEPTH       0

DEGREE DAYS
 HEATING
  YESTERDAY       15                        18     -3       19
  MONTH TO DATE  174                       218    -44      113
  SINCE SEP 1    405                       538   -133      357
  SINCE JUL 1    405                       539   -134      357

 COOLING
  YESTERDAY        0                         0      0        0
  MONTH TO DATE    1                         0      1        5
  SINCE SEP 1    261                       157    104      273
  SINCE JAN 1   1571                      1191    380     1555
..................................................................


WIND (MPH)
  HIGHEST WIND SPEED    15   HIGHEST WIND DIRECTION     W (250)
  HIGHEST GUST SPEED    19   HIGHEST GUST DIRECTION    SW (240)
  AVERAGE WIND SPEED     5.8


SKY COVER
  AVERAGE SKY COVER 0.4


WEATHER CONDITIONS
 THE FOLLOWING WEATHER WAS RECORDED YESTERDAY.
  NO SIGNIFICANT WEATHER WAS OBSERVED.


RELATIVE HUMIDITY (PERCENT)
 HIGHEST    59           700 AM
 LOWEST     20           200 PM
 AVERAGE    40

..........................................................


THE NEWARK NJ CLIMATE NORMALS FOR TODAY
                         NORMAL    RECORD    YEAR
 MAXIMUM TEMPERATURE (F)   55        80      1993
 MINIMUM TEMPERATURE (F)   39        18      1933


SUNRISE AND SUNSET
NOVEMBER 15 2016......SUNRISE   644 AM EST   SUNSET   438 PM EST
NOVEMBER 16 2016......SUNRISE   645 AM EST   SUNSET   438 PM EST


-  INDICATES NEGATIVE NUMBERS.
R  INDICATES RECORD WAS SET OR TIED.
MM INDICATES DATA IS MISSING.
T  INDICATES TRACE AMOUNT.




$$
