000
CDUS41 KOKX 252245
CLIEWR


CLIMATE REPORT
NATIONAL WEATHER SERVICE NEW YORK NY
645 PM EDT SAT JUL 25 2015


...................................

...THE NEWARK NJ CLIMATE SUMMARY FOR JULY 25 2015...
VALID TODAY AS OF 0500 PM LOCAL TIME.

CLIMATE NORMAL PERIOD 1981 TO 2010
CLIMATE RECORD PERIOD 1929 TO 2015


WEATHER ITEM   OBSERVED TIME   RECORD YEAR NORMAL DEPARTURE LAST
                VALUE   (LST)  VALUE       VALUE  FROM      YEAR
                                                  NORMAL
..................................................................
TEMPERATURE (F)
 TODAY
  MAXIMUM         87    140 PM  98    1999  86      1       85
  MINIMUM         65    511 AM  57    1932  69     -4       66
  AVERAGE         76                        78     -2       76

PRECIPITATION (IN)
  TODAY            0.00          1.41 1997   0.16  -0.16     0.00
  MONTH TO DATE    1.84                      3.74  -1.90     4.67
  SINCE JUN 1      7.74                      7.76  -0.02     9.08
  SINCE JAN 1     25.35                     26.65  -1.30    32.43

SNOWFALL (IN)
  TODAY            0.0           0.0  2002   0.0    0.0      0.0
                                      2001
  MONTH TO DATE    0.0                       0.0    0.0      0.0
  SINCE OCT 1     46.4                      28.5   17.9     61.1
  SINCE JUL 1      0.0                       0.0    0.0      0.0
  SNOW DEPTH       0

DEGREE DAYS
 HEATING
  TODAY            0                         0      0        0
  MONTH TO DATE    0                         0      0        0
  SINCE JUN 1     29                        17     12        0
  SINCE JUL 1      0                         0      0        0

 COOLING
  TODAY           11                        13     -2       11
  MONTH TO DATE  334                       313     21      322
  SINCE JUN 1    583                       552     31      564
  SINCE JAN 1    743                       628    115      626
..................................................................


WIND (MPH)
  HIGHEST WIND SPEED    14   HIGHEST WIND DIRECTION    SE (150)
  HIGHEST GUST SPEED    18   HIGHEST GUST DIRECTION    SE (150)
  AVERAGE WIND SPEED     6.5


SKY COVER
  AVERAGE SKY COVER 0.5


WEATHER CONDITIONS
 THE FOLLOWING WEATHER WAS RECORDED TODAY.
  NO SIGNIFICANT WEATHER WAS OBSERVED.


RELATIVE HUMIDITY (PERCENT)
 HIGHEST    68           500 AM
 LOWEST     29          1100 AM
 AVERAGE    49

..........................................................


THE NEWARK NJ CLIMATE NORMALS FOR TOMORROW
                         NORMAL    RECORD    YEAR
 MAXIMUM TEMPERATURE (F)   86        99      2005
                                             1989
                                             1940
 MINIMUM TEMPERATURE (F)   69        57      1953


SUNRISE AND SUNSET
JULY 25 2015..........SUNRISE   547 AM EDT   SUNSET   819 PM EDT
JULY 26 2015..........SUNRISE   548 AM EDT   SUNSET   818 PM EDT


-  INDICATES NEGATIVE NUMBERS.
R  INDICATES RECORD WAS SET OR TIED.
MM INDICATES DATA IS MISSING.
T  INDICATES TRACE AMOUNT.




$$
