000
CDUS41 KOKX 180620
CLIEWR


CLIMATE REPORT
NATIONAL WEATHER SERVICE NEW YORK NY
220 AM EDT FRI JUL 18 2014


...................................

...THE NEWARK NJ CLIMATE SUMMARY FOR JULY 17 2014...

CLIMATE NORMAL PERIOD 1981 TO 2010
CLIMATE RECORD PERIOD 1929 TO 2014


WEATHER ITEM   OBSERVED TIME   RECORD YEAR NORMAL DEPARTURE LAST
                VALUE   (LST)  VALUE       VALUE  FROM      YEAR
                                                  NORMAL
..................................................................
TEMPERATURE (F)
 YESTERDAY
  MAXIMUM         84    343 PM 100    2012  86     -2       95
                                      1997
                                      1988
  MINIMUM         65    500 AM  56    1946  69     -4       78
  AVERAGE         75                        78     -3       87

PRECIPITATION (IN)
  YESTERDAY        0.00          3.50 1995   0.16  -0.16     0.00
  MONTH TO DATE    4.48                      2.46   2.02     2.87
  SINCE JUN 1      8.89                      6.48   2.41    11.61
  SINCE JAN 1     32.24                     25.37   6.87    27.86

SNOWFALL (IN)
  YESTERDAY        0.0           0.0  2002   0.0    0.0      0.0
                                      2001
  MONTH TO DATE    0.0                       0.0    0.0      0.0
  SINCE OCT 1     61.1                      28.5   32.6     29.5
  SINCE JUL 1      0.0                       0.0    0.0      0.0
  SNOW DEPTH       0

DEGREE DAYS
 HEATING
  YESTERDAY        0                         0      0        0
  MONTH TO DATE    0                         0      0        0
  SINCE JUN 1      0                        17    -17        8
  SINCE JUL 1      0                         0      0        0

 COOLING
  YESTERDAY       10                        13     -3       22
  MONTH TO DATE  232                       209     23      298
  SINCE JUN 1    478                       448     30      563
  SINCE JAN 1    540                       524     16      663
..................................................................


WIND (MPH)
  HIGHEST WIND SPEED    18   HIGHEST WIND DIRECTION     W (250)
  HIGHEST GUST SPEED    23   HIGHEST GUST DIRECTION     W (270)
  AVERAGE WIND SPEED     8.4


SKY COVER
  AVERAGE SKY COVER 0.6


WEATHER CONDITIONS
 THE FOLLOWING WEATHER WAS RECORDED YESTERDAY.
  NO SIGNIFICANT WEATHER WAS OBSERVED.


RELATIVE HUMIDITY (PERCENT)
 HIGHEST    78           300 AM
 LOWEST     32           300 PM
 AVERAGE    55

..........................................................


THE NEWARK NJ CLIMATE NORMALS FOR TODAY
                         NORMAL    RECORD    YEAR
 MAXIMUM TEMPERATURE (F)   86       104      2012
 MINIMUM TEMPERATURE (F)   69        58      1946


SUNRISE AND SUNSET
JULY 18 2014..........SUNRISE   541 AM EDT   SUNSET   825 PM EDT
JULY 19 2014..........SUNRISE   542 AM EDT   SUNSET   824 PM EDT


-  INDICATES NEGATIVE NUMBERS.
R  INDICATES RECORD WAS SET OR TIED.
MM INDICATES DATA IS MISSING.
T  INDICATES TRACE AMOUNT.




$$
