000
CDUS41 KOKX 090617
CLIEWR


CLIMATE REPORT
NATIONAL WEATHER SERVICE NEW YORK NY
117 AM EST THU FEB 9 2017


...................................

...THE NEWARK NJ CLIMATE SUMMARY FOR FEBRUARY 8 2017...

CLIMATE NORMAL PERIOD 1981 TO 2010
CLIMATE RECORD PERIOD 1929 TO 2017


WEATHER ITEM   OBSERVED TIME   RECORD YEAR NORMAL DEPARTURE LAST
                VALUE   (LST)  VALUE       VALUE  FROM      YEAR
                                                  NORMAL
..................................................................
TEMPERATURE (F)
 YESTERDAY
  MAXIMUM         65R   109 PM  63    1965  41     24       40
  MINIMUM         39    544 AM  -7    1934  26     13       29
  AVERAGE         52                        33     19       35

PRECIPITATION (IN)
  YESTERDAY        0.04          1.12 1994   0.10  -0.06     0.02
  MONTH TO DATE    0.31                      0.81  -0.50     1.14
  SINCE DEC 1      7.87                      8.16  -0.29     9.55
  SINCE JAN 1      4.96                      4.35   0.61     5.15

SNOWFALL (IN)
  YESTERDAY        0.0           9.9  1994   0.3   -0.3      0.2
  MONTH TO DATE    T                         2.7   -2.7      3.0
  SINCE OCT 1     12.7                      16.4   -3.7     29.0
  SINCE JUL 1     12.7                      16.4   -3.7     29.0
  SNOW DEPTH       0

DEGREE DAYS
 HEATING
  YESTERDAY       13                        32    -19       30
  MONTH TO DATE  215                       258    -43      190
  SINCE DEC 1   1888                      2174   -286     1631
  SINCE JUL 1   2571                      3042   -471     2263

 COOLING
  YESTERDAY        0                         0      0        0
  MONTH TO DATE    0                         0      0        0
  SINCE DEC 1      0                         0      0        0
  SINCE JAN 1      0                         0      0        0
..................................................................


WIND (MPH)
  HIGHEST WIND SPEED    21   HIGHEST WIND DIRECTION     N (340)
  HIGHEST GUST SPEED    24   HIGHEST GUST DIRECTION    NW (300)
  AVERAGE WIND SPEED     9.0


SKY COVER
  AVERAGE SKY COVER 0.8


WEATHER CONDITIONS
 THE FOLLOWING WEATHER WAS RECORDED YESTERDAY.
  LIGHT RAIN
  FOG
  FOG W/VISIBILITY <= 1/4 MILE
  HAZE


RELATIVE HUMIDITY (PERCENT)
 HIGHEST   100           100 AM
 LOWEST     43           300 PM
 AVERAGE    72

..........................................................


THE NEWARK NJ CLIMATE NORMALS FOR TODAY
                         NORMAL    RECORD    YEAR
 MAXIMUM TEMPERATURE (F)   41        63      1990
 MINIMUM TEMPERATURE (F)   26       -14      1934


SUNRISE AND SUNSET
FEBRUARY  9 2017......SUNRISE   658 AM EST   SUNSET   525 PM EST
FEBRUARY 10 2017......SUNRISE   657 AM EST   SUNSET   526 PM EST


-  INDICATES NEGATIVE NUMBERS.
R  INDICATES RECORD WAS SET OR TIED.
MM INDICATES DATA IS MISSING.
T  INDICATES TRACE AMOUNT.




$$
