000
CDUS41 KOKX 020639
CLIEWR


CLIMATE REPORT
NATIONAL WEATHER SERVICE NEW YORK NY
139 AM EST TUE JAN 2 2018


...................................

...THE NEWARK NJ CLIMATE SUMMARY FOR JANUARY 1 2018...

CLIMATE NORMAL PERIOD 1981 TO 2010
CLIMATE RECORD PERIOD 1929 TO 2018


WEATHER ITEM   OBSERVED TIME   RECORD YEAR NORMAL DEPARTURE LAST
                VALUE   (LST)  VALUE       VALUE  FROM      YEAR
                                                  NORMAL
..................................................................
TEMPERATURE (F)
 YESTERDAY
  MAXIMUM         20    349 PM  63    1973  40    -20       50
  MINIMUM          6R   741 AM  11    1997  26    -20       33
                                      1963
  AVERAGE         13                        32    -19       42

PRECIPITATION (IN)
  YESTERDAY        0.00          1.73 2003   0.12  -0.12      T
  MONTH TO DATE    0.00                      0.12  -0.12      T
  SINCE DEC 1      1.64                      3.93  -2.29     2.91
  SINCE JAN 1      0.00                      0.12  -0.12      T

SNOWFALL (IN)
  YESTERDAY        0.0           7.4  1971   0.2   -0.2      0.0
  MONTH TO DATE    0.0                       0.2   -0.2      0.0
  SINCE OCT 1      7.7                       6.0    1.7      3.4
  SINCE JUL 1      7.7                       6.0    1.7      3.4
  SNOW DEPTH       T

DEGREE DAYS
 HEATING
  YESTERDAY       52                        32     20       23
  MONTH TO DATE   52                        32     20       23
  SINCE DEC 1    987                       914     73      863
  SINCE JUL 1   1672                      1782   -110     1546

 COOLING
  YESTERDAY        0                         0      0        0
  MONTH TO DATE    0                         0      0        0
  SINCE DEC 1      0                         0      0        0
  SINCE JAN 1      0                         0      0        0
..................................................................


WIND (MPH)
  HIGHEST WIND SPEED    24   HIGHEST WIND DIRECTION    NW (330)
  HIGHEST GUST SPEED    32   HIGHEST GUST DIRECTION    NW (320)
  AVERAGE WIND SPEED    12.8


SKY COVER
  AVERAGE SKY COVER 0.1


WEATHER CONDITIONS
 THE FOLLOWING WEATHER WAS RECORDED YESTERDAY.
  NO SIGNIFICANT WEATHER WAS OBSERVED.


RELATIVE HUMIDITY (PERCENT)
 HIGHEST    63           500 AM
 LOWEST     34           200 PM
 AVERAGE    49

..........................................................


THE NEWARK NJ CLIMATE NORMALS FOR TODAY
                         NORMAL    RECORD    YEAR
 MAXIMUM TEMPERATURE (F)   39        63      1979
 MINIMUM TEMPERATURE (F)   25         7      1968


SUNRISE AND SUNSET
JANUARY  2 2018.......SUNRISE   721 AM EST   SUNSET   441 PM EST
JANUARY  3 2018.......SUNRISE   721 AM EST   SUNSET   442 PM EST


-  INDICATES NEGATIVE NUMBERS.
R  INDICATES RECORD WAS SET OR TIED.
MM INDICATES DATA IS MISSING.
T  INDICATES TRACE AMOUNT.




$$
