000
CDUS41 KOKX 312045
CLIEWR


CLIMATE REPORT
NATIONAL WEATHER SERVICE NEW YORK NY
445 PM EDT THU AUG 31 2017


...................................

...THE NEWARK NJ CLIMATE SUMMARY FOR AUGUST 31 2017...
VALID TODAY AS OF 0400 PM LOCAL TIME.

CLIMATE NORMAL PERIOD 1981 TO 2010
CLIMATE RECORD PERIOD 1929 TO 2017


WEATHER ITEM   OBSERVED TIME   RECORD YEAR NORMAL DEPARTURE LAST
                VALUE   (LST)  VALUE       VALUE  FROM      YEAR
                                                  NORMAL
..................................................................
TEMPERATURE (F)
 TODAY
  MAXIMUM         84   1250 PM 102    1953  82      2       92
  MINIMUM         61    520 AM  47    1934  65     -4       74
  AVERAGE         73                        73      0       83

PRECIPITATION (IN)
  TODAY            0.03          1.36 1950   0.10  -0.07      T
  MONTH TO DATE    5.49                      3.70   1.79     0.93
  SINCE JUN 1     15.14                     12.48   2.66     9.41
  SINCE JAN 1     37.68                     31.37   6.31    23.81

SNOWFALL (IN)
  TODAY            0.0           0.0  2002   0.0    0.0      0.0
                                      2001
  MONTH TO DATE    0.0                       0.0    0.0      0.0
  SINCE OCT 1     30.0                      28.5    1.5     32.8
  SINCE JUL 1      0.0                       0.0    0.0      0.0
  SNOW DEPTH       0

DEGREE DAYS
 HEATING
  TODAY            0                         0      0        0
  MONTH TO DATE    0                         0      0        0
  SINCE JUN 1     18                        18      0        4
  SINCE JUL 1      0                         1     -1        0

 COOLING
  TODAY            8                         9     -1       18
  MONTH TO DATE  285                       336    -51      472
  SINCE JUN 1    933                       958    -25     1192
  SINCE JAN 1   1028                      1034     -6     1310
..................................................................


WIND (MPH)
  HIGHEST WIND SPEED    28   HIGHEST WIND DIRECTION    NW (300)
  HIGHEST GUST SPEED    34   HIGHEST GUST DIRECTION    NW (300)
  AVERAGE WIND SPEED     9.1


SKY COVER
  AVERAGE SKY COVER 0.5


WEATHER CONDITIONS
 THE FOLLOWING WEATHER WAS RECORDED TODAY.
  LIGHT RAIN


RELATIVE HUMIDITY (PERCENT)
 HIGHEST    90           500 AM
 LOWEST     45           200 PM
 AVERAGE    68

..........................................................


THE NEWARK NJ CLIMATE NORMALS FOR TOMORROW
                         NORMAL    RECORD    YEAR
 MAXIMUM TEMPERATURE (F)   82        98      2010
 MINIMUM TEMPERATURE (F)   65        50      1934


SUNRISE AND SUNSET
AUGUST 31 2017........SUNRISE   623 AM EDT   SUNSET   730 PM EDT
SEPTEMBER  1 2017.....SUNRISE   624 AM EDT   SUNSET   728 PM EDT


-  INDICATES NEGATIVE NUMBERS.
R  INDICATES RECORD WAS SET OR TIED.
MM INDICATES DATA IS MISSING.
T  INDICATES TRACE AMOUNT.




$$
