000
CDUS41 KOKX 302044
CLIEWR


CLIMATE REPORT
NATIONAL WEATHER SERVICE NEW YORK NY
444 PM EDT FRI JUN 30 2017


...................................

...THE NEWARK NJ CLIMATE SUMMARY FOR JUNE 30 2017...
VALID TODAY AS OF 0400 PM LOCAL TIME.

CLIMATE NORMAL PERIOD 1981 TO 2010
CLIMATE RECORD PERIOD 1929 TO 2017


WEATHER ITEM   OBSERVED TIME   RECORD YEAR NORMAL DEPARTURE LAST
                VALUE   (LST)  VALUE       VALUE  FROM      YEAR
                                                  NORMAL
..................................................................
TEMPERATURE (F)
 TODAY
  MAXIMUM         91    229 PM  99    1964  85      6       88
  MINIMUM         73    538 AM  55    1940  67      6       67
  AVERAGE         82                        76      6       78

PRECIPITATION (IN)
  TODAY            0.00          1.95 1984   0.12  -0.12     0.00
  MONTH TO DATE    5.29                      4.02   1.27     2.40
  SINCE JUN 1      5.29                      4.02   1.27     2.40
  SINCE JAN 1     27.83                     22.91   4.92    16.80

SNOWFALL (IN)
  TODAY            0.0           0.0  2002   0.0    0.0      0.0
                                      2001
  MONTH TO DATE    0.0                       0.0    0.0      0.0
  SINCE OCT 1     30.0                      28.5    1.5     32.8
  SINCE JUL 1     30.0                      28.5    1.5     32.8
  SNOW DEPTH       0

DEGREE DAYS
 HEATING
  TODAY            0                         0      0        0
  MONTH TO DATE   18                        15      3        4
  SINCE JUN 1     18                        17      1        4
  SINCE JUL 1   4233                      4872   -639     3899

 COOLING
  TODAY           17                        11      6       13
  MONTH TO DATE  257                       239     18      250
  SINCE JUN 1    257                       239     18      250
  SINCE JAN 1    352                       315     37      368
..................................................................


WIND (MPH)
  HIGHEST WIND SPEED    21   HIGHEST WIND DIRECTION     S (200)
  HIGHEST GUST SPEED    26   HIGHEST GUST DIRECTION     S (190)
  AVERAGE WIND SPEED    13.7


SKY COVER
  AVERAGE SKY COVER 0.8


WEATHER CONDITIONS
 THE FOLLOWING WEATHER WAS RECORDED TODAY.
  NO SIGNIFICANT WEATHER WAS OBSERVED.


RELATIVE HUMIDITY (PERCENT)
 HIGHEST    68           400 AM
 LOWEST     50          1100 AM
 AVERAGE    59

..........................................................


THE NEWARK NJ CLIMATE NORMALS FOR TOMORROW
                         NORMAL    RECORD    YEAR
 MAXIMUM TEMPERATURE (F)   85       100      1963
 MINIMUM TEMPERATURE (F)   68        52      1943


SUNRISE AND SUNSET
JUNE 30 2017..........SUNRISE   529 AM EDT   SUNSET   832 PM EDT
JULY  1 2017..........SUNRISE   529 AM EDT   SUNSET   832 PM EDT


-  INDICATES NEGATIVE NUMBERS.
R  INDICATES RECORD WAS SET OR TIED.
MM INDICATES DATA IS MISSING.
T  INDICATES TRACE AMOUNT.




$$
