349
CDUS41 KOKX 112132
CLIEWR


CLIMATE REPORT
NATIONAL WEATHER SERVICE NEW YORK NY
432 PM EST WED JAN 11 2017


...................................

...THE NEWARK NJ CLIMATE SUMMARY FOR JANUARY 11 2017...
VALID TODAY AS OF 0400 PM LOCAL TIME.

CLIMATE NORMAL PERIOD 1981 TO 2010
CLIMATE RECORD PERIOD 1929 TO 2017


WEATHER ITEM   OBSERVED TIME   RECORD YEAR NORMAL DEPARTURE LAST
                VALUE   (LST)  VALUE       VALUE  FROM      YEAR
                                                  NORMAL
..................................................................
TEMPERATURE (F)
 TODAY
  MAXIMUM         53    300 PM  66    1975  39     14       39
  MINIMUM         40    744 AM  -2    1982  24     16       24
  AVERAGE         47                        31     16       32

PRECIPITATION (IN)
  TODAY            0.30          0.95 1991   0.12   0.18     0.00
  MONTH TO DATE    1.40                      1.30   0.10     1.78
  SINCE DEC 1      4.31                      5.11  -0.80     6.18
  SINCE JAN 1      1.40                      1.30   0.10     1.78

SNOWFALL (IN)
  TODAY            0.0           5.7  1991   0.2   -0.2      0.0
  MONTH TO DATE    7.4                       2.7    4.7      0.0
  SINCE OCT 1     10.8                       8.5    2.3      0.3
  SINCE JUL 1     10.8                       8.5    2.3      0.3
  SNOW DEPTH       0

DEGREE DAYS
 HEATING
  TODAY           18                        34    -16       33
  MONTH TO DATE  351                       364    -13      327
  SINCE DEC 1   1191                      1246    -55      792
  SINCE JUL 1   1874                      2114   -240     1424

 COOLING
  TODAY            0                         0      0        0
  MONTH TO DATE    0                         0      0        0
  SINCE DEC 1      0                         0      0        0
  SINCE JAN 1      0                         0      0        0
..................................................................


WIND (MPH)
  HIGHEST WIND SPEED    23   HIGHEST WIND DIRECTION    SW (220)
  HIGHEST GUST SPEED    30   HIGHEST GUST DIRECTION    SW (220)
  AVERAGE WIND SPEED    10.1


SKY COVER
  AVERAGE SKY COVER 0.8


WEATHER CONDITIONS
 THE FOLLOWING WEATHER WAS RECORDED TODAY.
  RAIN
  LIGHT RAIN
  FOG


RELATIVE HUMIDITY (PERCENT)
 HIGHEST    93           300 AM
 LOWEST     54           300 PM
 AVERAGE    74

..........................................................


THE NEWARK NJ CLIMATE NORMALS FOR TOMORROW
                         NORMAL    RECORD    YEAR
 MAXIMUM TEMPERATURE (F)   39        61      1975
 MINIMUM TEMPERATURE (F)   24        -1      1981


SUNRISE AND SUNSET
JANUARY 11 2017.......SUNRISE   720 AM EST   SUNSET   450 PM EST
JANUARY 12 2017.......SUNRISE   720 AM EST   SUNSET   451 PM EST


-  INDICATES NEGATIVE NUMBERS.
R  INDICATES RECORD WAS SET OR TIED.
MM INDICATES DATA IS MISSING.
T  INDICATES TRACE AMOUNT.




$$
