000
CDUS41 KOKX 210619
CLIEWR


CLIMATE REPORT
NATIONAL WEATHER SERVICE NEW YORK NY
219 AM EDT SUN JUN 21 2015


...................................

...THE NEWARK NJ CLIMATE SUMMARY FOR JUNE 20 2015...

CLIMATE NORMAL PERIOD 1981 TO 2010
CLIMATE RECORD PERIOD 1929 TO 2015


WEATHER ITEM   OBSERVED TIME   RECORD YEAR NORMAL DEPARTURE LAST
                VALUE   (LST)  VALUE       VALUE  FROM      YEAR
                                                  NORMAL
..................................................................
TEMPERATURE (F)
 YESTERDAY
  MAXIMUM         74   1205 AM  98    2012  83     -9       83
  MINIMUM         65   1201 PM  52    1956  65      0       61
  AVERAGE         70                        74     -4       72

PRECIPITATION (IN)
  YESTERDAY        0.02          0.65 1955   0.12  -0.10     0.00
  MONTH TO DATE    4.07                      2.77   1.30     4.20
  SINCE JUN 1      4.07                      2.77   1.30     4.20
  SINCE JAN 1     21.68                     21.66   0.02    27.55

SNOWFALL (IN)
  YESTERDAY        0.0           0.0  2002   0.0    0.0      0.0
                                      2001
  MONTH TO DATE    0.0                       0.0    0.0      0.0
  SINCE OCT 1     46.4                      28.5   17.9     61.1
  SINCE JUL 1     46.4                      28.5   17.9     61.1
  SNOW DEPTH       0

DEGREE DAYS
 HEATING
  YESTERDAY        0                         0      0        0
  MONTH TO DATE   29                        15     14        0
  SINCE JUN 1     29                        15     14        0
  SINCE JUL 1   5143                      4870    273     5166

 COOLING
  YESTERDAY        5                         9     -4        7
  MONTH TO DATE  142                       135      7      146
  SINCE JUN 1    142                       135      7      146
  SINCE JAN 1    302                       211     91      208
..................................................................


WIND (MPH)
  HIGHEST WIND SPEED    13   HIGHEST WIND DIRECTION     E (80)
  HIGHEST GUST SPEED    20   HIGHEST GUST DIRECTION     E (70)
  AVERAGE WIND SPEED     7.4


SKY COVER
  AVERAGE SKY COVER 0.9


WEATHER CONDITIONS
 THE FOLLOWING WEATHER WAS RECORDED YESTERDAY.
  LIGHT RAIN
  FOG


RELATIVE HUMIDITY (PERCENT)
 HIGHEST    97           700 PM
 LOWEST     57           200 AM
 AVERAGE    77

..........................................................


THE NEWARK NJ CLIMATE NORMALS FOR TODAY
                         NORMAL    RECORD    YEAR
 MAXIMUM TEMPERATURE (F)   83       100      1953
 MINIMUM TEMPERATURE (F)   65        46      1940


SUNRISE AND SUNSET
JUNE 21 2015..........SUNRISE   526 AM EDT   SUNSET   831 PM EDT
JUNE 22 2015..........SUNRISE   526 AM EDT   SUNSET   831 PM EDT


-  INDICATES NEGATIVE NUMBERS.
R  INDICATES RECORD WAS SET OR TIED.
MM INDICATES DATA IS MISSING.
T  INDICATES TRACE AMOUNT.




$$
