485
CDUS41 KOKX 130628
CLIEWR


CLIMATE REPORT
NATIONAL WEATHER SERVICE NEW YORK NY
225 AM EDT MON MAR 13 2017


...................................

...THE NEWARK NJ CLIMATE SUMMARY FOR MARCH 12 2017...

CLIMATE NORMAL PERIOD 1981 TO 2010
CLIMATE RECORD PERIOD 1929 TO 2017


WEATHER ITEM   OBSERVED TIME   RECORD YEAR NORMAL DEPARTURE LAST
                VALUE   (LST)  VALUE       VALUE  FROM      YEAR
                                                  NORMAL
..................................................................
TEMPERATURE (F)
 YESTERDAY
  MAXIMUM         32    436 PM  73    2012  49    -17       60
  MINIMUM         20    643 AM  13    1934  32    -12       38
  AVERAGE         26                        41    -15       49

PRECIPITATION (IN)
  YESTERDAY        0.00          2.35 1962   0.13  -0.13     0.00
  MONTH TO DATE    0.51                      1.50  -0.99     0.27
  SINCE MAR 1      0.51                      1.50  -0.99     0.27
  SINCE JAN 1      7.25                      7.92  -0.67     8.32

SNOWFALL (IN)
  YESTERDAY        0.0           5.3  1959   0.2   -0.2      0.0
  MONTH TO DATE    2.4                       2.5   -0.1      1.4
  SINCE OCT 1     23.0                      25.5   -2.5     32.6
  SINCE JUL 1     23.0                      25.5   -2.5     32.6
  SNOW DEPTH       0

DEGREE DAYS
 HEATING
  YESTERDAY       39                        24     15       16
  MONTH TO DATE  297                       310    -13      214
  SINCE MAR 1    297                       310    -13      214
  SINCE JUL 1   3306                      3945   -639     3087

 COOLING
  YESTERDAY        0                         0      0        0
  MONTH TO DATE    0                         0      0        5
  SINCE MAR 1      0                         0      0        5
  SINCE JAN 1      0                         0      0        5
..................................................................


WIND (MPH)
  HIGHEST WIND SPEED    26   HIGHEST WIND DIRECTION     W (280)
  HIGHEST GUST SPEED    34   HIGHEST GUST DIRECTION     W (280)
  AVERAGE WIND SPEED    15.7


SKY COVER
  AVERAGE SKY COVER 0.4


WEATHER CONDITIONS
 THE FOLLOWING WEATHER WAS RECORDED YESTERDAY.
  NO SIGNIFICANT WEATHER WAS OBSERVED.


RELATIVE HUMIDITY (PERCENT)
 HIGHEST    52           100 AM
 LOWEST     27           600 PM
 AVERAGE    40

..........................................................


THE NEWARK NJ CLIMATE NORMALS FOR TODAY
                         NORMAL    RECORD    YEAR
 MAXIMUM TEMPERATURE (F)   50        86      1990
 MINIMUM TEMPERATURE (F)   33        18      1948


SUNRISE AND SUNSET
MARCH 13 2017.........SUNRISE   711 AM EDT   SUNSET   702 PM EDT
MARCH 14 2017.........SUNRISE   710 AM EDT   SUNSET   703 PM EDT


-  INDICATES NEGATIVE NUMBERS.
R  INDICATES RECORD WAS SET OR TIED.
MM INDICATES DATA IS MISSING.
T  INDICATES TRACE AMOUNT.




$$
