000
CDUS41 KOKX 160622
CLIEWR


CLIMATE REPORT
NATIONAL WEATHER SERVICE NEW YORK NY
222 AM EDT MON MAR 16 2015


...................................

...THE NEWARK NJ CLIMATE SUMMARY FOR MARCH 15 2015...

CLIMATE NORMAL PERIOD 1981 TO 2010
CLIMATE RECORD PERIOD 1929 TO 2015


WEATHER ITEM   OBSERVED TIME   RECORD YEAR NORMAL DEPARTURE LAST
                VALUE   (LST)  VALUE       VALUE  FROM      YEAR
                                                  NORMAL
..................................................................
TEMPERATURE (F)
 YESTERDAY
  MAXIMUM         45    221 AM  79    1990  50     -5       61
  MINIMUM         37   1159 PM  14    1993  33      4       42
  AVERAGE         41                        42     -1       52

PRECIPITATION (IN)
  YESTERDAY        T             1.48 1953   0.14  -0.14      T
  MONTH TO DATE    3.45                      1.89   1.56     0.27
  SINCE MAR 1      3.45                      1.89   1.56     0.27
  SINCE JAN 1      9.93                      8.31   1.62     7.99

SNOWFALL (IN)
  YESTERDAY        0.0           1.1  1967   0.1   -0.1      0.0
  MONTH TO DATE   12.4                       2.9    9.5      0.2
  SINCE OCT 1     42.5                      25.9   16.6     60.7
  SINCE JUL 1     42.5                      25.9   16.6     60.7
  SNOW DEPTH       0

DEGREE DAYS
 HEATING
  YESTERDAY       24                        23      1       13
  MONTH TO DATE  435                       381     54      431
  SINCE MAR 1    435                       381     54      431
  SINCE JUL 1   4338                      4016    322     4306

 COOLING
  YESTERDAY        0                         0      0        0
  MONTH TO DATE    0                         0      0        0
  SINCE MAR 1      0                         0      0        0
  SINCE JAN 1      0                         0      0        0
..................................................................


WIND (MPH)
  HIGHEST WIND SPEED    32   HIGHEST WIND DIRECTION    NW (320)
  HIGHEST GUST SPEED    45   HIGHEST GUST DIRECTION    NW (320)
  AVERAGE WIND SPEED    17.2


SKY COVER
  AVERAGE SKY COVER 0.8


WEATHER CONDITIONS
 THE FOLLOWING WEATHER WAS RECORDED YESTERDAY.
  NO SIGNIFICANT WEATHER WAS OBSERVED.


RELATIVE HUMIDITY (PERCENT)
 HIGHEST    92          1200 AM
 LOWEST     49           200 PM
 AVERAGE    71

..........................................................


THE NEWARK NJ CLIMATE NORMALS FOR TODAY
                         NORMAL    RECORD    YEAR
 MAXIMUM TEMPERATURE (F)   51        82      1990
 MINIMUM TEMPERATURE (F)   33        17      1992


SUNRISE AND SUNSET
MARCH 16 2015.........SUNRISE   707 AM EDT   SUNSET   704 PM EDT
MARCH 17 2015.........SUNRISE   705 AM EDT   SUNSET   705 PM EDT


-  INDICATES NEGATIVE NUMBERS.
R  INDICATES RECORD WAS SET OR TIED.
MM INDICATES DATA IS MISSING.
T  INDICATES TRACE AMOUNT.




$$
