000
CDUS41 KOKX 110616
CLIEWR


CLIMATE REPORT
NATIONAL WEATHER SERVICE NEW YORK NY
216 AM EDT MON AUG 11 2014


...................................

...THE NEWARK NJ CLIMATE SUMMARY FOR AUGUST 10 2014...

CLIMATE NORMAL PERIOD 1981 TO 2010
CLIMATE RECORD PERIOD 1929 TO 2014


WEATHER ITEM   OBSERVED TIME   RECORD YEAR NORMAL DEPARTURE LAST
                VALUE   (LST)  VALUE       VALUE  FROM      YEAR
                                                  NORMAL
..................................................................
TEMPERATURE (F)
 YESTERDAY
  MAXIMUM         88    240 PM 102    1949  85      3       85
  MINIMUM         64    513 AM  57    1962  68     -4       68
  AVERAGE         76                        77     -1       77

PRECIPITATION (IN)
  YESTERDAY        0.00          1.94 2007   0.12  -0.12     0.00
  MONTH TO DATE    0.58                      1.42  -0.84     1.43
  SINCE JUN 1     10.09                     10.20  -0.11    13.91
  SINCE JAN 1     33.44                     29.09   4.35    30.16

SNOWFALL (IN)
  YESTERDAY        0.0           0.0  2002   0.0    0.0      0.0
                                      2001
  MONTH TO DATE    0.0                       0.0    0.0      0.0
  SINCE OCT 1     61.1                      28.5   32.6     29.5
  SINCE JUL 1      0.0                       0.0    0.0      0.0
  SNOW DEPTH       0

DEGREE DAYS
 HEATING
  YESTERDAY        0                         0      0        0
  MONTH TO DATE    0                         0      0        0
  SINCE JUN 1      0                        17    -17        8
  SINCE JUL 1      0                         0      0        0

 COOLING
  YESTERDAY       11                        12     -1       12
  MONTH TO DATE  110                       120    -10       99
  SINCE JUN 1    737                       742     -5      863
  SINCE JAN 1    799                       818    -19      963
..................................................................


WIND (MPH)
  HIGHEST WIND SPEED    12   HIGHEST WIND DIRECTION     N (20)
  HIGHEST GUST SPEED    20   HIGHEST GUST DIRECTION     N (340)
  AVERAGE WIND SPEED     5.8


SKY COVER
  AVERAGE SKY COVER 0.4


WEATHER CONDITIONS
 THE FOLLOWING WEATHER WAS RECORDED YESTERDAY.
  NO SIGNIFICANT WEATHER WAS OBSERVED.


RELATIVE HUMIDITY (PERCENT)
 HIGHEST    73           400 AM
 LOWEST     29           100 PM
 AVERAGE    51

..........................................................


THE NEWARK NJ CLIMATE NORMALS FOR TODAY
                         NORMAL    RECORD    YEAR
 MAXIMUM TEMPERATURE (F)   85       102      1949
                                             1944
 MINIMUM TEMPERATURE (F)   68        56      1972


SUNRISE AND SUNSET
AUGUST 11 2014........SUNRISE   603 AM EDT   SUNSET   800 PM EDT
AUGUST 12 2014........SUNRISE   604 AM EDT   SUNSET   759 PM EDT


-  INDICATES NEGATIVE NUMBERS.
R  INDICATES RECORD WAS SET OR TIED.
MM INDICATES DATA IS MISSING.
T  INDICATES TRACE AMOUNT.




$$
