000
CDUS41 KOKX 180620
CLIEWR


CLIMATE REPORT
NATIONAL WEATHER SERVICE NEW YORK NY
220 AM EDT SUN SEP 18 2016


...................................

...THE NEWARK NJ CLIMATE SUMMARY FOR SEPTEMBER 17 2016...

CLIMATE NORMAL PERIOD 1981 TO 2010
CLIMATE RECORD PERIOD 1929 TO 2016


WEATHER ITEM   OBSERVED TIME   RECORD YEAR NORMAL DEPARTURE LAST
                VALUE   (LST)  VALUE       VALUE  FROM      YEAR
                                                  NORMAL
..................................................................
TEMPERATURE (F)
 YESTERDAY
  MAXIMUM         77    258 PM  95    1991  76      1       89
  MINIMUM         59    539 AM  44    1950  59      0       63
  AVERAGE         68                        68      0       76

PRECIPITATION (IN)
  YESTERDAY        0.00          2.11 1996   0.14  -0.14     0.00
  MONTH TO DATE    0.22                      2.04  -1.82     1.02
  SINCE SEP 1      0.22                      2.04  -1.82     1.02
  SINCE JAN 1     24.03                     33.41  -9.38    28.62

SNOWFALL (IN)
  YESTERDAY        0.0           0.0  2002   0.0    0.0      0.0
                                      2001
  MONTH TO DATE    0.0                       0.0    0.0      0.0
  SINCE OCT 1     32.8                      28.5    4.3     46.4
  SINCE JUL 1      0.0                       0.0    0.0      0.0
  SNOW DEPTH       0

DEGREE DAYS
 HEATING
  YESTERDAY        0                         1     -1        0
  MONTH TO DATE    0                         8     -8        0
  SINCE SEP 1      0                         8     -8        0
  SINCE JUL 1      0                         9     -9        0

 COOLING
  YESTERDAY        3                         4     -1       11
  MONTH TO DATE  160                       105     55      197
  SINCE SEP 1    160                       105     55      197
  SINCE JAN 1   1470                      1139    331     1479
..................................................................


WIND (MPH)
  HIGHEST WIND SPEED    17   HIGHEST WIND DIRECTION    SE (140)
  HIGHEST GUST SPEED    22   HIGHEST GUST DIRECTION     E (110)
  AVERAGE WIND SPEED     7.6


SKY COVER
  AVERAGE SKY COVER 0.6


WEATHER CONDITIONS
 THE FOLLOWING WEATHER WAS RECORDED YESTERDAY.
  NO SIGNIFICANT WEATHER WAS OBSERVED.


RELATIVE HUMIDITY (PERCENT)
 HIGHEST    79           800 PM
 LOWEST     53          1100 AM
 AVERAGE    66

..........................................................


THE NEWARK NJ CLIMATE NORMALS FOR TODAY
                         NORMAL    RECORD    YEAR
 MAXIMUM TEMPERATURE (F)   76        90      1992
                                             1948
 MINIMUM TEMPERATURE (F)   59        42      1937


SUNRISE AND SUNSET
SEPTEMBER 18 2016.....SUNRISE   641 AM EDT   SUNSET   700 PM EDT
SEPTEMBER 19 2016.....SUNRISE   642 AM EDT   SUNSET   658 PM EDT


-  INDICATES NEGATIVE NUMBERS.
R  INDICATES RECORD WAS SET OR TIED.
MM INDICATES DATA IS MISSING.
T  INDICATES TRACE AMOUNT.




$$
