000
CDUS41 KOKX 170617
CLIEWR


CLIMATE REPORT
NATIONAL WEATHER SERVICE NEW YORK NY
216 AM EDT MON APR 17 2017


...................................

...THE NEWARK NJ CLIMATE SUMMARY FOR APRIL 16 2017...

CLIMATE NORMAL PERIOD 1981 TO 2010
CLIMATE RECORD PERIOD 1929 TO 2017


WEATHER ITEM   OBSERVED TIME   RECORD YEAR NORMAL DEPARTURE LAST
                VALUE   (LST)  VALUE       VALUE  FROM      YEAR
                                                  NORMAL
..................................................................
TEMPERATURE (F)
 YESTERDAY
  MAXIMUM         87    145 PM  92    2002  62     25       68
  MINIMUM         58    353 AM  26    1943  44     14       41
  AVERAGE         73                        53     20       55

PRECIPITATION (IN)
  YESTERDAY        0.05          2.82 1986   0.14  -0.09     0.00
  MONTH TO DATE    2.12                      2.34  -0.22     0.95
  SINCE MAR 1      7.19                      6.52   0.67     2.33
  SINCE JAN 1     13.93                     12.94   0.99    10.38

SNOWFALL (IN)
  YESTERDAY        0.0           T    2014   0.0    0.0      0.0
                                      1992
  MONTH TO DATE    0.0                       0.7   -0.7       T
  SINCE OCT 1     30.0                      28.3    1.7     32.8
  SINCE JUL 1     30.0                      28.3    1.7     32.8
  SNOW DEPTH       0

DEGREE DAYS
 HEATING
  YESTERDAY        0                        12    -12       10
  MONTH TO DATE  163                       238    -75      278
  SINCE MAR 1    935                       947    -12      772
  SINCE JUL 1   3944                      4582   -638     3645

 COOLING
  YESTERDAY        8                         0      8        0
  MONTH TO DATE   17                         0     17        6
  SINCE MAR 1     17                         1     16       11
  SINCE JAN 1     17                         1     16       11
..................................................................


WIND (MPH)
  HIGHEST WIND SPEED    40   HIGHEST WIND DIRECTION     W (270)
  HIGHEST GUST SPEED    51   HIGHEST GUST DIRECTION     W (260)
  AVERAGE WIND SPEED    15.0


SKY COVER
  AVERAGE SKY COVER 0.6


WEATHER CONDITIONS
 THE FOLLOWING WEATHER WAS RECORDED YESTERDAY.
  LIGHT RAIN


RELATIVE HUMIDITY (PERCENT)
 HIGHEST    93           300 AM
 LOWEST     29           100 PM
 AVERAGE    61

..........................................................


THE NEWARK NJ CLIMATE NORMALS FOR TODAY
                         NORMAL    RECORD    YEAR
 MAXIMUM TEMPERATURE (F)   63        97      2002
 MINIMUM TEMPERATURE (F)   44        30      1980


SUNRISE AND SUNSET
APRIL 17 2017.........SUNRISE   615 AM EDT   SUNSET   738 PM EDT
APRIL 18 2017.........SUNRISE   613 AM EDT   SUNSET   739 PM EDT


-  INDICATES NEGATIVE NUMBERS.
R  INDICATES RECORD WAS SET OR TIED.
MM INDICATES DATA IS MISSING.
T  INDICATES TRACE AMOUNT.




$$
