000
CDUS41 KOKX 280618
CLIEWR


CLIMATE REPORT
NATIONAL WEATHER SERVICE NEW YORK NY
118 AM EST WED DEC 28 2016


...................................

...THE NEWARK NJ CLIMATE SUMMARY FOR DECEMBER 27 2016...

CLIMATE NORMAL PERIOD 1981 TO 2010
CLIMATE RECORD PERIOD 1929 TO 2016


WEATHER ITEM   OBSERVED TIME   RECORD YEAR NORMAL DEPARTURE LAST
                VALUE   (LST)  VALUE       VALUE  FROM      YEAR
                                                  NORMAL
..................................................................
TEMPERATURE (F)
 YESTERDAY
  MAXIMUM         62    206 PM  63    1949  40     22       62
  MINIMUM         40   1159 PM   3    1948  27     13       46
  AVERAGE         51                        33     18       54

PRECIPITATION (IN)
  YESTERDAY        0.01          1.21 2011   0.12  -0.11     0.08
  MONTH TO DATE    2.55                      3.37  -0.82     3.49
  SINCE DEC 1      2.55                      3.37  -0.82     3.49
  SINCE JAN 1     38.05                     45.81  -7.76    38.07

SNOWFALL (IN)
  YESTERDAY        0.0           6.5  2010   0.3   -0.3      0.0
  MONTH TO DATE    3.4                       4.4   -1.0      0.0
  SINCE OCT 1      3.4                       4.8   -1.4      0.0
  SINCE JUL 1      3.4                       4.8   -1.4      0.0
  SNOW DEPTH       0

DEGREE DAYS
 HEATING
  YESTERDAY       14                        32    -18       11
  MONTH TO DATE  729                       753    -24      375
  SINCE DEC 1    729                       753    -24      375
  SINCE JUL 1   1412                      1621   -209     1007

 COOLING
  YESTERDAY        0                         0      0        0
  MONTH TO DATE    0                         0      0        0
  SINCE DEC 1      0                         0      0        0
  SINCE JAN 1   1571                      1192    379     1555
..................................................................


WIND (MPH)
  HIGHEST WIND SPEED    29   HIGHEST WIND DIRECTION     W (270)
  HIGHEST GUST SPEED    38   HIGHEST GUST DIRECTION     W (270)
  AVERAGE WIND SPEED    13.6


SKY COVER
  AVERAGE SKY COVER 0.6


WEATHER CONDITIONS
 THE FOLLOWING WEATHER WAS RECORDED YESTERDAY.
  LIGHT RAIN
  FOG


RELATIVE HUMIDITY (PERCENT)
 HIGHEST    93           100 AM
 LOWEST     38           600 PM
 AVERAGE    66

..........................................................


THE NEWARK NJ CLIMATE NORMALS FOR TODAY
                         NORMAL    RECORD    YEAR
 MAXIMUM TEMPERATURE (F)   40        68      1982
 MINIMUM TEMPERATURE (F)   26         0      1933


SUNRISE AND SUNSET
DECEMBER 28 2016......SUNRISE   720 AM EST   SUNSET   437 PM EST
DECEMBER 29 2016......SUNRISE   720 AM EST   SUNSET   438 PM EST


-  INDICATES NEGATIVE NUMBERS.
R  INDICATES RECORD WAS SET OR TIED.
MM INDICATES DATA IS MISSING.
T  INDICATES TRACE AMOUNT.




$$
