000
CDUS41 KOKX 290618
CLIEWR


CLIMATE REPORT
NATIONAL WEATHER SERVICE NEW YORK NY
118 AM EST SUN JAN 29 2017


...................................

...THE NEWARK NJ CLIMATE SUMMARY FOR JANUARY 28 2017...

CLIMATE NORMAL PERIOD 1981 TO 2010
CLIMATE RECORD PERIOD 1929 TO 2017


WEATHER ITEM   OBSERVED TIME   RECORD YEAR NORMAL DEPARTURE LAST
                VALUE   (LST)  VALUE       VALUE  FROM      YEAR
                                                  NORMAL
..................................................................
TEMPERATURE (F)
 YESTERDAY
  MAXIMUM         39   1204 PM  62    2002  39      0       42
  MINIMUM         33    726 AM  -4    1935  25      8       24
  AVERAGE         36                        32      4       33

PRECIPITATION (IN)
  YESTERDAY        T             1.73 1994   0.11  -0.11     0.00
  MONTH TO DATE    4.62                      3.21   1.41     4.01
  SINCE DEC 1      7.53                      7.02   0.51     8.41
  SINCE JAN 1      4.62                      3.21   1.41     4.01

SNOWFALL (IN)
  YESTERDAY        T             3.5  1952   0.3   -0.3      0.0
  MONTH TO DATE    8.8                       7.0    1.8     25.7
  SINCE OCT 1     12.2                      12.8   -0.6     26.0
  SINCE JUL 1     12.2                      12.8   -0.6     26.0
  SNOW DEPTH       0

DEGREE DAYS
 HEATING
  YESTERDAY       29                        33     -4       32
  MONTH TO DATE  740                       937   -197      891
  SINCE DEC 1   1580                      1819   -239     1356
  SINCE JUL 1   2263                      2687   -424     1988

 COOLING
  YESTERDAY        0                         0      0        0
  MONTH TO DATE    0                         0      0        0
  SINCE DEC 1      0                         0      0        0
  SINCE JAN 1      0                         0      0        0
..................................................................


WIND (MPH)
  HIGHEST WIND SPEED    23   HIGHEST WIND DIRECTION     W (260)
  HIGHEST GUST SPEED    29   HIGHEST GUST DIRECTION     W (250)
  AVERAGE WIND SPEED    13.6


SKY COVER
  AVERAGE SKY COVER 0.9


WEATHER CONDITIONS
 THE FOLLOWING WEATHER WAS RECORDED YESTERDAY.
  LIGHT SNOW


RELATIVE HUMIDITY (PERCENT)
 HIGHEST    59          1100 PM
 LOWEST     48          1100 AM
 AVERAGE    54

..........................................................


THE NEWARK NJ CLIMATE NORMALS FOR TODAY
                         NORMAL    RECORD    YEAR
 MAXIMUM TEMPERATURE (F)   39        70      2002
 MINIMUM TEMPERATURE (F)   25         0      1977


SUNRISE AND SUNSET
JANUARY 29 2017.......SUNRISE   709 AM EST   SUNSET   511 PM EST
JANUARY 30 2017.......SUNRISE   708 AM EST   SUNSET   512 PM EST


-  INDICATES NEGATIVE NUMBERS.
R  INDICATES RECORD WAS SET OR TIED.
MM INDICATES DATA IS MISSING.
T  INDICATES TRACE AMOUNT.




$$
