000
CDUS41 KOKX 160622
CLIEWR


CLIMATE REPORT
NATIONAL WEATHER SERVICE NEW YORK NY
122 AM EST WED NOV 16 2016


...................................

...THE NEWARK NJ CLIMATE SUMMARY FOR NOVEMBER 15 2016...

CLIMATE NORMAL PERIOD 1981 TO 2010
CLIMATE RECORD PERIOD 1929 TO 2016


WEATHER ITEM   OBSERVED TIME   RECORD YEAR NORMAL DEPARTURE LAST
                VALUE   (LST)  VALUE       VALUE  FROM      YEAR
                                                  NORMAL
..................................................................
TEMPERATURE (F)
 YESTERDAY
  MAXIMUM         54    351 AM  80    1993  55     -1       60
  MINIMUM         46   1159 PM  18    1933  39      7       35
  AVERAGE         50                        47      3       48

PRECIPITATION (IN)
  YESTERDAY        2.79R         1.48 1983   0.13   2.66     0.00
  MONTH TO DATE    2.99                      1.75   1.24     0.42
  SINCE SEP 1      8.16                      9.17  -1.01     6.10
  SINCE JAN 1     31.97                     40.54  -8.57    33.70

SNOWFALL (IN)
  YESTERDAY        0.0           T    1992   0.0    0.0      0.0
  MONTH TO DATE    0.0                       0.0    0.0      0.0
  SINCE OCT 1      0.0                       0.0    0.0      0.0
  SINCE JUL 1      0.0                       0.0    0.0      0.0
  SNOW DEPTH       0

DEGREE DAYS
 HEATING
  YESTERDAY       15                        18     -3       17
  MONTH TO DATE  189                       236    -47      130
  SINCE SEP 1    420                       556   -136      374
  SINCE JUL 1    420                       557   -137      374

 COOLING
  YESTERDAY        0                         0      0        0
  MONTH TO DATE    1                         0      1        5
  SINCE SEP 1    261                       157    104      273
  SINCE JAN 1   1571                      1191    380     1555
..................................................................


WIND (MPH)
  HIGHEST WIND SPEED    29   HIGHEST WIND DIRECTION     N (360)
  HIGHEST GUST SPEED    35   HIGHEST GUST DIRECTION     N (360)
  AVERAGE WIND SPEED    10.7


SKY COVER
  AVERAGE SKY COVER 0.8


WEATHER CONDITIONS
 THE FOLLOWING WEATHER WAS RECORDED YESTERDAY.
  THUNDERSTORM
  HEAVY RAIN
  RAIN
  LIGHT RAIN
  FOG


RELATIVE HUMIDITY (PERCENT)
 HIGHEST    93           600 AM
 LOWEST     38           100 AM
 AVERAGE    66

..........................................................


THE NEWARK NJ CLIMATE NORMALS FOR TODAY
                         NORMAL    RECORD    YEAR
 MAXIMUM TEMPERATURE (F)   55        74      2005
 MINIMUM TEMPERATURE (F)   39        15      1933


SUNRISE AND SUNSET
NOVEMBER 16 2016......SUNRISE   645 AM EST   SUNSET   438 PM EST
NOVEMBER 17 2016......SUNRISE   646 AM EST   SUNSET   437 PM EST


-  INDICATES NEGATIVE NUMBERS.
R  INDICATES RECORD WAS SET OR TIED.
MM INDICATES DATA IS MISSING.
T  INDICATES TRACE AMOUNT.




$$
