000
CDUS41 KOKX 190635
CLIEWR


CLIMATE REPORT
NATIONAL WEATHER SERVICE NEW YORK NY
135 AM EST THU FEB 19 2015


...................................

...THE NEWARK NJ CLIMATE SUMMARY FOR FEBRUARY 18 2015...

CLIMATE NORMAL PERIOD 1981 TO 2010
CLIMATE RECORD PERIOD 1929 TO 2015


WEATHER ITEM   OBSERVED TIME   RECORD YEAR NORMAL DEPARTURE LAST
                VALUE   (LST)  VALUE       VALUE  FROM      YEAR
                                                  NORMAL
..................................................................
TEMPERATURE (F)
 YESTERDAY
  MAXIMUM         31    102 PM  71    2011  43    -12       40
  MINIMUM         10    657 AM  -1    1979  27    -17       27
  AVERAGE         21                        35    -14       34

PRECIPITATION (IN)
  YESTERDAY        T             1.23 1956   0.11  -0.11     0.16
  MONTH TO DATE    1.39                      1.81  -0.42     4.54
  SINCE DEC 1     10.72                      9.16   1.56    11.94
  SINCE JAN 1      5.81                      5.35   0.46     7.32

SNOWFALL (IN)
  YESTERDAY       MM             3.1  2000   0.4   MM        1.8
  MONTH TO DATE    9.1                       6.2    2.9     30.0
  SINCE OCT 1     25.7                      19.9    5.8     60.2
  SINCE JUL 1     25.7                      19.9    5.8     60.2
  SNOW DEPTH       7

DEGREE DAYS
 HEATING
  YESTERDAY       44                        30     14       31
  MONTH TO DATE  748                       565    183      660
  SINCE DEC 1   2636                      2481    155     2688
  SINCE JUL 1   3468                      3349    119     3558

 COOLING
  YESTERDAY        0                         0      0        0
  MONTH TO DATE    0                         0      0        0
  SINCE DEC 1      0                         0      0        0
  SINCE JAN 1      0                         0      0        0
..................................................................


WIND (MPH)
  HIGHEST WIND SPEED    20   HIGHEST WIND DIRECTION     W (250)
  HIGHEST GUST SPEED    24   HIGHEST GUST DIRECTION     W (250)
  AVERAGE WIND SPEED     5.2


SKY COVER
  AVERAGE SKY COVER 0.6


WEATHER CONDITIONS
 THE FOLLOWING WEATHER WAS RECORDED YESTERDAY.
  NO SIGNIFICANT WEATHER WAS OBSERVED.


RELATIVE HUMIDITY (PERCENT)
 HIGHEST    81           900 PM
 LOWEST     43           200 PM
 AVERAGE    62

..........................................................


THE NEWARK NJ CLIMATE NORMALS FOR TODAY
                         NORMAL    RECORD    YEAR
 MAXIMUM TEMPERATURE (F)   43        66      1997
 MINIMUM TEMPERATURE (F)   28         1      1936


SUNRISE AND SUNSET
FEBRUARY 19 2015......SUNRISE   646 AM EST   SUNSET   536 PM EST
FEBRUARY 20 2015......SUNRISE   644 AM EST   SUNSET   537 PM EST


-  INDICATES NEGATIVE NUMBERS.
R  INDICATES RECORD WAS SET OR TIED.
MM INDICATES DATA IS MISSING.
T  INDICATES TRACE AMOUNT.




$$
