000
CDUS41 KOKX 082135
CLIEWR


CLIMATE REPORT
NATIONAL WEATHER SERVICE NEW YORK NY
435 PM EST MON DEC 8 2014


...................................

...THE NEWARK NJ CLIMATE SUMMARY FOR DECEMBER 8 2014...
VALID TODAY AS OF 0400 PM LOCAL TIME.

CLIMATE NORMAL PERIOD 1981 TO 2010
CLIMATE RECORD PERIOD 1929 TO 2014


WEATHER ITEM   OBSERVED TIME   RECORD YEAR NORMAL DEPARTURE LAST
                VALUE   (LST)  VALUE       VALUE  FROM      YEAR
                                                  NORMAL
..................................................................
TEMPERATURE (F)
 TODAY
  MAXIMUM         31    335 PM  66    1980  46    -15       34
  MINIMUM         23    445 AM  14    1934  32     -9       27
  AVERAGE         27                        39    -12       31

PRECIPITATION (IN)
  TODAY            0.00          1.12 1974   0.13  -0.13     0.10
  MONTH TO DATE    1.77                      1.05   0.72     1.06
  SINCE DEC 1      1.77                      1.05   0.72     1.06
  SINCE JAN 1     46.19                     43.49   2.70    39.38

SNOWFALL (IN)
  TODAY            0.0           1.1  1958   0.2   -0.2      0.8
  MONTH TO DATE    T                         0.9   -0.9      0.8
  SINCE OCT 1      1.4                       1.3    0.1      0.8
  SINCE JUL 1      1.4                       1.3    0.1      0.8
  SNOW DEPTH       0

DEGREE DAYS
 HEATING
  TODAY           38                        26     12       34
  MONTH TO DATE  203                       199      4      172
  SINCE DEC 1    203                       199      4      172
  SINCE JUL 1   1035                      1067    -32     1042

 COOLING
  TODAY            0                         0      0        0
  MONTH TO DATE    0                         0      0        0
  SINCE DEC 1      0                         0      0        0
  SINCE JAN 1   1175                      1192    -17     1337
..................................................................


WIND (MPH)
  HIGHEST WIND SPEED    20   HIGHEST WIND DIRECTION     N (10)
  HIGHEST GUST SPEED    26   HIGHEST GUST DIRECTION    NE (40)
  AVERAGE WIND SPEED    15.4


SKY COVER
  AVERAGE SKY COVER 0.6


WEATHER CONDITIONS
 THE FOLLOWING WEATHER WAS RECORDED TODAY.
  NO SIGNIFICANT WEATHER WAS OBSERVED.


RELATIVE HUMIDITY (PERCENT)
 HIGHEST    69           100 PM
 LOWEST     33           100 AM
 AVERAGE    51

..........................................................


THE NEWARK NJ CLIMATE NORMALS FOR TOMORROW
                         NORMAL    RECORD    YEAR
 MAXIMUM TEMPERATURE (F)   46        68      1966
 MINIMUM TEMPERATURE (F)   32        12      1934


SUNRISE AND SUNSET
DECEMBER  8 2014......SUNRISE   708 AM EST   SUNSET   429 PM EST
DECEMBER  9 2014......SUNRISE   709 AM EST   SUNSET   429 PM EST


-  INDICATES NEGATIVE NUMBERS.
R  INDICATES RECORD WAS SET OR TIED.
MM INDICATES DATA IS MISSING.
T  INDICATES TRACE AMOUNT.




$$
