252
CDUS41 KOKX 290621
CLIEWR


CLIMATE REPORT
NATIONAL WEATHER SERVICE NEW YORK NY
221 AM EDT WED APR 29 2015


...................................

...THE NEWARK NJ CLIMATE SUMMARY FOR APRIL 28 2015...

CLIMATE NORMAL PERIOD 1981 TO 2010
CLIMATE RECORD PERIOD 1929 TO 2015


WEATHER ITEM   OBSERVED TIME   RECORD YEAR NORMAL DEPARTURE LAST
                VALUE   (LST)  VALUE       VALUE  FROM      YEAR
                                                  NORMAL
..................................................................
TEMPERATURE (F)
 YESTERDAY
  MAXIMUM         73    322 PM  90    2009  67      6       66
                                      1990
  MINIMUM         49    459 AM  33    1934  48      1       43
  AVERAGE         61                        57      4       55

PRECIPITATION (IN)
  YESTERDAY        0.00          2.78 1980   0.14  -0.14     0.00
  MONTH TO DATE    1.67                      3.94  -2.27     2.66
  SINCE MAR 1      6.30                      8.12  -1.82     6.31
  SINCE JAN 1     12.78                     14.54  -1.76    14.03

SNOWFALL (IN)
  YESTERDAY        0.0           0.0  2001   0.0    0.0      0.0
  MONTH TO DATE    T                         0.9   -0.9      0.4
  SINCE OCT 1     46.4                      28.5   17.9     61.1
  SINCE JUL 1     46.4                      28.5   17.9     61.1
  SNOW DEPTH       0

DEGREE DAYS
 HEATING
  YESTERDAY        4                         8     -4       10
  MONTH TO DATE  313                       360    -47      350
  SINCE MAR 1   1152                      1069     83     1184
  SINCE JUL 1   5055                      4704    351     5059

 COOLING
  YESTERDAY        0                         1     -1        0
  MONTH TO DATE    3                         7     -4        8
  SINCE MAR 1      3                         8     -5        8
  SINCE JAN 1      3                         8     -5        8
..................................................................


WIND (MPH)
  HIGHEST WIND SPEED    24   HIGHEST WIND DIRECTION    NW (320)
  HIGHEST GUST SPEED    33   HIGHEST GUST DIRECTION     N (360)
  AVERAGE WIND SPEED    12.7


SKY COVER
  AVERAGE SKY COVER 0.4


WEATHER CONDITIONS
 THE FOLLOWING WEATHER WAS RECORDED YESTERDAY.
  NO SIGNIFICANT WEATHER WAS OBSERVED.


RELATIVE HUMIDITY (PERCENT)
 HIGHEST    63           300 AM
 LOWEST     22           300 PM
 AVERAGE    43

..........................................................


THE NEWARK NJ CLIMATE NORMALS FOR TODAY
                         NORMAL    RECORD    YEAR
 MAXIMUM TEMPERATURE (F)   67        91      1974
 MINIMUM TEMPERATURE (F)   48        35      1947
                                             1934


SUNRISE AND SUNSET
APRIL 29 2015.........SUNRISE   558 AM EDT   SUNSET   750 PM EDT
APRIL 30 2015.........SUNRISE   557 AM EDT   SUNSET   751 PM EDT


-  INDICATES NEGATIVE NUMBERS.
R  INDICATES RECORD WAS SET OR TIED.
MM INDICATES DATA IS MISSING.
T  INDICATES TRACE AMOUNT.




$$
