000
CDUS41 KOKX 232140
CLIEWR


CLIMATE REPORT
NATIONAL WEATHER SERVICE NEW YORK NY
440 PM EST THU NOV 23 2017


...................................

...THE NEWARK NJ CLIMATE SUMMARY FOR NOVEMBER 23 2017...
VALID TODAY AS OF 0400 PM LOCAL TIME.

CLIMATE NORMAL PERIOD 1981 TO 2010
CLIMATE RECORD PERIOD 1929 TO 2017


WEATHER ITEM   OBSERVED TIME   RECORD YEAR NORMAL DEPARTURE LAST
                VALUE   (LST)  VALUE       VALUE  FROM      YEAR
                                                  NORMAL
..................................................................
TEMPERATURE (F)
 TODAY
  MAXIMUM         46    203 PM  74    1931  52     -6       48
  MINIMUM         31    727 AM  21    1932  37     -6       33
  AVERAGE         39                        44     -5       41

PRECIPITATION (IN)
  TODAY            0.00          1.26 2006   0.13  -0.13     0.00
  MONTH TO DATE    1.49                      2.75  -1.26     3.42
  SINCE SEP 1      8.15                     10.17  -2.02     8.59
  SINCE JAN 1     45.83                     41.54   4.29    32.40

SNOWFALL (IN)
  TODAY            0.0           5.3  1989   0.1   -0.1      0.0
  MONTH TO DATE    T                         0.2   -0.2       T
  SINCE OCT 1      T                         0.2   -0.2       T
  SINCE JUL 1      T                         0.2   -0.2       T
  SNOW DEPTH       0

DEGREE DAYS
 HEATING
  TODAY           26                        21      5       24
  MONTH TO DATE  417                       392     25      334
  SINCE SEP 1    544                       712   -168      565
  SINCE JUL 1    544                       713   -169      565

 COOLING
  TODAY            0                         0      0        0
  MONTH TO DATE    0                         0      0        1
  SINCE SEP 1    288                       157    131      261
  SINCE JAN 1   1316                      1191    125     1571
..................................................................


WIND (MPH)
  HIGHEST WIND SPEED    18   HIGHEST WIND DIRECTION    NW (310)
  HIGHEST GUST SPEED    24   HIGHEST GUST DIRECTION    NW (310)
  AVERAGE WIND SPEED     8.1


SKY COVER
  AVERAGE SKY COVER 0.2


WEATHER CONDITIONS
 THE FOLLOWING WEATHER WAS RECORDED TODAY.
  NO SIGNIFICANT WEATHER WAS OBSERVED.


RELATIVE HUMIDITY (PERCENT)
 HIGHEST    58           700 AM
 LOWEST     33           300 PM
 AVERAGE    46

..........................................................


THE NEWARK NJ CLIMATE NORMALS FOR TOMORROW
                         NORMAL    RECORD    YEAR
 MAXIMUM TEMPERATURE (F)   51        75      1979
 MINIMUM TEMPERATURE (F)   37        20      1989


SUNRISE AND SUNSET
NOVEMBER 23 2017......SUNRISE   653 AM EST   SUNSET   433 PM EST
NOVEMBER 24 2017......SUNRISE   654 AM EST   SUNSET   433 PM EST


-  INDICATES NEGATIVE NUMBERS.
R  INDICATES RECORD WAS SET OR TIED.
MM INDICATES DATA IS MISSING.
T  INDICATES TRACE AMOUNT.




$$
