000
CDUS41 KOKX 112150
CLIEWR


CLIMATE REPORT
NATIONAL WEATHER SERVICE NEW YORK NY
450 PM EST TUE NOV 11 2014


...................................

...THE NEWARK NJ CLIMATE SUMMARY FOR NOVEMBER 11 2014...
VALID TODAY AS OF 0400 PM LOCAL TIME.

CLIMATE NORMAL PERIOD 1981 TO 2010
CLIMATE RECORD PERIOD 1929 TO 2014


WEATHER ITEM   OBSERVED TIME   RECORD YEAR NORMAL DEPARTURE LAST
                VALUE   (LST)  VALUE       VALUE  FROM      YEAR
                                                  NORMAL
..................................................................
TEMPERATURE (F)
 TODAY
  MAXIMUM         65    250 PM  75    1949  56      9       53
  MINIMUM         42    647 AM  25    1956  40      2       38
                                      1933
  AVERAGE         54                        48      6       46

PRECIPITATION (IN)
  TODAY            0.00          1.35 1995   0.11  -0.11     0.00
  MONTH TO DATE    0.94                      1.28  -0.34     0.22
  SINCE SEP 1      6.61                      8.70  -2.09     2.27
  SINCE JAN 1     41.23                     40.07   1.16    35.57

SNOWFALL (IN)
  TODAY            0.0           1.3  1987   0.0    0.0      0.0
  MONTH TO DATE    0.0                       0.0    0.0      0.0
  SINCE OCT 1      T                         0.0    0.0      0.0
  SINCE JUL 1      T                         0.0    0.0      0.0
  SNOW DEPTH       0

DEGREE DAYS
 HEATING
  TODAY           11                        17     -6       19
  MONTH TO DATE  165                       166     -1      169
  SINCE SEP 1    373                       486   -113      426
  SINCE JUL 1    373                       487   -114      426

 COOLING
  TODAY            0                         0      0        0
  MONTH TO DATE    0                         0      0        0
  SINCE SEP 1    190                       157     33      166
  SINCE JAN 1   1175                      1191    -16     1337
..................................................................


WIND (MPH)
  HIGHEST WIND SPEED    12   HIGHEST WIND DIRECTION    SE (140)
  HIGHEST GUST SPEED    17   HIGHEST GUST DIRECTION    SE (140)
  AVERAGE WIND SPEED     4.7


SKY COVER
  AVERAGE SKY COVER 0.6


WEATHER CONDITIONS
 THE FOLLOWING WEATHER WAS RECORDED TODAY.
  NO SIGNIFICANT WEATHER WAS OBSERVED.


RELATIVE HUMIDITY (PERCENT)
 HIGHEST    89           500 AM
 LOWEST     65           300 PM
 AVERAGE    77

..........................................................


THE NEWARK NJ CLIMATE NORMALS FOR TOMORROW
                         NORMAL    RECORD    YEAR
 MAXIMUM TEMPERATURE (F)   56        74      1938
 MINIMUM TEMPERATURE (F)   40        29      1957
                                             1937


SUNRISE AND SUNSET
NOVEMBER 11 2014......SUNRISE   639 AM EST   SUNSET   442 PM EST
NOVEMBER 12 2014......SUNRISE   640 AM EST   SUNSET   441 PM EST


-  INDICATES NEGATIVE NUMBERS.
R  INDICATES RECORD WAS SET OR TIED.
MM INDICATES DATA IS MISSING.
T  INDICATES TRACE AMOUNT.




$$
