000
CDUS41 KOKX 182038
CLIEWR


CLIMATE REPORT
NATIONAL WEATHER SERVICE NEW YORK NY
438 PM EDT THU JUN 18 2015


...................................

...THE NEWARK NJ CLIMATE SUMMARY FOR JUNE 18 2015...
VALID TODAY AS OF 0400 PM LOCAL TIME.

CLIMATE NORMAL PERIOD 1981 TO 2010
CLIMATE RECORD PERIOD 1929 TO 2015


WEATHER ITEM   OBSERVED TIME   RECORD YEAR NORMAL DEPARTURE LAST
                VALUE   (LST)  VALUE       VALUE  FROM      YEAR
                                                  NORMAL
..................................................................
TEMPERATURE (F)
 TODAY
  MAXIMUM         69   1228 PM  97    1993  82    -13       92
                                      1945
  MINIMUM         65    814 AM  49    1950  64      1       75
  AVERAGE         67                        73     -6       84

PRECIPITATION (IN)
  TODAY            T             1.45 2009   0.14  -0.14     0.00
  MONTH TO DATE    4.05                      2.53   1.52     4.20
  SINCE JUN 1      4.05                      2.53   1.52     4.20
  SINCE JAN 1     21.66                     21.42   0.24    27.55

SNOWFALL (IN)
  TODAY            0.0           0.0  2002   0.0    0.0      0.0
                                      2001
  MONTH TO DATE    0.0                       0.0    0.0      0.0
  SINCE OCT 1     46.4                      28.5   17.9     61.1
  SINCE JUL 1     46.4                      28.5   17.9     61.1
  SNOW DEPTH       0

DEGREE DAYS
 HEATING
  TODAY            0                         0      0        0
  MONTH TO DATE   29                        15     14        0
  SINCE JUN 1     29                        15     14        0
  SINCE JUL 1   5143                      4870    273     5166

 COOLING
  TODAY            2                         9     -7       19
  MONTH TO DATE  124                       117      7      130
  SINCE JUN 1    124                       117      7      130
  SINCE JAN 1    284                       193     91      192
..................................................................


WIND (MPH)
  HIGHEST WIND SPEED    10   HIGHEST WIND DIRECTION    SE (150)
  HIGHEST GUST SPEED    14   HIGHEST GUST DIRECTION    SE (140)
  AVERAGE WIND SPEED     6.6


SKY COVER
  AVERAGE SKY COVER 1.0


WEATHER CONDITIONS
 THE FOLLOWING WEATHER WAS RECORDED TODAY.
  LIGHT RAIN
  FOG


RELATIVE HUMIDITY (PERCENT)
 HIGHEST    87           900 AM
 LOWEST     76          1100 AM
 AVERAGE    82

..........................................................


THE NEWARK NJ CLIMATE NORMALS FOR TOMORROW
                         NORMAL    RECORD    YEAR
 MAXIMUM TEMPERATURE (F)   83       102      1994
                                             1993
 MINIMUM TEMPERATURE (F)   65        53      1954


SUNRISE AND SUNSET
JUNE 18 2015..........SUNRISE   525 AM EDT   SUNSET   830 PM EDT
JUNE 19 2015..........SUNRISE   525 AM EDT   SUNSET   831 PM EDT


-  INDICATES NEGATIVE NUMBERS.
R  INDICATES RECORD WAS SET OR TIED.
MM INDICATES DATA IS MISSING.
T  INDICATES TRACE AMOUNT.




$$
