304
CDUS41 KOKX 120617
CLIEWR


CLIMATE REPORT
NATIONAL WEATHER SERVICE NEW YORK NY
116 AM EST SUN FEB 12 2017


...................................

...THE NEWARK NJ CLIMATE SUMMARY FOR FEBRUARY 11 2017...

CLIMATE NORMAL PERIOD 1981 TO 2010
CLIMATE RECORD PERIOD 1929 TO 2017


WEATHER ITEM   OBSERVED TIME   RECORD YEAR NORMAL DEPARTURE LAST
                VALUE   (LST)  VALUE       VALUE  FROM      YEAR
                                                  NORMAL
..................................................................
TEMPERATURE (F)
 YESTERDAY
  MAXIMUM         48    500 PM  66    1960  41      7       31
  MINIMUM         30   1246 AM  -1    1979  26      4       19
  AVERAGE         39                        34      5       25

PRECIPITATION (IN)
  YESTERDAY        0.00          2.06 1994   0.10  -0.10      T
  MONTH TO DATE    1.12                      1.11   0.01     1.18
  SINCE DEC 1      8.68                      8.46   0.22     9.59
  SINCE JAN 1      5.77                      4.65   1.12     5.19

SNOWFALL (IN)
  YESTERDAY        0.0          18.0  1994   0.3   -0.3      0.2
  MONTH TO DATE    7.8                       3.7    4.1      3.7
  SINCE OCT 1     20.5                      17.4    3.1     29.7
  SINCE JUL 1     20.5                      17.4    3.1     29.7
  SNOW DEPTH       5

DEGREE DAYS
 HEATING
  YESTERDAY       26                        31     -5       40
  MONTH TO DATE  315                       352    -37      291
  SINCE DEC 1   1988                      2268   -280     1732
  SINCE JUL 1   2671                      3136   -465     2364

 COOLING
  YESTERDAY        0                         0      0        0
  MONTH TO DATE    0                         0      0        0
  SINCE DEC 1      0                         0      0        0
  SINCE JAN 1      0                         0      0        0
..................................................................


WIND (MPH)
  HIGHEST WIND SPEED    10   HIGHEST WIND DIRECTION     W (270)
  HIGHEST GUST SPEED    14   HIGHEST GUST DIRECTION    SW (230)
  AVERAGE WIND SPEED     4.5


SKY COVER
  AVERAGE SKY COVER 0.9


WEATHER CONDITIONS
 THE FOLLOWING WEATHER WAS RECORDED YESTERDAY.
  NO SIGNIFICANT WEATHER WAS OBSERVED.


RELATIVE HUMIDITY (PERCENT)
 HIGHEST    69           600 AM
 LOWEST     42           400 PM
 AVERAGE    56

..........................................................


THE NEWARK NJ CLIMATE NORMALS FOR TODAY
                         NORMAL    RECORD    YEAR
 MAXIMUM TEMPERATURE (F)   42        70      1999
 MINIMUM TEMPERATURE (F)   26        -1      1979


SUNRISE AND SUNSET
FEBRUARY 12 2017......SUNRISE   654 AM EST   SUNSET   528 PM EST
FEBRUARY 13 2017......SUNRISE   653 AM EST   SUNSET   529 PM EST


-  INDICATES NEGATIVE NUMBERS.
R  INDICATES RECORD WAS SET OR TIED.
MM INDICATES DATA IS MISSING.
T  INDICATES TRACE AMOUNT.




$$
