000
CDUS41 KOKX 151359
CLIEWR


CLIMATE REPORT
NATIONAL WEATHER SERVICE NEW YORK NY
952 AM EDT SUN MAR 15 2015


...................................

...THE NEWARK NJ CLIMATE SUMMARY FOR MARCH 14 2015...

CLIMATE NORMAL PERIOD 1981 TO 2010
CLIMATE RECORD PERIOD 1929 TO 2015


WEATHER ITEM   OBSERVED TIME   RECORD YEAR NORMAL DEPARTURE LAST
                VALUE   (LST)  VALUE       VALUE  FROM      YEAR
                                                  NORMAL
..................................................................
TEMPERATURE (F)
 YESTERDAY
  MAXIMUM         51    346 PM  79    2007  50      1       49
  MINIMUM         38    434 AM  17    1932  33      5       20
  AVERAGE         45                        41      4       35

PRECIPITATION (IN)
  YESTERDAY        0.86          1.04 1997   0.13   0.73     0.00
  MONTH TO DATE    3.45                      1.75   1.70     0.27
  SINCE MAR 1      3.45                      1.75   1.70     0.27
  SINCE JAN 1      9.93                      8.17   1.76     7.99

SNOWFALL (IN)
  YESTERDAY        0.0           4.6  1958   0.2   -0.2      0.0
  MONTH TO DATE   12.4                       2.8    9.6      0.2
  SINCE OCT 1     42.5                      25.8   16.7     60.7
  SINCE JUL 1     42.5                      25.8   16.7     60.7
  SNOW DEPTH       0

DEGREE DAYS
 HEATING
  YESTERDAY       20                        24     -4       30
  MONTH TO DATE  411                       358     53      418
  SINCE MAR 1    411                       358     53      418
  SINCE JUL 1   4314                      3993    321     4293

 COOLING
  YESTERDAY        0                         0      0        0
  MONTH TO DATE    0                         0      0        0
  SINCE MAR 1      0                         0      0        0
  SINCE JAN 1      0                         0      0        0
..................................................................


WIND (MPH)
  HIGHEST WIND SPEED    14   HIGHEST WIND DIRECTION    SW (240)
  HIGHEST GUST SPEED    17   HIGHEST GUST DIRECTION    SW (240)
  AVERAGE WIND SPEED     4.7


SKY COVER
  AVERAGE SKY COVER 1.0


WEATHER CONDITIONS
 THE FOLLOWING WEATHER WAS RECORDED YESTERDAY.
  RAIN
  LIGHT RAIN
  FOG


RELATIVE HUMIDITY (PERCENT)
 HIGHEST   100           800 AM
 LOWEST     60           200 AM
 AVERAGE    80

..........................................................


THE NEWARK NJ CLIMATE NORMALS FOR TODAY
                         NORMAL    RECORD    YEAR
 MAXIMUM TEMPERATURE (F)   50        79      1990
 MINIMUM TEMPERATURE (F)   33        14      1993


SUNRISE AND SUNSET
MARCH 15 2015.........SUNRISE   709 AM EDT   SUNSET   703 PM EDT
MARCH 16 2015.........SUNRISE   707 AM EDT   SUNSET   704 PM EDT


-  INDICATES NEGATIVE NUMBERS.
R  INDICATES RECORD WAS SET OR TIED.
MM INDICATES DATA IS MISSING.
T  INDICATES TRACE AMOUNT.




$$
