000
CDUS41 KOKX 140707
CLIEWR


CLIMATE REPORT
NATIONAL WEATHER SERVICE NEW YORK NY
207 AM EST MON NOV 14 2016


...................................

...THE NEWARK NJ CLIMATE SUMMARY FOR NOVEMBER 13 2016...

CLIMATE NORMAL PERIOD 1981 TO 2010
CLIMATE RECORD PERIOD 1929 TO 2016


WEATHER ITEM   OBSERVED TIME   RECORD YEAR NORMAL DEPARTURE LAST
                VALUE   (LST)  VALUE       VALUE  FROM      YEAR
                                                  NORMAL
..................................................................
TEMPERATURE (F)
 YESTERDAY
  MAXIMUM         63    146 PM  74    1931  56      7       61
  MINIMUM         34    323 AM  24    1986  40     -6       47
  AVERAGE         49                        48      1       54

PRECIPITATION (IN)
  YESTERDAY        0.00          1.61 1937   0.11  -0.11      T
  MONTH TO DATE    0.20                      1.50  -1.30     0.42
  SINCE SEP 1      5.37                      8.92  -3.55     6.10
  SINCE JAN 1     29.18                     40.29 -11.11    33.70

SNOWFALL (IN)
  YESTERDAY        0.0           T    2014   0.0    0.0      0.0
                                      2004
                                      2003
  MONTH TO DATE    0.0                       0.0    0.0      0.0
  SINCE OCT 1      0.0                       0.0    0.0      0.0
  SINCE JUL 1      0.0                       0.0    0.0      0.0
  SNOW DEPTH       0

DEGREE DAYS
 HEATING
  YESTERDAY       16                        17     -1       11
  MONTH TO DATE  159                       200    -41       94
  SINCE SEP 1    390                       520   -130      338
  SINCE JUL 1    390                       521   -131      338

 COOLING
  YESTERDAY        0                         0      0        0
  MONTH TO DATE    1                         0      1        5
  SINCE SEP 1    261                       157    104      273
  SINCE JAN 1   1571                      1191    380     1555
..................................................................


WIND (MPH)
  HIGHEST WIND SPEED    18   HIGHEST WIND DIRECTION    SW (230)
  HIGHEST GUST SPEED    23   HIGHEST GUST DIRECTION     W (250)
  AVERAGE WIND SPEED     9.1


SKY COVER
  AVERAGE SKY COVER 0.4


WEATHER CONDITIONS
 THE FOLLOWING WEATHER WAS RECORDED YESTERDAY.
  NO SIGNIFICANT WEATHER WAS OBSERVED.


RELATIVE HUMIDITY (PERCENT)
 HIGHEST    70           500 AM
 LOWEST     19           200 PM
 AVERAGE    45

..........................................................


THE NEWARK NJ CLIMATE NORMALS FOR TODAY
                         NORMAL    RECORD    YEAR
 MAXIMUM TEMPERATURE (F)   55        73      1993
 MINIMUM TEMPERATURE (F)   40        21      1986


SUNRISE AND SUNSET
NOVEMBER 14 2016......SUNRISE   643 AM EST   SUNSET   439 PM EST
NOVEMBER 15 2016......SUNRISE   644 AM EST   SUNSET   438 PM EST


-  INDICATES NEGATIVE NUMBERS.
R  INDICATES RECORD WAS SET OR TIED.
MM INDICATES DATA IS MISSING.
T  INDICATES TRACE AMOUNT.




$$
