000
CDUS41 KOKX 072137
CLIEWR


CLIMATE REPORT
NATIONAL WEATHER SERVICE NEW YORK NY
437 PM EST WED FEB 7 2018


...................................

...THE NEWARK NJ CLIMATE SUMMARY FOR FEBRUARY 7 2018...
VALID TODAY AS OF 0400 PM LOCAL TIME.

CLIMATE NORMAL PERIOD 1981 TO 2010
CLIMATE RECORD PERIOD 1929 TO 2018


WEATHER ITEM   OBSERVED TIME   RECORD YEAR NORMAL DEPARTURE LAST
                VALUE   (LST)  VALUE       VALUE  FROM      YEAR
                                                  NORMAL
..................................................................
TEMPERATURE (F)
 TODAY
  MAXIMUM         38    359 PM  55    1990  41     -3       41
  MINIMUM         24    202 AM   5    1993  26     -2       33
                                      1935
  AVERAGE         31                        33     -2       37

PRECIPITATION (IN)
  TODAY            0.56          2.15 1941   0.10   0.46     0.27
  MONTH TO DATE    1.53                      0.71   0.82     0.27
  SINCE DEC 1      5.23                      8.06  -2.83     7.83
  SINCE JAN 1      3.59                      4.25  -0.66     4.92

SNOWFALL (IN)
  TODAY            0.6          12.6  1967   0.3    0.3      0.0
  MONTH TO DATE    0.6                       2.4   -1.8       T
  SINCE OCT 1     18.4                      16.1    2.3     12.7
  SINCE JUL 1     18.4                      16.1    2.3     12.7
  SNOW DEPTH       0

DEGREE DAYS
 HEATING
  TODAY           34                        32      2       28
  MONTH TO DATE  235                       226      9      202
  SINCE DEC 1   2218                      2142     76     1875
  SINCE JUL 1   2903                      3010   -107     2558

 COOLING
  TODAY            0                         0      0        0
  MONTH TO DATE    0                         0      0        0
  SINCE DEC 1      0                         0      0        0
  SINCE JAN 1      0                         0      0        0
..................................................................


WIND (MPH)
  HIGHEST WIND SPEED    14   HIGHEST WIND DIRECTION     E (70)
  HIGHEST GUST SPEED    20   HIGHEST GUST DIRECTION    SE (130)
  AVERAGE WIND SPEED     7.7


SKY COVER
  AVERAGE SKY COVER 0.9


WEATHER CONDITIONS
 THE FOLLOWING WEATHER WAS RECORDED TODAY.
  RAIN
  LIGHT RAIN
  LT FREEZING RAIN
  SNOW
  LIGHT SNOW
  SLEET
  FOG


RELATIVE HUMIDITY (PERCENT)
 HIGHEST   100           400 PM
 LOWEST     58           600 AM
 AVERAGE    79

..........................................................


THE NEWARK NJ CLIMATE NORMALS FOR TOMORROW
                         NORMAL    RECORD    YEAR
 MAXIMUM TEMPERATURE (F)   41        65      2017
 MINIMUM TEMPERATURE (F)   26        -7      1934


SUNRISE AND SUNSET
FEBRUARY  7 2018......SUNRISE   700 AM EST   SUNSET   522 PM EST
FEBRUARY  8 2018......SUNRISE   659 AM EST   SUNSET   523 PM EST


-  INDICATES NEGATIVE NUMBERS.
R  INDICATES RECORD WAS SET OR TIED.
MM INDICATES DATA IS MISSING.
T  INDICATES TRACE AMOUNT.




$$
