000
CDUS41 KOKX 052136
CLIEWR


CLIMATE REPORT
NATIONAL WEATHER SERVICE NEW YORK NY
435 PM EST FRI DEC 5 2014


...................................

...THE NEWARK NJ CLIMATE SUMMARY FOR DECEMBER 5 2014...
VALID TODAY AS OF 0400 PM LOCAL TIME.

CLIMATE NORMAL PERIOD 1981 TO 2010
CLIMATE RECORD PERIOD 1929 TO 2014


WEATHER ITEM   OBSERVED TIME   RECORD YEAR NORMAL DEPARTURE LAST
                VALUE   (LST)  VALUE       VALUE  FROM      YEAR
                                                  NORMAL
..................................................................
TEMPERATURE (F)
 TODAY
  MAXIMUM         42    359 PM  72    2001  47     -5       59
  MINIMUM         30    558 AM  15    1935  33     -3       47
  AVERAGE         36                        40     -4       53

PRECIPITATION (IN)
  TODAY            T             1.29 1993   0.13  -0.13     0.01
  MONTH TO DATE    0.21                      0.66  -0.45     0.01
  SINCE DEC 1      0.21                      0.66  -0.45     0.01
  SINCE JAN 1     44.63                     43.10   1.53    38.33

SNOWFALL (IN)
  TODAY            0.0           8.0  2003   0.1   -0.1      0.0
  MONTH TO DATE    T                         0.5   -0.5      0.0
  SINCE OCT 1      1.4                       0.9    0.5       T
  SINCE JUL 1      1.4                       0.9    0.5       T
  SNOW DEPTH       0

DEGREE DAYS
 HEATING
  TODAY           29                        25      4       12
  MONTH TO DATE  114                       122     -8       95
  SINCE DEC 1    114                       122     -8       95
  SINCE JUL 1    946                       990    -44      965

 COOLING
  TODAY            0                         0      0        0
  MONTH TO DATE    0                         0      0        0
  SINCE DEC 1      0                         0      0        0
  SINCE JAN 1   1175                      1192    -17     1337
..................................................................


WIND (MPH)
  HIGHEST WIND SPEED    14   HIGHEST WIND DIRECTION     N (20)
  HIGHEST GUST SPEED    17   HIGHEST GUST DIRECTION    NE (40)
  AVERAGE WIND SPEED     9.7


SKY COVER
  AVERAGE SKY COVER 0.8


WEATHER CONDITIONS
 THE FOLLOWING WEATHER WAS RECORDED TODAY.
  NO SIGNIFICANT WEATHER WAS OBSERVED.


RELATIVE HUMIDITY (PERCENT)
 HIGHEST    76          1200 PM
 LOWEST     56           100 AM
 AVERAGE    66

..........................................................


THE NEWARK NJ CLIMATE NORMALS FOR TOMORROW
                         NORMAL    RECORD    YEAR
 MAXIMUM TEMPERATURE (F)   47        74      2001
 MINIMUM TEMPERATURE (F)   33        17      1954


SUNRISE AND SUNSET
DECEMBER  5 2014......SUNRISE   705 AM EST   SUNSET   429 PM EST
DECEMBER  6 2014......SUNRISE   706 AM EST   SUNSET   429 PM EST


-  INDICATES NEGATIVE NUMBERS.
R  INDICATES RECORD WAS SET OR TIED.
MM INDICATES DATA IS MISSING.
T  INDICATES TRACE AMOUNT.




$$
