000
CDUS41 KOKX 050617
CLIEWR


CLIMATE REPORT
NATIONAL WEATHER SERVICE NEW YORK NY
217 AM EDT THU OCT 5 2017


...................................

...THE NEWARK NJ CLIMATE SUMMARY FOR OCTOBER 4 2017...

CLIMATE NORMAL PERIOD 1981 TO 2010
CLIMATE RECORD PERIOD 1929 TO 2017


WEATHER ITEM   OBSERVED TIME   RECORD YEAR NORMAL DEPARTURE LAST
                VALUE   (LST)  VALUE       VALUE  FROM      YEAR
                                                  NORMAL
..................................................................
TEMPERATURE (F)
 YESTERDAY
  MAXIMUM         78    343 PM  89    2013  70      8       71
  MINIMUM         50    622 AM  33    1945  52     -2       61
  AVERAGE         64                        61      3       66

PRECIPITATION (IN)
  YESTERDAY        0.00          0.93 2006   0.11  -0.11     0.00
  MONTH TO DATE    0.00                      0.47  -0.47      T
  SINCE SEP 1      1.72                      4.29  -2.57     2.17
  SINCE JAN 1     39.40                     35.66   3.74    25.98

SNOWFALL (IN)
  YESTERDAY        0.0           0.0  2002   0.0    0.0      0.0
                                      2001
  MONTH TO DATE    0.0                       0.0    0.0      0.0
  SINCE OCT 1      0.0                       0.0    0.0      0.0
  SINCE JUL 1      0.0                       0.0    0.0      0.0
  SNOW DEPTH       0

DEGREE DAYS
 HEATING
  YESTERDAY        1                         5     -4        0
  MONTH TO DATE   14                        19     -5        9
  SINCE SEP 1     31                        63    -32       25
  SINCE JUL 1     31                        64    -33       25

 COOLING
  YESTERDAY        0                         1     -1        1
  MONTH TO DATE    0                         5     -5        3
  SINCE SEP 1    202                       145     57      231
  SINCE JAN 1   1230                      1179     51     1541
..................................................................


WIND (MPH)
  HIGHEST WIND SPEED    20   HIGHEST WIND DIRECTION    SW (210)
  HIGHEST GUST SPEED    26   HIGHEST GUST DIRECTION    SW (230)
  AVERAGE WIND SPEED     9.8


SKY COVER
  AVERAGE SKY COVER 0.2


WEATHER CONDITIONS
 THE FOLLOWING WEATHER WAS RECORDED YESTERDAY.
  NO SIGNIFICANT WEATHER WAS OBSERVED.


RELATIVE HUMIDITY (PERCENT)
 HIGHEST    89           500 AM
 LOWEST     45           200 PM
 AVERAGE    67

..........................................................


THE NEWARK NJ CLIMATE NORMALS FOR TODAY
                         NORMAL    RECORD    YEAR
 MAXIMUM TEMPERATURE (F)   69        93      1941
 MINIMUM TEMPERATURE (F)   52        34      1965


SUNRISE AND SUNSET
OCTOBER  5 2017.......SUNRISE   657 AM EDT   SUNSET   632 PM EDT
OCTOBER  6 2017.......SUNRISE   658 AM EDT   SUNSET   630 PM EDT


-  INDICATES NEGATIVE NUMBERS.
R  INDICATES RECORD WAS SET OR TIED.
MM INDICATES DATA IS MISSING.
T  INDICATES TRACE AMOUNT.




$$
