000
CDUS41 KOKX 122140
CLIEWR


CLIMATE REPORT
NATIONAL WEATHER SERVICE NEW YORK NY
440 PM EST SAT NOV 12 2016


...................................

...THE NEWARK NJ CLIMATE SUMMARY FOR NOVEMBER 12 2016...
VALID TODAY AS OF 0400 PM LOCAL TIME.

CLIMATE NORMAL PERIOD 1981 TO 2010
CLIMATE RECORD PERIOD 1929 TO 2016


WEATHER ITEM   OBSERVED TIME   RECORD YEAR NORMAL DEPARTURE LAST
                VALUE   (LST)  VALUE       VALUE  FROM      YEAR
                                                  NORMAL
..................................................................
TEMPERATURE (F)
 TODAY
  MAXIMUM         53    242 PM  74    1938  56     -3       60
  MINIMUM         37    711 AM  29    1957  40     -3       53
                                      1937
  AVERAGE         45                        48     -3       57

PRECIPITATION (IN)
  TODAY            0.00          1.63 1975   0.11  -0.11      T
  MONTH TO DATE    0.20                      1.39  -1.19     0.42
  SINCE SEP 1      5.37                      8.81  -3.44     6.10
  SINCE JAN 1     29.18                     40.18 -11.00    33.70

SNOWFALL (IN)
  TODAY            0.0           0.4  1968   0.0    0.0      0.0
  MONTH TO DATE    0.0                       0.0    0.0      0.0
  SINCE OCT 1      0.0                       0.0    0.0      0.0
  SINCE JUL 1      0.0                       0.0    0.0      0.0
  SNOW DEPTH       0

DEGREE DAYS
 HEATING
  TODAY           20                        17      3        8
  MONTH TO DATE  143                       183    -40       83
  SINCE SEP 1    374                       503   -129      327
  SINCE JUL 1    374                       504   -130      327

 COOLING
  TODAY            0                         0      0        0
  MONTH TO DATE    1                         0      1        5
  SINCE SEP 1    261                       157    104      273
  SINCE JAN 1   1571                      1191    380     1555
..................................................................


WIND (MPH)
  HIGHEST WIND SPEED    22   HIGHEST WIND DIRECTION    NW (320)
  HIGHEST GUST SPEED    27   HIGHEST GUST DIRECTION     N (340)
  AVERAGE WIND SPEED    10.9


SKY COVER
  AVERAGE SKY COVER 0.2


WEATHER CONDITIONS
 THE FOLLOWING WEATHER WAS RECORDED TODAY.
  NO SIGNIFICANT WEATHER WAS OBSERVED.


RELATIVE HUMIDITY (PERCENT)
 HIGHEST    48           400 AM
 LOWEST     29           100 PM
 AVERAGE    39

..........................................................


THE NEWARK NJ CLIMATE NORMALS FOR TOMORROW
                         NORMAL    RECORD    YEAR
 MAXIMUM TEMPERATURE (F)   56        74      1931
 MINIMUM TEMPERATURE (F)   40        24      1986


SUNRISE AND SUNSET
NOVEMBER 12 2016......SUNRISE   640 AM EST   SUNSET   441 PM EST
NOVEMBER 13 2016......SUNRISE   642 AM EST   SUNSET   440 PM EST


-  INDICATES NEGATIVE NUMBERS.
R  INDICATES RECORD WAS SET OR TIED.
MM INDICATES DATA IS MISSING.
T  INDICATES TRACE AMOUNT.




$$
