000
CDUS41 KOKX 010618
CLIEWR


CLIMATE REPORT
NATIONAL WEATHER SERVICE NEW YORK NY
218 AM EDT FRI JUL 1 2016


...................................

...THE NEWARK NJ CLIMATE SUMMARY FOR JUNE 30 2016...

CLIMATE NORMAL PERIOD 1981 TO 2010
CLIMATE RECORD PERIOD 1929 TO 2016


WEATHER ITEM   OBSERVED TIME   RECORD YEAR NORMAL DEPARTURE LAST
                VALUE   (LST)  VALUE       VALUE  FROM      YEAR
                                                  NORMAL
..................................................................
TEMPERATURE (F)
 YESTERDAY
  MAXIMUM         88    334 PM  99    1964  85      3       83
  MINIMUM         67    426 AM  55    1940  67      0       66
  AVERAGE         78                        76      2       75

PRECIPITATION (IN)
  YESTERDAY        0.00          1.95 1984   0.12  -0.12      T
  MONTH TO DATE    2.40                      4.02  -1.62     5.90
  SINCE JUN 1      2.40                      4.02  -1.62     5.90
  SINCE JAN 1     16.80                     22.91  -6.11    23.51

SNOWFALL (IN)
  YESTERDAY        0.0           0.0  2002   0.0    0.0      0.0
                                      2001
  MONTH TO DATE    0.0                       0.0    0.0      0.0
  SINCE OCT 1     32.8                      28.5    4.3     46.4
  SINCE JUL 1     32.8                      28.5    4.3     46.4
  SNOW DEPTH       0

DEGREE DAYS
 HEATING
  YESTERDAY        0                         0      0        0
  MONTH TO DATE    6                        15     -9       29
  SINCE JUN 1      6                        17    -11       29
  SINCE JUL 1   3901                      4872   -971     5143

 COOLING
  YESTERDAY       13                        11      2       10
  MONTH TO DATE  245                       239      6      249
  SINCE JUN 1    245                       239      6      249
  SINCE JAN 1    363                       315     48      409
..................................................................


WIND (MPH)
  HIGHEST WIND SPEED    17   HIGHEST WIND DIRECTION     W (260)
  HIGHEST GUST SPEED    22   HIGHEST GUST DIRECTION     W (270)
  AVERAGE WIND SPEED     7.2


SKY COVER
  AVERAGE SKY COVER 0.3


WEATHER CONDITIONS
 THE FOLLOWING WEATHER WAS RECORDED YESTERDAY.
  NO SIGNIFICANT WEATHER WAS OBSERVED.


RELATIVE HUMIDITY (PERCENT)
 HIGHEST    68           400 AM
 LOWEST     27           400 PM
 AVERAGE    48

..........................................................


THE NEWARK NJ CLIMATE NORMALS FOR TODAY
                         NORMAL    RECORD    YEAR
 MAXIMUM TEMPERATURE (F)   85       100      1963
 MINIMUM TEMPERATURE (F)   68        52      1943


SUNRISE AND SUNSET
JULY  1 2016..........SUNRISE   530 AM EDT   SUNSET   832 PM EDT
JULY  2 2016..........SUNRISE   530 AM EDT   SUNSET   831 PM EDT


-  INDICATES NEGATIVE NUMBERS.
R  INDICATES RECORD WAS SET OR TIED.
MM INDICATES DATA IS MISSING.
T  INDICATES TRACE AMOUNT.




$$
