000
CDUS41 KOKX 130622
CLIEWR


CLIMATE REPORT
NATIONAL WEATHER SERVICE NEW YORK NY
122 AM EST MON FEB 13 2017


...................................

...THE NEWARK NJ CLIMATE SUMMARY FOR FEBRUARY 12 2017...

CLIMATE NORMAL PERIOD 1981 TO 2010
CLIMATE RECORD PERIOD 1929 TO 2017


WEATHER ITEM   OBSERVED TIME   RECORD YEAR NORMAL DEPARTURE LAST
                VALUE   (LST)  VALUE       VALUE  FROM      YEAR
                                                  NORMAL
..................................................................
TEMPERATURE (F)
 YESTERDAY
  MAXIMUM         40    211 AM  70    1999  42     -2       27
  MINIMUM         32    216 PM  -1    1979  26      6       15
  AVERAGE         36                        34      2       21

PRECIPITATION (IN)
  YESTERDAY        0.43          1.45 1988   0.09   0.34      T
  MONTH TO DATE    1.55                      1.20   0.35     1.18
  SINCE DEC 1      9.11                      8.55   0.56     9.59
  SINCE JAN 1      6.20                      4.74   1.46     5.19

SNOWFALL (IN)
  YESTERDAY        0.1          18.8  2006   0.3   -0.2       T
  MONTH TO DATE    7.9                       4.0    3.9      3.7
  SINCE OCT 1     20.6                      17.7    2.9     29.7
  SINCE JUL 1     20.6                      17.7    2.9     29.7
  SNOW DEPTH       3

DEGREE DAYS
 HEATING
  YESTERDAY       29                        31     -2       44
  MONTH TO DATE  344                       383    -39      335
  SINCE DEC 1   2017                      2299   -282     1776
  SINCE JUL 1   2700                      3167   -467     2408

 COOLING
  YESTERDAY        0                         0      0        0
  MONTH TO DATE    0                         0      0        0
  SINCE DEC 1      0                         0      0        0
  SINCE JAN 1      0                         0      0        0
..................................................................


WIND (MPH)
  HIGHEST WIND SPEED    15   HIGHEST WIND DIRECTION    NW (330)
  HIGHEST GUST SPEED    21   HIGHEST GUST DIRECTION    NW (310)
  AVERAGE WIND SPEED     8.1


SKY COVER
  AVERAGE SKY COVER 0.9


WEATHER CONDITIONS
 THE FOLLOWING WEATHER WAS RECORDED YESTERDAY.
  LIGHT RAIN
  LT FREEZING RAIN
  SNOW
  SLEET
  FOG


RELATIVE HUMIDITY (PERCENT)
 HIGHEST    92           700 PM
 LOWEST     64           200 AM
 AVERAGE    78

..........................................................


THE NEWARK NJ CLIMATE NORMALS FOR TODAY
                         NORMAL    RECORD    YEAR
 MAXIMUM TEMPERATURE (F)   42        65      1951
 MINIMUM TEMPERATURE (F)   27         4      1979
                                             1967


SUNRISE AND SUNSET
FEBRUARY 13 2017......SUNRISE   653 AM EST   SUNSET   529 PM EST
FEBRUARY 14 2017......SUNRISE   652 AM EST   SUNSET   531 PM EST


-  INDICATES NEGATIVE NUMBERS.
R  INDICATES RECORD WAS SET OR TIED.
MM INDICATES DATA IS MISSING.
T  INDICATES TRACE AMOUNT.




$$
