000
CDUS41 KOKX 110623
CLIEWR


CLIMATE REPORT
NATIONAL WEATHER SERVICE NEW YORK NY
223 AM EDT MON MAY 11 2015


...................................

...THE NEWARK NJ CLIMATE SUMMARY FOR MAY 10 2015...

CLIMATE NORMAL PERIOD 1981 TO 2010
CLIMATE RECORD PERIOD 1929 TO 2015


WEATHER ITEM   OBSERVED TIME   RECORD YEAR NORMAL DEPARTURE LAST
                VALUE   (LST)  VALUE       VALUE  FROM      YEAR
                                                  NORMAL
..................................................................
TEMPERATURE (F)
 YESTERDAY
  MAXIMUM         88    405 PM  93    1979  70     18       84
  MINIMUM         59    125 AM  34    1947  51      8       56
  AVERAGE         74                        61     13       70

PRECIPITATION (IN)
  YESTERDAY        0.01          1.68 1989   0.13  -0.12     0.51
  MONTH TO DATE    0.01                      1.24  -1.23     1.04
  SINCE MAR 1      6.31                      9.62  -3.31    12.64
  SINCE JAN 1     12.79                     16.04  -3.25    20.36

SNOWFALL (IN)
  YESTERDAY        0.0           T    1954   0.0    0.0      0.0
  MONTH TO DATE    0.0                       0.0    0.0      0.0
  SINCE OCT 1     46.4                      28.5   17.9     61.1
  SINCE JUL 1     46.4                      28.5   17.9     61.1
  SNOW DEPTH       0

DEGREE DAYS
 HEATING
  YESTERDAY        0                         5     -5        0
  MONTH TO DATE   24                        65    -41       40
  SINCE MAR 1   1187                      1150     37     1257
  SINCE JUL 1   5090                      4785    305     5132

 COOLING
  YESTERDAY        9                         1      8        5
  MONTH TO DATE   29                        10     19        6
  SINCE MAR 1     32                        22     10       14
  SINCE JAN 1     32                        22     10       14
..................................................................


WIND (MPH)
  HIGHEST WIND SPEED    18   HIGHEST WIND DIRECTION     W (250)
  HIGHEST GUST SPEED    23   HIGHEST GUST DIRECTION     S (190)
  AVERAGE WIND SPEED     7.3


SKY COVER
  AVERAGE SKY COVER 0.8


WEATHER CONDITIONS
 THE FOLLOWING WEATHER WAS RECORDED YESTERDAY.
  FOG
  FOG W/VISIBILITY <= 1/4 MILE
  HAZE


RELATIVE HUMIDITY (PERCENT)
 HIGHEST   100           100 AM
 LOWEST     43           400 PM
 AVERAGE    72

..........................................................


THE NEWARK NJ CLIMATE NORMALS FOR TODAY
                         NORMAL    RECORD    YEAR
 MAXIMUM TEMPERATURE (F)   71        93      1993
 MINIMUM TEMPERATURE (F)   52        36      1966


SUNRISE AND SUNSET
MAY 11 2015...........SUNRISE   544 AM EDT   SUNSET   803 PM EDT
MAY 12 2015...........SUNRISE   543 AM EDT   SUNSET   804 PM EDT


-  INDICATES NEGATIVE NUMBERS.
R  INDICATES RECORD WAS SET OR TIED.
MM INDICATES DATA IS MISSING.
T  INDICATES TRACE AMOUNT.




$$
