726
CDUS41 KOKX 240619
CLIEWR


CLIMATE REPORT
NATIONAL WEATHER SERVICE NEW YORK NY
219 AM EDT SUN APR 24 2016


...................................

...THE NEWARK NJ CLIMATE SUMMARY FOR APRIL 23 2016...

CLIMATE NORMAL PERIOD 1981 TO 2010
CLIMATE RECORD PERIOD 1929 TO 2016


WEATHER ITEM   OBSERVED TIME   RECORD YEAR NORMAL DEPARTURE LAST
                VALUE   (LST)  VALUE       VALUE  FROM      YEAR
                                                  NORMAL
..................................................................
TEMPERATURE (F)
 YESTERDAY
  MAXIMUM         73    354 PM  88    1996  65      8       53
  MINIMUM         54   1159 PM  32    1933  46      8       40
  AVERAGE         64                        56      8       47

PRECIPITATION (IN)
  YESTERDAY        0.04          1.01 1986   0.14  -0.10      T
  MONTH TO DATE    0.99                      3.28  -2.29     1.67
  SINCE MAR 1      2.37                      7.46  -5.09     6.30
  SINCE JAN 1     10.42                     13.88  -3.46    12.78

SNOWFALL (IN)
  YESTERDAY        0.0           0.1  1986   0.0    0.0       T
  MONTH TO DATE    T                         0.9   -0.9       T
  SINCE OCT 1     36.4                      28.5    7.9     46.4
  SINCE JUL 1     36.4                      28.5    7.9     46.4
  SNOW DEPTH       0

DEGREE DAYS
 HEATING
  YESTERDAY        1                        10     -9       18
  MONTH TO DATE  297                       315    -18      253
  SINCE MAR 1    791                      1024   -233     1092
  SINCE JUL 1   3664                      4659   -995     4995

 COOLING
  YESTERDAY        0                         1     -1        0
  MONTH TO DATE   13                         2     11        3
  SINCE MAR 1     18                         3     15        3
  SINCE JAN 1     18                         3     15        3
..................................................................


WIND (MPH)
  HIGHEST WIND SPEED    23   HIGHEST WIND DIRECTION     N (340)
  HIGHEST GUST SPEED    31   HIGHEST GUST DIRECTION    NW (300)
  AVERAGE WIND SPEED    12.7


SKY COVER
  AVERAGE SKY COVER 0.8


WEATHER CONDITIONS
 THE FOLLOWING WEATHER WAS RECORDED YESTERDAY.
  LIGHT RAIN
  FOG


RELATIVE HUMIDITY (PERCENT)
 HIGHEST   100           400 AM
 LOWEST     21          1000 PM
 AVERAGE    61

..........................................................


THE NEWARK NJ CLIMATE NORMALS FOR TODAY
                         NORMAL    RECORD    YEAR
 MAXIMUM TEMPERATURE (F)   65        87      2001
 MINIMUM TEMPERATURE (F)   47        36      1967


SUNRISE AND SUNSET
APRIL 24 2016.........SUNRISE   604 AM EDT   SUNSET   746 PM EDT
APRIL 25 2016.........SUNRISE   603 AM EDT   SUNSET   747 PM EDT


-  INDICATES NEGATIVE NUMBERS.
R  INDICATES RECORD WAS SET OR TIED.
MM INDICATES DATA IS MISSING.
T  INDICATES TRACE AMOUNT.




$$
