433
CDUS41 KOKX 192031
CLIEWR


CLIMATE REPORT
NATIONAL WEATHER SERVICE NEW YORK NY
430 PM EDT THU OCT 19 2017


...................................

...THE NEWARK NJ CLIMATE SUMMARY FOR OCTOBER 19 2017...
VALID TODAY AS OF 0400 PM LOCAL TIME.

CLIMATE NORMAL PERIOD 1981 TO 2010
CLIMATE RECORD PERIOD 1929 TO 2017


WEATHER ITEM   OBSERVED TIME   RECORD YEAR NORMAL DEPARTURE LAST
                VALUE   (LST)  VALUE       VALUE  FROM      YEAR
                                                  NORMAL
..................................................................
TEMPERATURE (F)
 TODAY
  MAXIMUM         74    239 PM  87    2016  64     10       87
  MINIMUM         48    614 AM  30    1976  47      1       64
                                      1948
  AVERAGE         61                        56      5       76

PRECIPITATION (IN)
  TODAY            0.00          4.04 1996   0.12  -0.12     0.00
  MONTH TO DATE    0.65                      2.23  -1.58     0.66
  SINCE SEP 1      2.37                      6.05  -3.68     2.83
  SINCE JAN 1     40.05                     37.42   2.63    26.64

SNOWFALL (IN)
  TODAY            0.0           T    1972   0.0    0.0      0.0
  MONTH TO DATE    0.0                       0.0    0.0      0.0
  SINCE OCT 1      0.0                       0.0    0.0      0.0
  SINCE JUL 1      0.0                       0.0    0.0      0.0
  SNOW DEPTH       0

DEGREE DAYS
 HEATING
  TODAY            4                        10     -6        0
  MONTH TO DATE   54                       136    -82       86
  SINCE SEP 1     71                       180   -109      102
  SINCE JUL 1     71                       181   -110      102

 COOLING
  TODAY            0                         0      0       11
  MONTH TO DATE   74                        14     60       30
  SINCE SEP 1    276                       154    122      258
  SINCE JAN 1   1304                      1188    116     1568
..................................................................


WIND (MPH)
  HIGHEST WIND SPEED    20   HIGHEST WIND DIRECTION    SW (240)
  HIGHEST GUST SPEED    23   HIGHEST GUST DIRECTION    SW (240)
  AVERAGE WIND SPEED     9.0


SKY COVER
  AVERAGE SKY COVER 0.2


WEATHER CONDITIONS
 THE FOLLOWING WEATHER WAS RECORDED TODAY.
  NO SIGNIFICANT WEATHER WAS OBSERVED.


RELATIVE HUMIDITY (PERCENT)
 HIGHEST    86           400 AM
 LOWEST     27           200 PM
 AVERAGE    57

..........................................................


THE NEWARK NJ CLIMATE NORMALS FOR TOMORROW
                         NORMAL    RECORD    YEAR
 MAXIMUM TEMPERATURE (F)   64        80      1969
                                             1947
 MINIMUM TEMPERATURE (F)   47        31      1974
                                             1972
                                             1952


SUNRISE AND SUNSET
OCTOBER 19 2017.......SUNRISE   712 AM EDT   SUNSET   610 PM EDT
OCTOBER 20 2017.......SUNRISE   714 AM EDT   SUNSET   609 PM EDT


-  INDICATES NEGATIVE NUMBERS.
R  INDICATES RECORD WAS SET OR TIED.
MM INDICATES DATA IS MISSING.
T  INDICATES TRACE AMOUNT.




$$
