000
CDUS41 KOKX 280641
CLIEWR


CLIMATE REPORT
NATIONAL WEATHER SERVICE NEW YORK NY
241 AM EDT TUE JUL 28 2015


...................................

...THE NEWARK NJ CLIMATE SUMMARY FOR JULY 27 2015...

CLIMATE NORMAL PERIOD 1981 TO 2010
CLIMATE RECORD PERIOD 1929 TO 2015


WEATHER ITEM   OBSERVED TIME   RECORD YEAR NORMAL DEPARTURE LAST
                VALUE   (LST)  VALUE       VALUE  FROM      YEAR
                                                  NORMAL
..................................................................
TEMPERATURE (F)
 YESTERDAY
  MAXIMUM         86   1139 AM 101    2005  86      0       90
  MINIMUM         73    551 AM  57    1977  69      4       69
                                      1962
  AVERAGE         80                        78      2       80

PRECIPITATION (IN)
  YESTERDAY        0.01          1.68 1984   0.17  -0.16     0.04
  MONTH TO DATE    1.85                      4.07  -2.22     4.89
  SINCE JUN 1      7.75                      8.09  -0.34     9.30
  SINCE JAN 1     25.36                     26.98  -1.62    32.65

SNOWFALL (IN)
  YESTERDAY        0.0           0.0  2002   0.0    0.0      0.0
                                      2001
  MONTH TO DATE    0.0                       0.0    0.0      0.0
  SINCE OCT 1     46.4                      28.5   17.9     61.1
  SINCE JUL 1      0.0                       0.0    0.0      0.0
  SNOW DEPTH       0

DEGREE DAYS
 HEATING
  YESTERDAY        0                         0      0        0
  MONTH TO DATE    0                         0      0        0
  SINCE JUN 1     29                        17     12        0
  SINCE JUL 1      0                         0      0        0

 COOLING
  YESTERDAY       15                        12      3       15
  MONTH TO DATE  366                       338     28      346
  SINCE JUN 1    615                       577     38      588
  SINCE JAN 1    775                       653    122      650
..................................................................


WIND (MPH)
  HIGHEST WIND SPEED    16   HIGHEST WIND DIRECTION    SE (150)
  HIGHEST GUST SPEED    21   HIGHEST GUST DIRECTION    SE (150)
  AVERAGE WIND SPEED     6.9


SKY COVER
  AVERAGE SKY COVER 0.8


WEATHER CONDITIONS
 THE FOLLOWING WEATHER WAS RECORDED YESTERDAY.
  LIGHT RAIN


RELATIVE HUMIDITY (PERCENT)
 HIGHEST    79           500 AM
 LOWEST     55          1100 AM
 AVERAGE    67

..........................................................


THE NEWARK NJ CLIMATE NORMALS FOR TODAY
                         NORMAL    RECORD    YEAR
 MAXIMUM TEMPERATURE (F)   86       101      1949
 MINIMUM TEMPERATURE (F)   69        58      1962


SUNRISE AND SUNSET
JULY 28 2015..........SUNRISE   549 AM EDT   SUNSET   816 PM EDT
JULY 29 2015..........SUNRISE   550 AM EDT   SUNSET   815 PM EDT


-  INDICATES NEGATIVE NUMBERS.
R  INDICATES RECORD WAS SET OR TIED.
MM INDICATES DATA IS MISSING.
T  INDICATES TRACE AMOUNT.




$$
