000
CDUS41 KOKX 222037
CLIEWR


CLIMATE REPORT
NATIONAL WEATHER SERVICE NEW YORK NY
437 PM EDT FRI SEP 22 2017


...................................

...THE NEWARK NJ CLIMATE SUMMARY FOR SEPTEMBER 22 2017...
VALID TODAY AS OF 0400 PM LOCAL TIME.

CLIMATE NORMAL PERIOD 1981 TO 2010
CLIMATE RECORD PERIOD 1929 TO 2017


WEATHER ITEM   OBSERVED TIME   RECORD YEAR NORMAL DEPARTURE LAST
                VALUE   (LST)  VALUE       VALUE  FROM      YEAR
                                                  NORMAL
..................................................................
TEMPERATURE (F)
 TODAY
  MAXIMUM         85    254 PM  94    1970  74     11       84
  MINIMUM         66    623 AM  44    1997  57      9       61
                                      1962
  AVERAGE         76                        66     10       73

PRECIPITATION (IN)
  TODAY            0.00          0.80 1990   0.13  -0.13     0.00
  MONTH TO DATE    1.72                      2.72  -1.00     1.25
  SINCE SEP 1      1.72                      2.72  -1.00     1.25
  SINCE JAN 1     39.40                     34.09   5.31    25.06

SNOWFALL (IN)
  TODAY            0.0           0.0  2002   0.0    0.0      0.0
                                      2001
  MONTH TO DATE    0.0                       0.0    0.0      0.0
  SINCE OCT 1     30.0                      28.5    1.5     32.8
  SINCE JUL 1      0.0                       0.0    0.0      0.0
  SNOW DEPTH       0

DEGREE DAYS
 HEATING
  TODAY            0                         2     -2        0
  MONTH TO DATE   10                        17     -7        0
  SINCE SEP 1     10                        17     -7        0
  SINCE JUL 1     10                        18     -8        0

 COOLING
  TODAY           11                         3      8        8
  MONTH TO DATE  128                       122      6      214
  SINCE SEP 1    128                       122      6      214
  SINCE JAN 1   1156                      1156      0     1524
..................................................................


WIND (MPH)
  HIGHEST WIND SPEED    22   HIGHEST WIND DIRECTION     N (340)
  HIGHEST GUST SPEED    27   HIGHEST GUST DIRECTION     N (340)
  AVERAGE WIND SPEED    14.6


SKY COVER
  AVERAGE SKY COVER 0.8


WEATHER CONDITIONS
 THE FOLLOWING WEATHER WAS RECORDED TODAY.
  NO SIGNIFICANT WEATHER WAS OBSERVED.


RELATIVE HUMIDITY (PERCENT)
 HIGHEST    73          1200 AM
 LOWEST     34           100 PM
 AVERAGE    54

..........................................................


THE NEWARK NJ CLIMATE NORMALS FOR TOMORROW
                         NORMAL    RECORD    YEAR
 MAXIMUM TEMPERATURE (F)   74        94      1970
 MINIMUM TEMPERATURE (F)   57        40      1947


SUNRISE AND SUNSET
SEPTEMBER 22 2017.....SUNRISE   644 AM EDT   SUNSET   653 PM EDT
SEPTEMBER 23 2017.....SUNRISE   645 AM EDT   SUNSET   652 PM EDT


-  INDICATES NEGATIVE NUMBERS.
R  INDICATES RECORD WAS SET OR TIED.
MM INDICATES DATA IS MISSING.
T  INDICATES TRACE AMOUNT.




$$
