000
CDUS41 KOKX 270624
CLIEWR


CLIMATE REPORT
NATIONAL WEATHER SERVICE NEW YORK NY
123 AM EST THU NOV 27 2014


...................................

...THE NEWARK NJ CLIMATE SUMMARY FOR NOVEMBER 26 2014...

CLIMATE NORMAL PERIOD 1981 TO 2010
CLIMATE RECORD PERIOD 1929 TO 2014


WEATHER ITEM   OBSERVED TIME   RECORD YEAR NORMAL DEPARTURE LAST
                VALUE   (LST)  VALUE       VALUE  FROM      YEAR
                                                  NORMAL
..................................................................
TEMPERATURE (F)
 YESTERDAY
  MAXIMUM         49    428 AM  68    2011  51     -2       52
                                      1979
  MINIMUM         32   1108 AM  15    1938  36     -4       33
  AVERAGE         41                        43     -2       43

PRECIPITATION (IN)
  YESTERDAY        1.10          1.77 1986   0.12   0.98     0.57
  MONTH TO DATE    4.12                      3.12   1.00     1.06
  SINCE SEP 1      9.79                     10.54  -0.75     3.11
  SINCE JAN 1     44.41                     41.91   2.50    36.41

SNOWFALL (IN)
  YESTERDAY        1.4           1.7  1938   0.1    1.3       T
  MONTH TO DATE    1.4                       0.3    1.1       T
  SINCE OCT 1      1.4                       0.3    1.1       T
  SINCE JUL 1      1.4                       0.3    1.1       T
  SNOW DEPTH       0

DEGREE DAYS
 HEATING
  YESTERDAY       24                        22      2       22
  MONTH TO DATE  511                       456     55      499
  SINCE SEP 1    719                       776    -57      756
  SINCE JUL 1    719                       777    -58      756

 COOLING
  YESTERDAY        0                         0      0        0
  MONTH TO DATE    0                         0      0        0
  SINCE SEP 1    190                       157     33      166
  SINCE JAN 1   1175                      1191    -16     1337
..................................................................


WIND (MPH)
  HIGHEST WIND SPEED    25   HIGHEST WIND DIRECTION     N (340)
  HIGHEST GUST SPEED    33   HIGHEST GUST DIRECTION     N (340)
  AVERAGE WIND SPEED    12.9


SKY COVER
  AVERAGE SKY COVER 1.0


WEATHER CONDITIONS
 THE FOLLOWING WEATHER WAS RECORDED YESTERDAY.
  RAIN
  LIGHT RAIN
  SNOW
  LIGHT SNOW
  SLEET
  FOG


RELATIVE HUMIDITY (PERCENT)
 HIGHEST   100           400 PM
 LOWEST     50           100 AM
 AVERAGE    75

..........................................................


THE NEWARK NJ CLIMATE NORMALS FOR TODAY
                         NORMAL    RECORD    YEAR
 MAXIMUM TEMPERATURE (F)   50        67      1960
                                             1959
 MINIMUM TEMPERATURE (F)   36        12      1932


SUNRISE AND SUNSET
NOVEMBER 27 2014......SUNRISE   657 AM EST   SUNSET   431 PM EST
NOVEMBER 28 2014......SUNRISE   658 AM EST   SUNSET   431 PM EST


-  INDICATES NEGATIVE NUMBERS.
R  INDICATES RECORD WAS SET OR TIED.
MM INDICATES DATA IS MISSING.
T  INDICATES TRACE AMOUNT.




$$
