000
CDUS41 KOKX 280617
CLIEWR


CLIMATE REPORT
NATIONAL WEATHER SERVICE NEW YORK NY
216 AM EDT SAT MAR 28 2015


...................................

...THE NEWARK NJ CLIMATE SUMMARY FOR MARCH 27 2015...

CLIMATE NORMAL PERIOD 1981 TO 2010
CLIMATE RECORD PERIOD 1929 TO 2015


WEATHER ITEM   OBSERVED TIME   RECORD YEAR NORMAL DEPARTURE LAST
                VALUE   (LST)  VALUE       VALUE  FROM      YEAR
                                                  NORMAL
..................................................................
TEMPERATURE (F)
 YESTERDAY
  MAXIMUM         47    435 PM  84    1998  55     -8       46
  MINIMUM         40   1159 PM  22    2014  37      3       22
  AVERAGE         44                        46     -2       34

PRECIPITATION (IN)
  YESTERDAY        0.24          1.60 1983   0.15   0.09     0.00
  MONTH TO DATE    4.53                      3.61   0.92     0.89
  SINCE MAR 1      4.53                      3.61   0.92     0.89
  SINCE JAN 1     11.01                     10.03   0.98     8.61

SNOWFALL (IN)
  YESTERDAY        0.0           1.0  1959   0.1   -0.1      0.0
  MONTH TO DATE   16.3                       4.3   12.0      0.2
  SINCE OCT 1     46.4                      27.3   19.1     60.7
  SINCE JUL 1     46.4                      27.3   19.1     60.7
  SNOW DEPTH       0

DEGREE DAYS
 HEATING
  YESTERDAY       21                        19      2       31
  MONTH TO DATE  740                       635    105      765
  SINCE MAR 1    740                       635    105      765
  SINCE JUL 1   4643                      4270    373     4640

 COOLING
  YESTERDAY        0                         0      0        0
  MONTH TO DATE    0                         0      0        0
  SINCE MAR 1      0                         0      0        0
  SINCE JAN 1      0                         0      0        0
..................................................................


WIND (MPH)
  HIGHEST WIND SPEED    20   HIGHEST WIND DIRECTION     N (350)
  HIGHEST GUST SPEED    25   HIGHEST GUST DIRECTION    NW (320)
  AVERAGE WIND SPEED    10.8


SKY COVER
  AVERAGE SKY COVER 1.0


WEATHER CONDITIONS
 THE FOLLOWING WEATHER WAS RECORDED YESTERDAY.
  RAIN
  LIGHT RAIN
  FOG


RELATIVE HUMIDITY (PERCENT)
 HIGHEST    92           500 AM
 LOWEST     45           800 PM
 AVERAGE    69

..........................................................


THE NEWARK NJ CLIMATE NORMALS FOR TODAY
                         NORMAL    RECORD    YEAR
 MAXIMUM TEMPERATURE (F)   55        87      1945
 MINIMUM TEMPERATURE (F)   37        19      1982


SUNRISE AND SUNSET
MARCH 28 2015.........SUNRISE   647 AM EDT   SUNSET   717 PM EDT
MARCH 29 2015.........SUNRISE   646 AM EDT   SUNSET   718 PM EDT


-  INDICATES NEGATIVE NUMBERS.
R  INDICATES RECORD WAS SET OR TIED.
MM INDICATES DATA IS MISSING.
T  INDICATES TRACE AMOUNT.




$$
