000
CDUS41 KOKX 270618
CLIEWR


CLIMATE REPORT
NATIONAL WEATHER SERVICE NEW YORK NY
217 AM EDT FRI MAR 27 2015


...................................

...THE NEWARK NJ CLIMATE SUMMARY FOR MARCH 26 2015...

CLIMATE NORMAL PERIOD 1981 TO 2010
CLIMATE RECORD PERIOD 1929 TO 2015


WEATHER ITEM   OBSERVED TIME   RECORD YEAR NORMAL DEPARTURE LAST
                VALUE   (LST)  VALUE       VALUE  FROM      YEAR
                                                  NORMAL
..................................................................
TEMPERATURE (F)
 YESTERDAY
  MAXIMUM         64    643 PM  73    1986  54     10       38
                                      1943
  MINIMUM         41    412 AM  19    1960  37      4       24
  AVERAGE         53                        45      8       31

PRECIPITATION (IN)
  YESTERDAY        0.39          1.56 1978   0.14   0.25     0.00
  MONTH TO DATE    4.29                      3.46   0.83     0.89
  SINCE MAR 1      4.29                      3.46   0.83     0.89
  SINCE JAN 1     10.77                      9.88   0.89     8.61

SNOWFALL (IN)
  YESTERDAY        0.0           0.7  1955   0.1   -0.1      0.0
  MONTH TO DATE   16.3                       4.2   12.1      0.2
  SINCE OCT 1     46.4                      27.2   19.2     60.7
  SINCE JUL 1     46.4                      27.2   19.2     60.7
  SNOW DEPTH       0

DEGREE DAYS
 HEATING
  YESTERDAY       12                        20     -8       34
  MONTH TO DATE  719                       616    103      734
  SINCE MAR 1    719                       616    103      734
  SINCE JUL 1   4622                      4251    371     4609

 COOLING
  YESTERDAY        0                         0      0        0
  MONTH TO DATE    0                         0      0        0
  SINCE MAR 1      0                         0      0        0
  SINCE JAN 1      0                         0      0        0
..................................................................


WIND (MPH)
  HIGHEST WIND SPEED    21   HIGHEST WIND DIRECTION     N (340)
  HIGHEST GUST SPEED    25   HIGHEST GUST DIRECTION     N (350)
  AVERAGE WIND SPEED     3.5


SKY COVER
  AVERAGE SKY COVER 1.0


WEATHER CONDITIONS
 THE FOLLOWING WEATHER WAS RECORDED YESTERDAY.
  HEAVY RAIN
  RAIN
  LIGHT RAIN
  FOG
  FOG W/VISIBILITY <= 1/4 MILE


RELATIVE HUMIDITY (PERCENT)
 HIGHEST   100           700 AM
 LOWEST     84           700 PM
 AVERAGE    92

..........................................................


THE NEWARK NJ CLIMATE NORMALS FOR TODAY
                         NORMAL    RECORD    YEAR
 MAXIMUM TEMPERATURE (F)   55        84      1998
 MINIMUM TEMPERATURE (F)   37        22      2014


SUNRISE AND SUNSET
MARCH 27 2015.........SUNRISE   649 AM EDT   SUNSET   716 PM EDT
MARCH 28 2015.........SUNRISE   647 AM EDT   SUNSET   717 PM EDT


-  INDICATES NEGATIVE NUMBERS.
R  INDICATES RECORD WAS SET OR TIED.
MM INDICATES DATA IS MISSING.
T  INDICATES TRACE AMOUNT.




$$
