000
CDUS41 KOKX 130638
CLIEWR


CLIMATE REPORT
NATIONAL WEATHER SERVICE NEW YORK NY
135 AM EST WED DEC 13 2017


...................................

...THE NEWARK NJ CLIMATE SUMMARY FOR DECEMBER 12 2017...

CLIMATE NORMAL PERIOD 1981 TO 2010
CLIMATE RECORD PERIOD 1929 TO 2017


WEATHER ITEM   OBSERVED TIME   RECORD YEAR NORMAL DEPARTURE LAST
                VALUE   (LST)  VALUE       VALUE  FROM      YEAR
                                                  NORMAL
..................................................................
TEMPERATURE (F)
 YESTERDAY
  MAXIMUM         50   1057 AM  68    1931  45      5       46
  MINIMUM         29   1159 PM   6    1988  31     -2       32
  AVERAGE         40                        38      2       39

PRECIPITATION (IN)
  YESTERDAY        T             1.51 1960   0.13  -0.13     0.50
  MONTH TO DATE    0.68                      1.57  -0.89     1.27
  SINCE DEC 1      0.68                      1.57  -0.89     1.27
  SINCE JAN 1     46.53                     44.01   2.52    36.77

SNOWFALL (IN)
  YESTERDAY        0.0          16.7  1960   0.2   -0.2      0.0
  MONTH TO DATE    4.3                       1.4    2.9      0.3
  SINCE OCT 1      4.3                       1.8    2.5      0.3
  SINCE JUL 1      4.3                       1.8    2.5      0.3
  SNOW DEPTH       0

DEGREE DAYS
 HEATING
  YESTERDAY       25                        27     -2       26
  MONTH TO DATE  284                       306    -22      296
  SINCE DEC 1    284                       306    -22      296
  SINCE JUL 1    969                      1174   -205      979

 COOLING
  YESTERDAY        0                         0      0        0
  MONTH TO DATE    0                         0      0        0
  SINCE DEC 1      0                         0      0        0
  SINCE JAN 1   1316                      1192    124     1571
..................................................................


WIND (MPH)
  HIGHEST WIND SPEED    31   HIGHEST WIND DIRECTION    NW (300)
  HIGHEST GUST SPEED    39   HIGHEST GUST DIRECTION     W (290)
  AVERAGE WIND SPEED    11.5


SKY COVER
  AVERAGE SKY COVER 0.9


WEATHER CONDITIONS
 THE FOLLOWING WEATHER WAS RECORDED YESTERDAY.
  LIGHT RAIN


RELATIVE HUMIDITY (PERCENT)
 HIGHEST    71           700 AM
 LOWEST     43          1100 PM
 AVERAGE    57

..........................................................


THE NEWARK NJ CLIMATE NORMALS FOR TODAY
                         NORMAL    RECORD    YEAR
 MAXIMUM TEMPERATURE (F)   44        68      2015
 MINIMUM TEMPERATURE (F)   30         8      1960


SUNRISE AND SUNSET
DECEMBER 13 2017......SUNRISE   712 AM EST   SUNSET   430 PM EST
DECEMBER 14 2017......SUNRISE   713 AM EST   SUNSET   430 PM EST


-  INDICATES NEGATIVE NUMBERS.
R  INDICATES RECORD WAS SET OR TIED.
MM INDICATES DATA IS MISSING.
T  INDICATES TRACE AMOUNT.




$$
