282
CDUS41 KOKX 060621
CLIEWR


CLIMATE REPORT
NATIONAL WEATHER SERVICE NEW YORK NY
120 AM EST SAT FEB 6 2016


...................................

...THE NEWARK NJ CLIMATE SUMMARY FOR FEBRUARY 5 2016...

CLIMATE NORMAL PERIOD 1981 TO 2010
CLIMATE RECORD PERIOD 1929 TO 2016


WEATHER ITEM   OBSERVED TIME   RECORD YEAR NORMAL DEPARTURE LAST
                VALUE   (LST)  VALUE       VALUE  FROM      YEAR
                                                  NORMAL
..................................................................
TEMPERATURE (F)
 YESTERDAY
  MAXIMUM         43   1228 AM  69    1991  40      3       39
  MINIMUM         31   1159 PM   3    1996  25      6       13
  AVERAGE         37                        33      4       26

PRECIPITATION (IN)
  YESTERDAY        0.48          1.44 2014   0.10   0.38      T
  MONTH TO DATE    1.12                      0.51   0.61     1.17
  SINCE DEC 1      9.53                      7.86   1.67    10.50
  SINCE JAN 1      5.13                      4.05   1.08     5.59

SNOWFALL (IN)
  YESTERDAY        2.8           5.2  2001   0.3    2.5       T
  MONTH TO DATE    2.8                       1.7    1.1      4.6
  SINCE OCT 1     32.4                      15.4   17.0     21.2
  SINCE JUL 1     32.4                      15.4   17.0     21.2
  SNOW DEPTH       1

DEGREE DAYS
 HEATING
  YESTERDAY       28                        32     -4       39
  MONTH TO DATE  101                       162    -61      201
  SINCE DEC 1   1542                      2078   -536     2089
  SINCE JUL 1   2174                      2946   -772     2921

 COOLING
  YESTERDAY        0                         0      0        0
  MONTH TO DATE    0                         0      0        0
  SINCE DEC 1      0                         0      0        0
  SINCE JAN 1      0                         0      0        0
..................................................................


WIND (MPH)
  HIGHEST WIND SPEED    26   HIGHEST WIND DIRECTION     W (290)
  HIGHEST GUST SPEED    31   HIGHEST GUST DIRECTION    NW (310)
  AVERAGE WIND SPEED    12.6


SKY COVER
  AVERAGE SKY COVER 0.7


WEATHER CONDITIONS
 THE FOLLOWING WEATHER WAS RECORDED YESTERDAY.
  RAIN
  LIGHT RAIN
  SNOW
  LIGHT SNOW
  SLEET
  FOG


RELATIVE HUMIDITY (PERCENT)
 HIGHEST    92           900 AM
 LOWEST     44           400 PM
 AVERAGE    68

..........................................................


THE NEWARK NJ CLIMATE NORMALS FOR TODAY
                         NORMAL    RECORD    YEAR
 MAXIMUM TEMPERATURE (F)   40        69      2008
 MINIMUM TEMPERATURE (F)   26         5      1995
                                             1935


SUNRISE AND SUNSET
FEBRUARY  6 2016......SUNRISE   702 AM EST   SUNSET   520 PM EST
FEBRUARY  7 2016......SUNRISE   701 AM EST   SUNSET   521 PM EST


-  INDICATES NEGATIVE NUMBERS.
R  INDICATES RECORD WAS SET OR TIED.
MM INDICATES DATA IS MISSING.
T  INDICATES TRACE AMOUNT.




$$
