000
CDUS41 KOKX 262137
CLIEWR


CLIMATE REPORT
NATIONAL WEATHER SERVICE NEW YORK NY
437 PM EST FRI DEC 26 2014


...................................

...THE NEWARK NJ CLIMATE SUMMARY FOR DECEMBER 26 2014...
VALID TODAY AS OF 0400 PM LOCAL TIME.

CLIMATE NORMAL PERIOD 1981 TO 2010
CLIMATE RECORD PERIOD 1929 TO 2014


WEATHER ITEM   OBSERVED TIME   RECORD YEAR NORMAL DEPARTURE LAST
                VALUE   (LST)  VALUE       VALUE  FROM      YEAR
                                                  NORMAL
..................................................................
TEMPERATURE (F)
 TODAY
  MAXIMUM         51    318 PM  66    1982  41     10       36
  MINIMUM         34    353 AM  -1    1980  27      7       27
  AVERAGE         43                        34      9       32

PRECIPITATION (IN)
  TODAY            0.00          2.49 1947   0.12  -0.12      T
  MONTH TO DATE    4.82                      3.25   1.57     3.30
  SINCE DEC 1      4.82                      3.25   1.57     3.30
  SINCE JAN 1     49.24                     45.69   3.55    41.62

SNOWFALL (IN)
  TODAY            0.0          25.9  1947   0.2   -0.2       T
  MONTH TO DATE    0.3                       4.1   -3.8      9.4
  SINCE OCT 1      1.7                       4.5   -2.8      9.4
  SINCE JUL 1      1.7                       4.5   -2.8      9.4
  SNOW DEPTH       0

DEGREE DAYS
 HEATING
  TODAY           22                        31     -9       33
  MONTH TO DATE  634                       721    -87      717
  SINCE DEC 1    634                       721    -87      717
  SINCE JUL 1   1466                      1589   -123     1587

 COOLING
  TODAY            0                         0      0        0
  MONTH TO DATE    0                         0      0        0
  SINCE DEC 1      0                         0      0        0
  SINCE JAN 1   1175                      1192    -17     1337
..................................................................


WIND (MPH)
  HIGHEST WIND SPEED    14   HIGHEST WIND DIRECTION     W (270)
  HIGHEST GUST SPEED    18   HIGHEST GUST DIRECTION     W (280)
  AVERAGE WIND SPEED     9.3


SKY COVER
  AVERAGE SKY COVER 0.1


WEATHER CONDITIONS
 THE FOLLOWING WEATHER WAS RECORDED TODAY.
  NO SIGNIFICANT WEATHER WAS OBSERVED.


RELATIVE HUMIDITY (PERCENT)
 HIGHEST    82           400 AM
 LOWEST     41           200 PM
 AVERAGE    62

..........................................................


THE NEWARK NJ CLIMATE NORMALS FOR TOMORROW
                         NORMAL    RECORD    YEAR
 MAXIMUM TEMPERATURE (F)   40        63      1949
 MINIMUM TEMPERATURE (F)   27         3      1948


SUNRISE AND SUNSET
DECEMBER 26 2014......SUNRISE   719 AM EST   SUNSET   435 PM EST
DECEMBER 27 2014......SUNRISE   720 AM EST   SUNSET   436 PM EST


-  INDICATES NEGATIVE NUMBERS.
R  INDICATES RECORD WAS SET OR TIED.
MM INDICATES DATA IS MISSING.
T  INDICATES TRACE AMOUNT.




$$
