000
CDUS41 KOKX 280635
CLIEWR


CLIMATE REPORT
NATIONAL WEATHER SERVICE NEW YORK NY
135 AM EST SAT FEB 28 2015


...................................

...THE NEWARK NJ CLIMATE SUMMARY FOR FEBRUARY 27 2015...

CLIMATE NORMAL PERIOD 1981 TO 2010
CLIMATE RECORD PERIOD 1929 TO 2015


WEATHER ITEM   OBSERVED TIME   RECORD YEAR NORMAL DEPARTURE LAST
                VALUE   (LST)  VALUE       VALUE  FROM      YEAR
                                                  NORMAL
..................................................................
TEMPERATURE (F)
 YESTERDAY
  MAXIMUM         30    441 PM  74    1997  45    -15       34
  MINIMUM         18    724 AM   7    1934  29    -11       13
  AVERAGE         24                        37    -13       24

PRECIPITATION (IN)
  YESTERDAY        0.00          1.33 2013   0.12  -0.12      T
  MONTH TO DATE    2.06                      2.77  -0.71     4.94
  SINCE DEC 1     11.39                     10.12   1.27    12.34
  SINCE JAN 1      6.48                      6.31   0.17     7.72

SNOWFALL (IN)
  YESTERDAY        0.0           4.5  1935   0.3   -0.3       T
  MONTH TO DATE   13.5                       9.1    4.4     30.3
  SINCE OCT 1     30.1                      22.8    7.3     60.5
  SINCE JUL 1     30.1                      22.8    7.3     60.5
  SNOW DEPTH       4

DEGREE DAYS
 HEATING
  YESTERDAY       41                        28     13       41
  MONTH TO DATE 1140                       824    316      929
  SINCE DEC 1   3028                      2740    288     2957
  SINCE JUL 1   3860                      3608    252     3827

 COOLING
  YESTERDAY        0                         0      0        0
  MONTH TO DATE    0                         0      0        0
  SINCE DEC 1      0                         0      0        0
  SINCE JAN 1      0                         0      0        0
..................................................................


WIND (MPH)
  HIGHEST WIND SPEED    16   HIGHEST WIND DIRECTION    NW (300)
  HIGHEST GUST SPEED    23   HIGHEST GUST DIRECTION     W (280)
  AVERAGE WIND SPEED     9.5


SKY COVER
  AVERAGE SKY COVER 0.5


WEATHER CONDITIONS
 THE FOLLOWING WEATHER WAS RECORDED YESTERDAY.
  NO SIGNIFICANT WEATHER WAS OBSERVED.


RELATIVE HUMIDITY (PERCENT)
 HIGHEST    67           100 AM
 LOWEST     35           600 PM
 AVERAGE    51

..........................................................


THE NEWARK NJ CLIMATE NORMALS FOR TODAY
                         NORMAL    RECORD    YEAR
 MAXIMUM TEMPERATURE (F)   46        68      1976
 MINIMUM TEMPERATURE (F)   29         0      1934


SUNRISE AND SUNSET
FEBRUARY 28 2015......SUNRISE   633 AM EST   SUNSET   546 PM EST
MARCH  1 2015.........SUNRISE   631 AM EST   SUNSET   548 PM EST


-  INDICATES NEGATIVE NUMBERS.
R  INDICATES RECORD WAS SET OR TIED.
MM INDICATES DATA IS MISSING.
T  INDICATES TRACE AMOUNT.




$$
