315
CDUS41 KOKX 260617
CLIEWR


CLIMATE REPORT
NATIONAL WEATHER SERVICE NEW YORK NY
217 AM EDT MON JUN 26 2017


...................................

...THE NEWARK NJ CLIMATE SUMMARY FOR JUNE 25 2017...

CLIMATE NORMAL PERIOD 1981 TO 2010
CLIMATE RECORD PERIOD 1929 TO 2017


WEATHER ITEM   OBSERVED TIME   RECORD YEAR NORMAL DEPARTURE LAST
                VALUE   (LST)  VALUE       VALUE  FROM      YEAR
                                                  NORMAL
..................................................................
TEMPERATURE (F)
 YESTERDAY
  MAXIMUM         86    128 PM 100    1943  84      2       82
  MINIMUM         68    446 AM  53    1932  66      2       64
  AVERAGE         77                        75      2       73

PRECIPITATION (IN)
  YESTERDAY        T             1.39 2004   0.13  -0.13     0.00
  MONTH TO DATE    5.14                      3.40   1.74     1.63
  SINCE JUN 1      5.14                      3.40   1.74     1.63
  SINCE JAN 1     27.68                     22.29   5.39    16.03

SNOWFALL (IN)
  YESTERDAY        0.0           0.0  2002   0.0    0.0      0.0
                                      2001
  MONTH TO DATE    0.0                       0.0    0.0      0.0
  SINCE OCT 1     30.0                      28.5    1.5     32.8
  SINCE JUL 1     30.0                      28.5    1.5     32.8
  SNOW DEPTH       0

DEGREE DAYS
 HEATING
  YESTERDAY        0                         0      0        0
  MONTH TO DATE   18                        15      3        4
  SINCE JUN 1     18                        15      3        4
  SINCE JUL 1   4233                      4870   -637     3899

 COOLING
  YESTERDAY       12                        10      2        8
  MONTH TO DATE  211                       184     27      193
  SINCE JUN 1    211                       184     27      193
  SINCE JAN 1    306                       260     46      311
..................................................................


WIND (MPH)
  HIGHEST WIND SPEED    21   HIGHEST WIND DIRECTION    NW (330)
  HIGHEST GUST SPEED    26   HIGHEST GUST DIRECTION    SW (240)
  AVERAGE WIND SPEED     8.1


SKY COVER
  AVERAGE SKY COVER 0.6


WEATHER CONDITIONS
 THE FOLLOWING WEATHER WAS RECORDED YESTERDAY.
  NO SIGNIFICANT WEATHER WAS OBSERVED.


RELATIVE HUMIDITY (PERCENT)
 HIGHEST    70           500 AM
 LOWEST     34          1200 PM
 AVERAGE    52

..........................................................


THE NEWARK NJ CLIMATE NORMALS FOR TODAY
                         NORMAL    RECORD    YEAR
 MAXIMUM TEMPERATURE (F)   84       102      1952
                                             1943
 MINIMUM TEMPERATURE (F)   66        55      1986


SUNRISE AND SUNSET
JUNE 26 2017..........SUNRISE   527 AM EDT   SUNSET   832 PM EDT
JUNE 27 2017..........SUNRISE   528 AM EDT   SUNSET   832 PM EDT


-  INDICATES NEGATIVE NUMBERS.
R  INDICATES RECORD WAS SET OR TIED.
MM INDICATES DATA IS MISSING.
T  INDICATES TRACE AMOUNT.




$$
