000
CDUS41 KOKX 280644
CLIEWR


CLIMATE REPORT
NATIONAL WEATHER SERVICE NEW YORK NY
144 AM EST WED JAN 28 2015


...................................

...THE NEWARK NJ CLIMATE SUMMARY FOR JANUARY 27 2015...

CLIMATE NORMAL PERIOD 1981 TO 2010
CLIMATE RECORD PERIOD 1929 TO 2015


WEATHER ITEM   OBSERVED TIME   RECORD YEAR NORMAL DEPARTURE LAST
                VALUE   (LST)  VALUE       VALUE  FROM      YEAR
                                                  NORMAL
..................................................................
TEMPERATURE (F)
 YESTERDAY
  MAXIMUM         29    346 PM  69    1974  39    -10       43
  MINIMUM         19   1159 PM  -2    1994  25     -6       20
  AVERAGE         24                        32     -8       32

PRECIPITATION (IN)
  YESTERDAY        0.23          1.42 1976   0.10   0.13      T
  MONTH TO DATE    4.35                      3.10   1.25     2.73
  SINCE DEC 1      9.26                      6.91   2.35     7.35
  SINCE JAN 1      4.35                      3.10   1.25     2.73

SNOWFALL (IN)
  YESTERDAY        3.5           7.9  2011   0.3    3.2       T
  MONTH TO DATE   14.0                       6.7    7.3     20.1
  SINCE OCT 1     15.7                      12.5    3.2     29.5
  SINCE JUL 1     15.7                      12.5    3.2     29.5
  SNOW DEPTH       8

DEGREE DAYS
 HEATING
  YESTERDAY       41                        33      8       33
  MONTH TO DATE  957                       904     53      989
  SINCE DEC 1   1722                      1786    -64     1851
  SINCE JUL 1   2554                      2654   -100     2721

 COOLING
  YESTERDAY        0                         0      0        0
  MONTH TO DATE    0                         0      0        0
  SINCE DEC 1      0                         0      0        0
  SINCE JAN 1      0                         0      0        0
..................................................................


WIND (MPH)
  HIGHEST WIND SPEED    29   HIGHEST WIND DIRECTION     N (360)
  HIGHEST GUST SPEED    33   HIGHEST GUST DIRECTION     N (360)
  AVERAGE WIND SPEED    17.3


SKY COVER
  AVERAGE SKY COVER 0.9


WEATHER CONDITIONS
 THE FOLLOWING WEATHER WAS RECORDED YESTERDAY.
  LIGHT SNOW
  FOG
  BLOWING SNOW


RELATIVE HUMIDITY (PERCENT)
 HIGHEST    96           100 AM
 LOWEST     51          1100 PM
 AVERAGE    74

..........................................................


THE NEWARK NJ CLIMATE NORMALS FOR TODAY
                         NORMAL    RECORD    YEAR
 MAXIMUM TEMPERATURE (F)   39        62      2002
 MINIMUM TEMPERATURE (F)   25        -4      1935


SUNRISE AND SUNSET
JANUARY 28 2015.......SUNRISE   710 AM EST   SUNSET   509 PM EST
JANUARY 29 2015.......SUNRISE   710 AM EST   SUNSET   510 PM EST


-  INDICATES NEGATIVE NUMBERS.
R  INDICATES RECORD WAS SET OR TIED.
MM INDICATES DATA IS MISSING.
T  INDICATES TRACE AMOUNT.




$$
