000
CDUS41 KOKX 010620
CLIEWR


CLIMATE REPORT
NATIONAL WEATHER SERVICE NEW YORK NY
120 AM EST THU DEC 1 2016


...................................

...THE NEWARK NJ CLIMATE SUMMARY FOR NOVEMBER 30 2016...

CLIMATE NORMAL PERIOD 1981 TO 2010
CLIMATE RECORD PERIOD 1929 TO 2016


WEATHER ITEM   OBSERVED TIME   RECORD YEAR NORMAL DEPARTURE LAST
                VALUE   (LST)  VALUE       VALUE  FROM      YEAR
                                                  NORMAL
..................................................................
TEMPERATURE (F)
 YESTERDAY
  MAXIMUM         58   1213 AM  71    1991  49      9       46
  MINIMUM         52   1159 PM  16    1976  35     17       31
  AVERAGE         55                        42     13       39

PRECIPITATION (IN)
  YESTERDAY        1.07R         0.90 1957   0.14   0.93      T
  MONTH TO DATE    6.52                      3.65   2.87     1.30
  SINCE SEP 1     11.69                     11.07   0.62     6.98
  SINCE JAN 1     35.50                     42.44  -6.94    34.58

SNOWFALL (IN)
  YESTERDAY        0.0           3.1  1967   0.0    0.0      0.0
  MONTH TO DATE    T                         0.4   -0.4      0.0
  SINCE OCT 1      T                         0.4   -0.4      0.0
  SINCE JUL 1      T                         0.4   -0.4      0.0
  SNOW DEPTH       0

DEGREE DAYS
 HEATING
  YESTERDAY       10                        23    -13       26
  MONTH TO DATE  452                       547    -95      388
  SINCE SEP 1    683                       867   -184      632
  SINCE JUL 1    683                       868   -185      632

 COOLING
  YESTERDAY        0                         0      0        0
  MONTH TO DATE    1                         1      0        5
  SINCE SEP 1    261                       158    103      273
  SINCE JAN 1   1571                      1192    379     1555
..................................................................


WIND (MPH)
  HIGHEST WIND SPEED    15   HIGHEST WIND DIRECTION     N (20)
  HIGHEST GUST SPEED    19   HIGHEST GUST DIRECTION    NE (30)
  AVERAGE WIND SPEED     7.0


SKY COVER
  AVERAGE SKY COVER 0.8


WEATHER CONDITIONS
 THE FOLLOWING WEATHER WAS RECORDED YESTERDAY.
  HEAVY RAIN
  RAIN
  LIGHT RAIN
  FOG


RELATIVE HUMIDITY (PERCENT)
 HIGHEST   100           800 AM
 LOWEST     93          1200 AM
 AVERAGE    97

..........................................................


THE NEWARK NJ CLIMATE NORMALS FOR TODAY
                         NORMAL    RECORD    YEAR
 MAXIMUM TEMPERATURE (F)   49        72      2006
 MINIMUM TEMPERATURE (F)   34        12      1936


SUNRISE AND SUNSET
DECEMBER  1 2016......SUNRISE   702 AM EST   SUNSET   430 PM EST
DECEMBER  2 2016......SUNRISE   703 AM EST   SUNSET   430 PM EST


-  INDICATES NEGATIVE NUMBERS.
R  INDICATES RECORD WAS SET OR TIED.
MM INDICATES DATA IS MISSING.
T  INDICATES TRACE AMOUNT.




$$
