000
CDUS41 KOKX 140638
CLIEWR


CLIMATE REPORT
NATIONAL WEATHER SERVICE NEW YORK NY
138 AM EST SAT JAN 14 2017


...................................

...THE NEWARK NJ CLIMATE SUMMARY FOR JANUARY 13 2017...

CLIMATE NORMAL PERIOD 1981 TO 2010
CLIMATE RECORD PERIOD 1929 TO 2017


WEATHER ITEM   OBSERVED TIME   RECORD YEAR NORMAL DEPARTURE LAST
                VALUE   (LST)  VALUE       VALUE  FROM      YEAR
                                                  NORMAL
..................................................................
TEMPERATURE (F)
 YESTERDAY
  MAXIMUM         61   1217 AM  70    1932  38     23       31
  MINIMUM         33   1159 PM   0    1981  24      9       22
  AVERAGE         47                        31     16       27

PRECIPITATION (IN)
  YESTERDAY        T             1.27 1948   0.12  -0.12     0.00
  MONTH TO DATE    1.76                      1.54   0.22     1.79
  SINCE DEC 1      4.67                      5.35  -0.68     6.19
  SINCE JAN 1      1.76                      1.54   0.22     1.79

SNOWFALL (IN)
  YESTERDAY        0.0          12.1  1964   0.2   -0.2      0.0
  MONTH TO DATE    7.4                       3.2    4.2       T
  SINCE OCT 1     10.8                       9.0    1.8      0.3
  SINCE JUL 1     10.8                       9.0    1.8      0.3
  SNOW DEPTH       0

DEGREE DAYS
 HEATING
  YESTERDAY       18                        34    -16       38
  MONTH TO DATE  377                       432    -55      397
  SINCE DEC 1   1217                      1314    -97      862
  SINCE JUL 1   1900                      2182   -282     1494

 COOLING
  YESTERDAY        0                         0      0        0
  MONTH TO DATE    0                         0      0        0
  SINCE DEC 1      0                         0      0        0
  SINCE JAN 1      0                         0      0        0
..................................................................


WIND (MPH)
  HIGHEST WIND SPEED    26   HIGHEST WIND DIRECTION     N (340)
  HIGHEST GUST SPEED    33   HIGHEST GUST DIRECTION    NW (320)
  AVERAGE WIND SPEED    14.5


SKY COVER
  AVERAGE SKY COVER 0.8


WEATHER CONDITIONS
 THE FOLLOWING WEATHER WAS RECORDED YESTERDAY.
  LIGHT RAIN


RELATIVE HUMIDITY (PERCENT)
 HIGHEST    86           200 AM
 LOWEST     29           500 PM
 AVERAGE    58

..........................................................


THE NEWARK NJ CLIMATE NORMALS FOR TODAY
                         NORMAL    RECORD    YEAR
 MAXIMUM TEMPERATURE (F)   38        70      1932
 MINIMUM TEMPERATURE (F)   24         7      1988
                                             1957


SUNRISE AND SUNSET
JANUARY 14 2017.......SUNRISE   719 AM EST   SUNSET   453 PM EST
JANUARY 15 2017.......SUNRISE   718 AM EST   SUNSET   454 PM EST


-  INDICATES NEGATIVE NUMBERS.
R  INDICATES RECORD WAS SET OR TIED.
MM INDICATES DATA IS MISSING.
T  INDICATES TRACE AMOUNT.




$$
