000
CDUS41 KOKX 202042
CLIEWR


CLIMATE REPORT
NATIONAL WEATHER SERVICE NEW YORK NY
441 PM EDT WED SEP 20 2017


...................................

...THE NEWARK NJ CLIMATE SUMMARY FOR SEPTEMBER 20 2017...
VALID TODAY AS OF 0400 PM LOCAL TIME.

CLIMATE NORMAL PERIOD 1981 TO 2010
CLIMATE RECORD PERIOD 1929 TO 2017


WEATHER ITEM   OBSERVED TIME   RECORD YEAR NORMAL DEPARTURE LAST
                VALUE   (LST)  VALUE       VALUE  FROM      YEAR
                                                  NORMAL
..................................................................
TEMPERATURE (F)
 TODAY
  MAXIMUM         81    236 PM  92    1983  75      6       84
  MINIMUM         71    608 AM  44    1979  58     13       69
  AVERAGE         76                        67      9       77

PRECIPITATION (IN)
  TODAY            0.00          1.95 1989   0.14  -0.14      T
  MONTH TO DATE    1.72                      2.45  -0.73     1.25
  SINCE SEP 1      1.72                      2.45  -0.73     1.25
  SINCE JAN 1     39.40                     33.82   5.58    25.06

SNOWFALL (IN)
  TODAY            0.0           0.0  2002   0.0    0.0      0.0
                                      2001
  MONTH TO DATE    0.0                       0.0    0.0      0.0
  SINCE OCT 1     30.0                      28.5    1.5     32.8
  SINCE JUL 1      0.0                       0.0    0.0      0.0
  SNOW DEPTH       0

DEGREE DAYS
 HEATING
  TODAY            0                         2     -2        0
  MONTH TO DATE   10                        13     -3        0
  SINCE SEP 1     10                        13     -3        0
  SINCE JUL 1     10                        14     -4        0

 COOLING
  TODAY           11                         3      8       12
  MONTH TO DATE  104                       116    -12      194
  SINCE SEP 1    104                       116    -12      194
  SINCE JAN 1   1132                      1150    -18     1504
..................................................................


WIND (MPH)
  HIGHEST WIND SPEED    29   HIGHEST WIND DIRECTION     N (360)
  HIGHEST GUST SPEED    34   HIGHEST GUST DIRECTION     N (360)
  AVERAGE WIND SPEED    18.6


SKY COVER
  AVERAGE SKY COVER 0.8


WEATHER CONDITIONS
 THE FOLLOWING WEATHER WAS RECORDED TODAY.
  NO SIGNIFICANT WEATHER WAS OBSERVED.


RELATIVE HUMIDITY (PERCENT)
 HIGHEST    79          1200 AM
 LOWEST     54           300 PM
 AVERAGE    67

..........................................................


THE NEWARK NJ CLIMATE NORMALS FOR TOMORROW
                         NORMAL    RECORD    YEAR
 MAXIMUM TEMPERATURE (F)   75        90      1940
 MINIMUM TEMPERATURE (F)   58        39      1956


SUNRISE AND SUNSET
SEPTEMBER 20 2017.....SUNRISE   642 AM EDT   SUNSET   657 PM EDT
SEPTEMBER 21 2017.....SUNRISE   643 AM EDT   SUNSET   655 PM EDT


-  INDICATES NEGATIVE NUMBERS.
R  INDICATES RECORD WAS SET OR TIED.
MM INDICATES DATA IS MISSING.
T  INDICATES TRACE AMOUNT.




$$
