000
CDUS41 KOKX 250617
CLIEWR


CLIMATE REPORT
NATIONAL WEATHER SERVICE NEW YORK NY
217 AM EDT SAT MAR 25 2017


...................................

...THE NEWARK NJ CLIMATE SUMMARY FOR MARCH 24 2017...

CLIMATE NORMAL PERIOD 1981 TO 2010
CLIMATE RECORD PERIOD 1929 TO 2017


WEATHER ITEM   OBSERVED TIME   RECORD YEAR NORMAL DEPARTURE LAST
                VALUE   (LST)  VALUE       VALUE  FROM      YEAR
                                                  NORMAL
..................................................................
TEMPERATURE (F)
 YESTERDAY
  MAXIMUM         58    524 PM  77    1988  53      5       56
  MINIMUM         31    224 AM  16    1940  36     -5       44
  AVERAGE         45                        45      0       50

PRECIPITATION (IN)
  YESTERDAY        T             1.38 1969   0.14  -0.14     0.00
  MONTH TO DATE    1.71                      3.17  -1.46     0.89
  SINCE MAR 1      1.71                      3.17  -1.46     0.89
  SINCE JAN 1      8.45                      9.59  -1.14     8.94

SNOWFALL (IN)
  YESTERDAY        0.0           0.7  1956   0.1   -0.1      0.0
  MONTH TO DATE    9.4                       4.0    5.4      1.6
  SINCE OCT 1     30.0                      27.0    3.0     32.8
  SINCE JUL 1     30.0                      27.0    3.0     32.8
  SNOW DEPTH       0

DEGREE DAYS
 HEATING
  YESTERDAY       20                        20      0       15
  MONTH TO DATE  640                       576     64      399
  SINCE MAR 1    640                       576     64      399
  SINCE JUL 1   3649                      4211   -562     3272

 COOLING
  YESTERDAY        0                         0      0        0
  MONTH TO DATE    0                         0      0        5
  SINCE MAR 1      0                         0      0        5
  SINCE JAN 1      0                         0      0        5
..................................................................


WIND (MPH)
  HIGHEST WIND SPEED    24   HIGHEST WIND DIRECTION    SW (230)
  HIGHEST GUST SPEED    33   HIGHEST GUST DIRECTION     S (200)
  AVERAGE WIND SPEED    11.6


SKY COVER
  AVERAGE SKY COVER 0.8


WEATHER CONDITIONS
 THE FOLLOWING WEATHER WAS RECORDED YESTERDAY.
  LIGHT RAIN


RELATIVE HUMIDITY (PERCENT)
 HIGHEST    70           700 AM
 LOWEST     36          1200 PM
 AVERAGE    53

..........................................................


THE NEWARK NJ CLIMATE NORMALS FOR TODAY
                         NORMAL    RECORD    YEAR
 MAXIMUM TEMPERATURE (F)   54        79      1963
 MINIMUM TEMPERATURE (F)   36        18      1956
                                             1940


SUNRISE AND SUNSET
MARCH 25 2017.........SUNRISE   651 AM EDT   SUNSET   714 PM EDT
MARCH 26 2017.........SUNRISE   650 AM EDT   SUNSET   715 PM EDT


-  INDICATES NEGATIVE NUMBERS.
R  INDICATES RECORD WAS SET OR TIED.
MM INDICATES DATA IS MISSING.
T  INDICATES TRACE AMOUNT.




$$
