000
CDUS41 KOKX 160619
CLIEWR


CLIMATE REPORT
NATIONAL WEATHER SERVICE NEW YORK NY
219 AM EDT SAT SEP 16 2017


...................................

...THE NEWARK NJ CLIMATE SUMMARY FOR SEPTEMBER 15 2017...

CLIMATE NORMAL PERIOD 1981 TO 2010
CLIMATE RECORD PERIOD 1929 TO 2017


WEATHER ITEM   OBSERVED TIME   RECORD YEAR NORMAL DEPARTURE LAST
                VALUE   (LST)  VALUE       VALUE  FROM      YEAR
                                                  NORMAL
..................................................................
TEMPERATURE (F)
 YESTERDAY
  MAXIMUM         82    304 PM  94    1993  77      5       75
  MINIMUM         65    544 AM  47    1975  60      5       60
  AVERAGE         74                        69      5       68

PRECIPITATION (IN)
  YESTERDAY        T             3.46 1933   0.13  -0.13     0.00
  MONTH TO DATE    1.68                      1.77  -0.09     0.22
  SINCE SEP 1      1.68                      1.77  -0.09     0.22
  SINCE JAN 1     39.36                     33.14   6.22    24.03

SNOWFALL (IN)
  YESTERDAY        0.0           0.0  2002   0.0    0.0      0.0
                                      2001
  MONTH TO DATE    0.0                       0.0    0.0      0.0
  SINCE OCT 1     30.0                      28.5    1.5     32.8
  SINCE JUL 1      0.0                       0.0    0.0      0.0
  SNOW DEPTH       0

DEGREE DAYS
 HEATING
  YESTERDAY        0                         1     -1        0
  MONTH TO DATE   10                         6      4        0
  SINCE SEP 1     10                         6      4        0
  SINCE JUL 1     10                         7      3        0

 COOLING
  YESTERDAY        9                         5      4        3
  MONTH TO DATE   55                        97    -42      158
  SINCE SEP 1     55                        97    -42      158
  SINCE JAN 1   1083                      1131    -48     1468
..................................................................


WIND (MPH)
  HIGHEST WIND SPEED    10   HIGHEST WIND DIRECTION     S (160)
  HIGHEST GUST SPEED    23   HIGHEST GUST DIRECTION     W (270)
  AVERAGE WIND SPEED     3.9


SKY COVER
  AVERAGE SKY COVER 0.5


WEATHER CONDITIONS
 THE FOLLOWING WEATHER WAS RECORDED YESTERDAY.
  NO SIGNIFICANT WEATHER WAS OBSERVED.


RELATIVE HUMIDITY (PERCENT)
 HIGHEST    87           200 AM
 LOWEST     58          1000 AM
 AVERAGE    73

..........................................................


THE NEWARK NJ CLIMATE NORMALS FOR TODAY
                         NORMAL    RECORD    YEAR
 MAXIMUM TEMPERATURE (F)   77        95      1991
 MINIMUM TEMPERATURE (F)   60        42      1984


SUNRISE AND SUNSET
SEPTEMBER 16 2017.....SUNRISE   638 AM EDT   SUNSET   704 PM EDT
SEPTEMBER 17 2017.....SUNRISE   639 AM EDT   SUNSET   702 PM EDT


-  INDICATES NEGATIVE NUMBERS.
R  INDICATES RECORD WAS SET OR TIED.
MM INDICATES DATA IS MISSING.
T  INDICATES TRACE AMOUNT.




$$
