000
CDUS41 KOKX 190616
CLIEWR


CLIMATE REPORT
NATIONAL WEATHER SERVICE NEW YORK NY
216 AM EDT SUN OCT 19 2014


...................................

...THE NEWARK NJ CLIMATE SUMMARY FOR OCTOBER 18 2014...

CLIMATE NORMAL PERIOD 1981 TO 2010
CLIMATE RECORD PERIOD 1929 TO 2014


WEATHER ITEM   OBSERVED TIME   RECORD YEAR NORMAL DEPARTURE LAST
                VALUE   (LST)  VALUE       VALUE  FROM      YEAR
                                                  NORMAL
..................................................................
TEMPERATURE (F)
 YESTERDAY
  MAXIMUM         70    124 PM  80    1964  65      5       74
  MINIMUM         55   1159 PM  32    1982  47      8       51
  AVERAGE         63                        56      7       63

PRECIPITATION (IN)
  YESTERDAY        0.00          1.29 1932   0.11  -0.11     0.00
  MONTH TO DATE    2.35                      2.11   0.24     0.40
  SINCE SEP 1      3.87                      5.93  -2.06     1.94
  SINCE JAN 1     38.49                     37.30   1.19    35.24

SNOWFALL (IN)
  YESTERDAY        0.0           T    1972   0.0    0.0      0.0
  MONTH TO DATE    0.0                       0.0    0.0      0.0
  SINCE OCT 1      0.0                       0.0    0.0      0.0
  SINCE JUL 1      0.0                       0.0    0.0      0.0
  SNOW DEPTH       0

DEGREE DAYS
 HEATING
  YESTERDAY        2                         9     -7        2
  MONTH TO DATE   71                       126    -55       41
  SINCE SEP 1     90                       170    -80       88
  SINCE JUL 1     90                       171    -81       88

 COOLING
  YESTERDAY        0                         0      0        0
  MONTH TO DATE   21                        14      7       47
  SINCE SEP 1    190                       154     36      166
  SINCE JAN 1   1175                      1188    -13     1337
..................................................................


WIND (MPH)
  HIGHEST WIND SPEED    21   HIGHEST WIND DIRECTION     W (270)
  HIGHEST GUST SPEED    25   HIGHEST GUST DIRECTION    NW (300)
  AVERAGE WIND SPEED    10.9


SKY COVER
  AVERAGE SKY COVER 0.7


WEATHER CONDITIONS
 THE FOLLOWING WEATHER WAS RECORDED YESTERDAY.
  NO SIGNIFICANT WEATHER WAS OBSERVED.


RELATIVE HUMIDITY (PERCENT)
 HIGHEST    93           600 AM
 LOWEST     42           300 PM
 AVERAGE    68

..........................................................


THE NEWARK NJ CLIMATE NORMALS FOR TODAY
                         NORMAL    RECORD    YEAR
 MAXIMUM TEMPERATURE (F)   64        82      1945
 MINIMUM TEMPERATURE (F)   47        30      1976
                                             1948


SUNRISE AND SUNSET
OCTOBER 19 2014.......SUNRISE   712 AM EDT   SUNSET   611 PM EDT
OCTOBER 20 2014.......SUNRISE   713 AM EDT   SUNSET   609 PM EDT


-  INDICATES NEGATIVE NUMBERS.
R  INDICATES RECORD WAS SET OR TIED.
MM INDICATES DATA IS MISSING.
T  INDICATES TRACE AMOUNT.




$$
