878
CDUS41 KOKX 271440
CLIEWR


CLIMATE REPORT
NATIONAL WEATHER SERVICE NEW YORK NY
1039 AM EDT FRI MAY 27 2016


...................................

...THE NEWARK NJ CLIMATE SUMMARY FOR MAY 26 2016...

CLIMATE NORMAL PERIOD 1981 TO 2010
CLIMATE RECORD PERIOD 1929 TO 2016


WEATHER ITEM   OBSERVED TIME   RECORD YEAR NORMAL DEPARTURE LAST
                VALUE   (LST)  VALUE       VALUE  FROM      YEAR
                                                  NORMAL
..................................................................
TEMPERATURE (F)
 YESTERDAY
  MAXIMUM         93    215 PM  96    1965  75     18       91
  MINIMUM         64    433 AM  44    1967  56      8       65
  AVERAGE         79                        66     13       78

PRECIPITATION (IN)
  YESTERDAY        0.00          1.29 2003   0.14  -0.14     0.00
  MONTH TO DATE    2.25                      3.38  -1.13     0.90
  SINCE MAR 1      4.75                     11.76  -7.01     7.20
  SINCE JAN 1     12.80                     18.18  -5.38    13.68

SNOWFALL (IN)
  YESTERDAY        0.0           0.0  2002   0.0    0.0      0.0
                                      2001
  MONTH TO DATE    0.0                       0.0    0.0      0.0
  SINCE OCT 1     36.4                      28.5    7.9     46.4
  SINCE JUL 1     36.4                      28.5    7.9     46.4
  SNOW DEPTH       0

DEGREE DAYS
 HEATING
  YESTERDAY        0                         3     -3        0
  MONTH TO DATE  170                       126     44       48
  SINCE MAR 1   1026                      1211   -185     1211
  SINCE JUL 1   3899                      4846   -947     5114

 COOLING
  YESTERDAY       14                         3     11       13
  MONTH TO DATE   28                        44    -16       98
  SINCE MAR 1     46                        56    -10      101
  SINCE JAN 1     46                        56    -10      101
..................................................................


WIND (MPH)
  HIGHEST WIND SPEED    17   HIGHEST WIND DIRECTION     S (160)
  HIGHEST GUST SPEED    24   HIGHEST GUST DIRECTION     W (260)
  AVERAGE WIND SPEED     6.9


SKY COVER
  AVERAGE SKY COVER 0.6


WEATHER CONDITIONS
 THE FOLLOWING WEATHER WAS RECORDED YESTERDAY.
  NO SIGNIFICANT WEATHER WAS OBSERVED.


RELATIVE HUMIDITY (PERCENT)
 HIGHEST    63           500 AM
 LOWEST     18           100 PM
 AVERAGE    41

..........................................................


THE NEWARK NJ CLIMATE NORMALS FOR TODAY
                         NORMAL    RECORD    YEAR
 MAXIMUM TEMPERATURE (F)   76        97      1965
 MINIMUM TEMPERATURE (F)   57        43      1967
                                             1961


SUNRISE AND SUNSET
MAY 27 2016...........SUNRISE   530 AM EDT   SUNSET   818 PM EDT
MAY 28 2016...........SUNRISE   530 AM EDT   SUNSET   819 PM EDT


-  INDICATES NEGATIVE NUMBERS.
R  INDICATES RECORD WAS SET OR TIED.
MM INDICATES DATA IS MISSING.
T  INDICATES TRACE AMOUNT.




$$
