000
CDUS41 KOKX 282046
CLIEWR


CLIMATE REPORT
NATIONAL WEATHER SERVICE NEW YORK NY
445 PM EDT SUN AUG 28 2016


...................................

...THE NEWARK NJ CLIMATE SUMMARY FOR AUGUST 28 2016...
VALID TODAY AS OF 0400 PM LOCAL TIME.

CLIMATE NORMAL PERIOD 1981 TO 2010
CLIMATE RECORD PERIOD 1929 TO 2016


WEATHER ITEM   OBSERVED TIME   RECORD YEAR NORMAL DEPARTURE LAST
                VALUE   (LST)  VALUE       VALUE  FROM      YEAR
                                                  NORMAL
..................................................................
TEMPERATURE (F)
 TODAY
  MAXIMUM         87    111 PM 102    1948  82      5       83
  MINIMUM         72    549 AM  51    1941  66      6       63
  AVERAGE         80                        74      6       73

PRECIPITATION (IN)
  TODAY            0.00          5.22 2011   0.10  -0.10     0.00
  MONTH TO DATE    0.93                      3.42  -2.49     1.40
  SINCE JUN 1      9.41                     12.20  -2.79     9.99
  SINCE JAN 1     23.81                     31.09  -7.28    27.60

SNOWFALL (IN)
  TODAY            0.0           0.0  2002   0.0    0.0      0.0
                                      2001
  MONTH TO DATE    0.0                       0.0    0.0      0.0
  SINCE OCT 1     32.8                      28.5    4.3     46.4
  SINCE JUL 1      0.0                       0.0    0.0      0.0
  SNOW DEPTH       0

DEGREE DAYS
 HEATING
  TODAY            0                         0      0        0
  MONTH TO DATE    0                         0      0        0
  SINCE JUN 1      4                        17    -13       29
  SINCE JUL 1      0                         0      0        0

 COOLING
  TODAY           15                         9      6        8
  MONTH TO DATE  424                       309    115      387
  SINCE JUN 1   1144                       931    213     1077
  SINCE JAN 1   1262                      1007    255     1237
..................................................................


WIND (MPH)
  HIGHEST WIND SPEED    15   HIGHEST WIND DIRECTION     S (160)
  HIGHEST GUST SPEED    19   HIGHEST GUST DIRECTION    SE (140)
  AVERAGE WIND SPEED     4.5


SKY COVER
  AVERAGE SKY COVER 0.5


WEATHER CONDITIONS
 THE FOLLOWING WEATHER WAS RECORDED TODAY.
  NO SIGNIFICANT WEATHER WAS OBSERVED.


RELATIVE HUMIDITY (PERCENT)
 HIGHEST    93           300 AM
 LOWEST     44           300 PM
 AVERAGE    69

..........................................................


THE NEWARK NJ CLIMATE NORMALS FOR TOMORROW
                         NORMAL    RECORD    YEAR
 MAXIMUM TEMPERATURE (F)   82       100      1953
 MINIMUM TEMPERATURE (F)   66        45      1982


SUNRISE AND SUNSET
AUGUST 28 2016........SUNRISE   620 AM EDT   SUNSET   734 PM EDT
AUGUST 29 2016........SUNRISE   621 AM EDT   SUNSET   733 PM EDT


-  INDICATES NEGATIVE NUMBERS.
R  INDICATES RECORD WAS SET OR TIED.
MM INDICATES DATA IS MISSING.
T  INDICATES TRACE AMOUNT.




$$
