063
CDUS41 KOKX 250620
CLIEWR


CLIMATE REPORT
NATIONAL WEATHER SERVICE NEW YORK NY
117 AM EST SAT FEB 25 2017


...................................

...THE NEWARK NJ CLIMATE SUMMARY FOR FEBRUARY 24 2017...

CLIMATE NORMAL PERIOD 1981 TO 2010
CLIMATE RECORD PERIOD 1929 TO 2017


WEATHER ITEM   OBSERVED TIME   RECORD YEAR NORMAL DEPARTURE LAST
                VALUE   (LST)  VALUE       VALUE  FROM      YEAR
                                                  NORMAL
..................................................................
TEMPERATURE (F)
 YESTERDAY
  MAXIMUM         74R  1241 PM  73    1985  45     29       63
  MINIMUM         53    700 AM   4    2015  29     24       36
  AVERAGE         64                        36     28       50

PRECIPITATION (IN)
  YESTERDAY        0.00          2.02 1977   0.11  -0.11     1.02
  MONTH TO DATE    1.55                      2.44  -0.89     3.96
  SINCE DEC 1      9.11                      9.79  -0.68    12.37
  SINCE JAN 1      6.20                      5.98   0.22     7.97

SNOWFALL (IN)
  YESTERDAY        0.0           4.3  2005   0.3   -0.3      0.0
  MONTH TO DATE    7.9                       8.2   -0.3      5.2
  SINCE OCT 1     20.6                      21.9   -1.3     31.2
  SINCE JUL 1     20.6                      21.9   -1.3     31.2
  SNOW DEPTH       0

DEGREE DAYS
 HEATING
  YESTERDAY        1                        29    -28       15
  MONTH TO DATE  583                       740   -157      694
  SINCE DEC 1   2256                      2656   -400     2135
  SINCE JUL 1   2939                      3524   -585     2767

 COOLING
  YESTERDAY        0                         0      0        0
  MONTH TO DATE    0                         0      0        0
  SINCE DEC 1      0                         0      0        0
  SINCE JAN 1      0                         0      0        0
..................................................................


WIND (MPH)
  HIGHEST WIND SPEED    17   HIGHEST WIND DIRECTION     S (190)
  HIGHEST GUST SPEED    21   HIGHEST GUST DIRECTION     S (200)
  AVERAGE WIND SPEED     6.7


SKY COVER
  AVERAGE SKY COVER 0.6


WEATHER CONDITIONS
 THE FOLLOWING WEATHER WAS RECORDED YESTERDAY.
  NO SIGNIFICANT WEATHER WAS OBSERVED.


RELATIVE HUMIDITY (PERCENT)
 HIGHEST    90          1100 PM
 LOWEST     49           100 PM
 AVERAGE    70

..........................................................


THE NEWARK NJ CLIMATE NORMALS FOR TODAY
                         NORMAL    RECORD    YEAR
 MAXIMUM TEMPERATURE (F)   45        68      1976
 MINIMUM TEMPERATURE (F)   29        10      1990
                                             1934


SUNRISE AND SUNSET
FEBRUARY 25 2017......SUNRISE   636 AM EST   SUNSET   544 PM EST
FEBRUARY 26 2017......SUNRISE   635 AM EST   SUNSET   545 PM EST


-  INDICATES NEGATIVE NUMBERS.
R  INDICATES RECORD WAS SET OR TIED.
MM INDICATES DATA IS MISSING.
T  INDICATES TRACE AMOUNT.




$$
