000
CDUS41 KOKX 130616
CLIEWR


CLIMATE REPORT
NATIONAL WEATHER SERVICE NEW YORK NY
216 AM EDT SUN AUG 13 2017


...................................

...THE NEWARK NJ CLIMATE SUMMARY FOR AUGUST 12 2017...

CLIMATE NORMAL PERIOD 1981 TO 2010
CLIMATE RECORD PERIOD 1929 TO 2017


WEATHER ITEM   OBSERVED TIME   RECORD YEAR NORMAL DEPARTURE LAST
                VALUE   (LST)  VALUE       VALUE  FROM      YEAR
                                                  NORMAL
..................................................................
TEMPERATURE (F)
 YESTERDAY
  MAXIMUM         77    457 PM  98    1944  85     -8       97
  MINIMUM         65    154 AM  54    1954  68     -3       74
  AVERAGE         71                        76     -5       86

PRECIPITATION (IN)
  YESTERDAY        0.12          3.44 1955   0.12   0.00     0.17
  MONTH TO DATE    3.27                      1.66   1.61     0.48
  SINCE JUN 1     12.92                     10.44   2.48     8.96
  SINCE JAN 1     35.46                     29.33   6.13    23.36

SNOWFALL (IN)
  YESTERDAY        0.0           0.0  2002   0.0    0.0      0.0
                                      2001
  MONTH TO DATE    0.0                       0.0    0.0      0.0
  SINCE OCT 1     30.0                      28.5    1.5     32.8
  SINCE JUL 1      0.0                       0.0    0.0      0.0
  SNOW DEPTH       0

DEGREE DAYS
 HEATING
  YESTERDAY        0                         0      0        0
  MONTH TO DATE    0                         0      0        0
  SINCE JUN 1     18                        17      1        4
  SINCE JUL 1      0                         0      0        0

 COOLING
  YESTERDAY        6                        11     -5       21
  MONTH TO DATE  115                       143    -28      164
  SINCE JUN 1    763                       765     -2      884
  SINCE JAN 1    858                       841     17     1002
..................................................................


WIND (MPH)
  HIGHEST WIND SPEED    14   HIGHEST WIND DIRECTION    SE (130)
  HIGHEST GUST SPEED    19   HIGHEST GUST DIRECTION    SE (130)
  AVERAGE WIND SPEED     6.1


SKY COVER
  AVERAGE SKY COVER 0.6


WEATHER CONDITIONS
 THE FOLLOWING WEATHER WAS RECORDED YESTERDAY.
  THUNDERSTORM
  LIGHT RAIN


RELATIVE HUMIDITY (PERCENT)
 HIGHEST    93           700 AM
 LOWEST     73          1100 AM
 AVERAGE    83

..........................................................


THE NEWARK NJ CLIMATE NORMALS FOR TODAY
                         NORMAL    RECORD    YEAR
 MAXIMUM TEMPERATURE (F)   85       102      2005
 MINIMUM TEMPERATURE (F)   68        55      1950
                                             1941


SUNRISE AND SUNSET
AUGUST 13 2017........SUNRISE   605 AM EDT   SUNSET   757 PM EDT
AUGUST 14 2017........SUNRISE   606 AM EDT   SUNSET   756 PM EDT


-  INDICATES NEGATIVE NUMBERS.
R  INDICATES RECORD WAS SET OR TIED.
MM INDICATES DATA IS MISSING.
T  INDICATES TRACE AMOUNT.




$$
