000
CDUS41 KOKX 150641 CCA
CLIEWR

CLIMATE REPORT...CORRECTED
NATIONAL WEATHER SERVICE NEW YORK NY
140 AM EST SAT NOV 15 2014


...................................

...THE NEWARK NJ CLIMATE SUMMARY FOR NOVEMBER 14 2014...

CLIMATE NORMAL PERIOD 1981 TO 2010
CLIMATE RECORD PERIOD 1929 TO 2014


WEATHER ITEM   OBSERVED TIME   RECORD YEAR NORMAL DEPARTURE LAST
                VALUE   (LST)  VALUE       VALUE  FROM      YEAR
                                                  NORMAL
..................................................................
TEMPERATURE (F)
 YESTERDAY
  MAXIMUM         44    228 PM  73    1993  55    -11       55
  MINIMUM         34   1159 PM  21    1986  40     -6       31
  AVERAGE         39                        47     -8       43

PRECIPITATION (IN)
  YESTERDAY        0.03          1.42 1972   0.12  -0.09     0.00
  MONTH TO DATE    1.16                      1.62  -0.46     0.24
  SINCE SEP 1      6.83                      9.04  -2.21     2.29
  SINCE JAN 1     41.45                     40.41   1.04    35.59

SNOWFALL (IN)
  YESTERDAY        T           0.2    1997   0.0    0.0      0.0
  MONTH TO DATE    T                         0.0    0.0       T
  SINCE OCT 1      T                         0.0    0.0       T
  SINCE JUL 1      T                         0.0    0.0       T
  SNOW DEPTH       0

DEGREE DAYS
 HEATING
  YESTERDAY       26                        18      8       22
  MONTH TO DATE  223                       218      5      245
  SINCE SEP 1    431                       538   -107      502
  SINCE JUL 1    431                       539   -108      502

 COOLING
  YESTERDAY        0                         0      0        0
  MONTH TO DATE    0                         0      0        0
  SINCE SEP 1    190                       157     33      166
  SINCE JAN 1   1175                      1191    -16     1337
..................................................................


WIND (MPH)
  HIGHEST WIND SPEED    22   HIGHEST WIND DIRECTION    NW (320)
  HIGHEST GUST SPEED    33   HIGHEST GUST DIRECTION    NW (300)
  AVERAGE WIND SPEED    11.2


SKY COVER
  AVERAGE SKY COVER 0.5


WEATHER CONDITIONS
 THE FOLLOWING WEATHER WAS RECORDED YESTERDAY.
  LIGHT RAIN
  SNOW


RELATIVE HUMIDITY (PERCENT)
 HIGHEST   100          1200 AM
 LOWEST     30           400 PM
 AVERAGE    65

..........................................................


THE NEWARK NJ CLIMATE NORMALS FOR TODAY
                         NORMAL    RECORD    YEAR
 MAXIMUM TEMPERATURE (F)   55        80      1993
 MINIMUM TEMPERATURE (F)   39        18      1933


SUNRISE AND SUNSET
NOVEMBER 15 2014......SUNRISE   643 AM EST   SUNSET   439 PM EST
NOVEMBER 16 2014......SUNRISE   645 AM EST   SUNSET   438 PM EST


-  INDICATES NEGATIVE NUMBERS.
R  INDICATES RECORD WAS SET OR TIED.
MM INDICATES DATA IS MISSING.
T  INDICATES TRACE AMOUNT.




$$
