000
CDUS41 KOKX 242145
CLIEWR


CLIMATE REPORT
NATIONAL WEATHER SERVICE NEW YORK NY
445 PM EST SAT JAN 24 2015


...................................

...THE NEWARK NJ CLIMATE SUMMARY FOR JANUARY 24 2015...
VALID TODAY AS OF 0400 PM LOCAL TIME.

CLIMATE NORMAL PERIOD 1981 TO 2010
CLIMATE RECORD PERIOD 1929 TO 2015


WEATHER ITEM   OBSERVED TIME   RECORD YEAR NORMAL DEPARTURE LAST
                VALUE   (LST)  VALUE       VALUE  FROM      YEAR
                                                  NORMAL
..................................................................
TEMPERATURE (F)
 TODAY
  MAXIMUM         38    359 PM  68    1967  39     -1       20
  MINIMUM         32    710 AM   2    1936  24      8        8
  AVERAGE         35                        32      3       14

PRECIPITATION (IN)
  TODAY            0.63          2.02 1979   0.11   0.52     0.00
  MONTH TO DATE    3.95                      2.79   1.16     2.69
  SINCE DEC 1      8.86                      6.60   2.26     7.31
  SINCE JAN 1      3.95                      2.79   1.16     2.69

SNOWFALL (IN)
  TODAY            5.1 R         4.8  1948   0.3    4.8      0.0
  MONTH TO DATE    7.5                       6.0    1.5     19.1
  SINCE OCT 1      9.2                      11.8   -2.6     28.5
  SINCE JUL 1      9.2                      11.8   -2.6     28.5
  SNOW DEPTH       5

DEGREE DAYS
 HEATING
  TODAY           30                        33     -3       51
  MONTH TO DATE  847                       805     42      870
  SINCE DEC 1   1612                      1687    -75     1732
  SINCE JUL 1   2444                      2555   -111     2602

 COOLING
  TODAY            0                         0      0        0
  MONTH TO DATE    0                         0      0        0
  SINCE DEC 1      0                         0      0        0
  SINCE JAN 1      0                         0      0        0
..................................................................


WIND (MPH)
  HIGHEST WIND SPEED    18   HIGHEST WIND DIRECTION     N (340)
  HIGHEST GUST SPEED    24   HIGHEST GUST DIRECTION    NW (320)
  AVERAGE WIND SPEED     6.1


SKY COVER
  AVERAGE SKY COVER 1.0


WEATHER CONDITIONS
 THE FOLLOWING WEATHER WAS RECORDED TODAY.
  LIGHT RAIN
  LT FREEZING RAIN
  HEAVY SNOW
  SNOW
  LIGHT SNOW
  SLEET
  FOG
  FOG W/VISIBILITY <= 1/4 MILE


RELATIVE HUMIDITY (PERCENT)
 HIGHEST   100           400 AM
 LOWEST     70          1200 AM
 AVERAGE    85

..........................................................


THE NEWARK NJ CLIMATE NORMALS FOR TOMORROW
                         NORMAL    RECORD    YEAR
 MAXIMUM TEMPERATURE (F)   39        59      2010
                                             1972
                                             1947
 MINIMUM TEMPERATURE (F)   24        -1      1935


SUNRISE AND SUNSET
JANUARY 24 2015.......SUNRISE   714 AM EST   SUNSET   504 PM EST
JANUARY 25 2015.......SUNRISE   713 AM EST   SUNSET   505 PM EST


-  INDICATES NEGATIVE NUMBERS.
R  INDICATES RECORD WAS SET OR TIED.
MM INDICATES DATA IS MISSING.
T  INDICATES TRACE AMOUNT.




$$
