023
CDUS41 KOKX 252041
CLIEWR


CLIMATE REPORT
NATIONAL WEATHER SERVICE NEW YORK NY
431 PM EDT THU AUG 25 2016


...................................

...THE NEWARK NJ CLIMATE SUMMARY FOR AUGUST 25 2016...
VALID TODAY AS OF 0400 PM LOCAL TIME.

CLIMATE NORMAL PERIOD 1981 TO 2010
CLIMATE RECORD PERIOD 1929 TO 2016


WEATHER ITEM   OBSERVED TIME   RECORD YEAR NORMAL DEPARTURE LAST
                VALUE   (LST)  VALUE       VALUE  FROM      YEAR
                                                  NORMAL
..................................................................
TEMPERATURE (F)
 TODAY
  MAXIMUM         88    214 PM  97    1993  83      5       93
  MINIMUM         67    541 AM  48    1940  66      1       73
  AVERAGE         78                        75      3       83

PRECIPITATION (IN)
  TODAY            0.00          1.90 1941   0.10  -0.10     0.00
  MONTH TO DATE    0.92                      3.12  -2.20     1.40
  SINCE JUN 1      9.40                     11.90  -2.50     9.99
  SINCE JAN 1     23.80                     30.79  -6.99    27.60

SNOWFALL (IN)
  TODAY            0.0           T    1951   0.0    0.0      0.0
  MONTH TO DATE    0.0                       0.0    0.0      0.0
  SINCE OCT 1     32.8                      28.5    4.3     46.4
  SINCE JUL 1      0.0                       0.0    0.0      0.0
  SNOW DEPTH       0

DEGREE DAYS
 HEATING
  TODAY            0                         0      0        0
  MONTH TO DATE    0                         0      0        0
  SINCE JUN 1      4                        17    -13       29
  SINCE JUL 1      0                         0      0        0

 COOLING
  TODAY           13                        10      3       18
  MONTH TO DATE  374                       281     93      359
  SINCE JUN 1   1094                       903    191     1049
  SINCE JAN 1   1212                       979    233     1209
..................................................................


WIND (MPH)
  HIGHEST WIND SPEED    17   HIGHEST WIND DIRECTION     S (180)
  HIGHEST GUST SPEED    24   HIGHEST GUST DIRECTION     S (180)
  AVERAGE WIND SPEED    10.1


SKY COVER
  AVERAGE SKY COVER 0.6


WEATHER CONDITIONS
 THE FOLLOWING WEATHER WAS RECORDED TODAY.
  NO SIGNIFICANT WEATHER WAS OBSERVED.


RELATIVE HUMIDITY (PERCENT)
 HIGHEST    81           500 AM
 LOWEST     46           100 PM
 AVERAGE    64

..........................................................


THE NEWARK NJ CLIMATE NORMALS FOR TOMORROW
                         NORMAL    RECORD    YEAR
 MAXIMUM TEMPERATURE (F)   83       103      1948
 MINIMUM TEMPERATURE (F)   66        51      1942


SUNRISE AND SUNSET
AUGUST 25 2016........SUNRISE   617 AM EDT   SUNSET   739 PM EDT
AUGUST 26 2016........SUNRISE   618 AM EDT   SUNSET   738 PM EDT


-  INDICATES NEGATIVE NUMBERS.
R  INDICATES RECORD WAS SET OR TIED.
MM INDICATES DATA IS MISSING.
T  INDICATES TRACE AMOUNT.




$$
