714
CDUS41 KOKX 050633
CLIEWR


CLIMATE REPORT
NATIONAL WEATHER SERVICE NEW YORK NY
133 AM EST MON DEC 5 2016


...................................

...THE NEWARK NJ CLIMATE SUMMARY FOR DECEMBER 4 2016...

CLIMATE NORMAL PERIOD 1981 TO 2010
CLIMATE RECORD PERIOD 1929 TO 2016


WEATHER ITEM   OBSERVED TIME   RECORD YEAR NORMAL DEPARTURE LAST
                VALUE   (LST)  VALUE       VALUE  FROM      YEAR
                                                  NORMAL
..................................................................
TEMPERATURE (F)
 YESTERDAY
  MAXIMUM         48    241 PM  75    1998  47      1       53
  MINIMUM         39    729 AM   9    1940  33      6       39
  AVERAGE         44                        40      4       46

PRECIPITATION (IN)
  YESTERDAY        0.00          1.90 1968   0.13  -0.13     0.00
  MONTH TO DATE    0.11                      0.53  -0.42     0.52
  SINCE DEC 1      0.11                      0.53  -0.42     0.52
  SINCE JAN 1     35.61                     42.97  -7.36    35.10

SNOWFALL (IN)
  YESTERDAY        0.0          12.4  1957   0.1   -0.1      0.0
  MONTH TO DATE    0.0                       0.4   -0.4      0.0
  SINCE OCT 1      T                         0.8   -0.8      0.0
  SINCE JUL 1      T                         0.8   -0.8      0.0
  SNOW DEPTH       0

DEGREE DAYS
 HEATING
  YESTERDAY       21                        25     -4       19
  MONTH TO DATE   76                        97    -21       66
  SINCE DEC 1     76                        97    -21       66
  SINCE JUL 1    759                       965   -206      698

 COOLING
  YESTERDAY        0                         0      0        0
  MONTH TO DATE    0                         0      0        0
  SINCE DEC 1      0                         0      0        0
  SINCE JAN 1   1571                      1192    379     1555
..................................................................


WIND (MPH)
  HIGHEST WIND SPEED    20   HIGHEST WIND DIRECTION    NW (320)
  HIGHEST GUST SPEED    26   HIGHEST GUST DIRECTION    NW (300)
  AVERAGE WIND SPEED     9.6


SKY COVER
  AVERAGE SKY COVER 0.8


WEATHER CONDITIONS
 THE FOLLOWING WEATHER WAS RECORDED YESTERDAY.
  NO SIGNIFICANT WEATHER WAS OBSERVED.


RELATIVE HUMIDITY (PERCENT)
 HIGHEST    50           800 AM
 LOWEST     34           300 PM
 AVERAGE    42

..........................................................


THE NEWARK NJ CLIMATE NORMALS FOR TODAY
                         NORMAL    RECORD    YEAR
 MAXIMUM TEMPERATURE (F)   47        72      2001
 MINIMUM TEMPERATURE (F)   33        15      1935


SUNRISE AND SUNSET
DECEMBER  5 2016......SUNRISE   706 AM EST   SUNSET   429 PM EST
DECEMBER  6 2016......SUNRISE   707 AM EST   SUNSET   429 PM EST


-  INDICATES NEGATIVE NUMBERS.
R  INDICATES RECORD WAS SET OR TIED.
MM INDICATES DATA IS MISSING.
T  INDICATES TRACE AMOUNT.




$$
