000
CDUS41 KOKX 230619
CLIEWR


CLIMATE REPORT
NATIONAL WEATHER SERVICE NEW YORK NY
219 AM EDT MON MAY 23 2016


...................................

...THE NEWARK NJ CLIMATE SUMMARY FOR MAY 22 2016...

CLIMATE NORMAL PERIOD 1981 TO 2010
CLIMATE RECORD PERIOD 1929 TO 2016


WEATHER ITEM   OBSERVED TIME   RECORD YEAR NORMAL DEPARTURE LAST
                VALUE   (LST)  VALUE       VALUE  FROM      YEAR
                                                  NORMAL
..................................................................
TEMPERATURE (F)
 YESTERDAY
  MAXIMUM         70    233 PM  98    1992  74     -4       77
  MINIMUM         52    400 AM  44    2002  55     -3       54
                                      1957
  AVERAGE         61                        64     -3       66

PRECIPITATION (IN)
  YESTERDAY        0.04          1.11 1949   0.15  -0.11      T
  MONTH TO DATE    2.19                      2.81  -0.62     0.90
  SINCE MAR 1      4.69                     11.19  -6.50     7.20
  SINCE JAN 1     12.74                     17.61  -4.87    13.68

SNOWFALL (IN)
  YESTERDAY        0.0           0.0  2002   0.0    0.0      0.0
                                      2001
  MONTH TO DATE    0.0                       0.0    0.0      0.0
  SINCE OCT 1     36.4                      28.5    7.9     46.4
  SINCE JUL 1     36.4                      28.5    7.9     46.4
  SNOW DEPTH       0

DEGREE DAYS
 HEATING
  YESTERDAY        4                         3      1        0
  MONTH TO DATE  170                       114     56       43
  SINCE MAR 1   1026                      1199   -173     1206
  SINCE JUL 1   3899                      4834   -935     5109

 COOLING
  YESTERDAY        0                         3     -3        1
  MONTH TO DATE    2                        32    -30       74
  SINCE MAR 1     20                        44    -24       77
  SINCE JAN 1     20                        44    -24       77
..................................................................


WIND (MPH)
  HIGHEST WIND SPEED    12   HIGHEST WIND DIRECTION    SE (150)
  HIGHEST GUST SPEED    15   HIGHEST GUST DIRECTION     N (360)
  AVERAGE WIND SPEED     6.4


SKY COVER
  AVERAGE SKY COVER 0.8


WEATHER CONDITIONS
 THE FOLLOWING WEATHER WAS RECORDED YESTERDAY.
  LIGHT RAIN


RELATIVE HUMIDITY (PERCENT)
 HIGHEST    89           100 AM
 LOWEST     40           200 PM
 AVERAGE    65

..........................................................


THE NEWARK NJ CLIMATE NORMALS FOR TODAY
                         NORMAL    RECORD    YEAR
 MAXIMUM TEMPERATURE (F)   74        96      1964
 MINIMUM TEMPERATURE (F)   55        43      1931


SUNRISE AND SUNSET
MAY 23 2016...........SUNRISE   533 AM EDT   SUNSET   815 PM EDT
MAY 24 2016...........SUNRISE   532 AM EDT   SUNSET   816 PM EDT


-  INDICATES NEGATIVE NUMBERS.
R  INDICATES RECORD WAS SET OR TIED.
MM INDICATES DATA IS MISSING.
T  INDICATES TRACE AMOUNT.




$$
