677
CDUS41 KOKX 020620
CLIEWR


CLIMATE REPORT
NATIONAL WEATHER SERVICE NEW YORK NY
219 AM EDT MON MAY 2 2016


...................................

...THE NEWARK NJ CLIMATE SUMMARY FOR MAY 1 2016...

CLIMATE NORMAL PERIOD 1981 TO 2010
CLIMATE RECORD PERIOD 1929 TO 2016


WEATHER ITEM   OBSERVED TIME   RECORD YEAR NORMAL DEPARTURE LAST
                VALUE   (LST)  VALUE       VALUE  FROM      YEAR
                                                  NORMAL
..................................................................
TEMPERATURE (F)
 YESTERDAY
  MAXIMUM         51    441 AM  88    2010  68    -17       59
  MINIMUM         43    951 PM  36    1978  49     -6       47
  AVERAGE         47                        58    -11       53

PRECIPITATION (IN)
  YESTERDAY        0.21          2.17 1976   0.12   0.09     0.00
  MONTH TO DATE    0.21                      0.12   0.09     0.00
  SINCE MAR 1      2.71                      8.50  -5.79     6.30
  SINCE JAN 1     10.76                     14.92  -4.16    12.78

SNOWFALL (IN)
  YESTERDAY        0.0           0.0  2002   0.0    0.0      0.0
                                      2001
  MONTH TO DATE    0.0                       0.0    0.0      0.0
  SINCE OCT 1     36.4                      28.5    7.9     46.4
  SINCE JUL 1     36.4                      28.5    7.9     46.4
  SNOW DEPTH       0

DEGREE DAYS
 HEATING
  YESTERDAY       18                         8     10       12
  MONTH TO DATE   18                         8     10       12
  SINCE MAR 1    874                      1093   -219     1175
  SINCE JUL 1   3747                      4728   -981     5078

 COOLING
  YESTERDAY        0                         1     -1        0
  MONTH TO DATE    0                         1     -1        0
  SINCE MAR 1     18                        13      5        3
  SINCE JAN 1     18                        13      5        3
..................................................................


WIND (MPH)
  HIGHEST WIND SPEED    14   HIGHEST WIND DIRECTION    SE (130)
  HIGHEST GUST SPEED    18   HIGHEST GUST DIRECTION     S (160)
  AVERAGE WIND SPEED     6.9


SKY COVER
  AVERAGE SKY COVER 1.0


WEATHER CONDITIONS
 THE FOLLOWING WEATHER WAS RECORDED YESTERDAY.
  RAIN
  LIGHT RAIN
  FOG


RELATIVE HUMIDITY (PERCENT)
 HIGHEST   100          1200 PM
 LOWEST     59           300 AM
 AVERAGE    80

..........................................................


THE NEWARK NJ CLIMATE NORMALS FOR TODAY
                         NORMAL    RECORD    YEAR
 MAXIMUM TEMPERATURE (F)   68        92      2001
 MINIMUM TEMPERATURE (F)   49        35      1943


SUNRISE AND SUNSET
MAY  2 2016...........SUNRISE   553 AM EDT   SUNSET   754 PM EDT
MAY  3 2016...........SUNRISE   552 AM EDT   SUNSET   755 PM EDT


-  INDICATES NEGATIVE NUMBERS.
R  INDICATES RECORD WAS SET OR TIED.
MM INDICATES DATA IS MISSING.
T  INDICATES TRACE AMOUNT.




$$
