000
CDUS41 KOKX 112150
CLIEWR


CLIMATE REPORT
NATIONAL WEATHER SERVICE NEW YORK NY
450 PM EST THU JAN 11 2018


...................................

...THE NEWARK NJ CLIMATE SUMMARY FOR JANUARY 11 2018...
VALID TODAY AS OF 0400 PM LOCAL TIME.

CLIMATE NORMAL PERIOD 1981 TO 2010
CLIMATE RECORD PERIOD 1929 TO 2018


WEATHER ITEM   OBSERVED TIME   RECORD YEAR NORMAL DEPARTURE LAST
                VALUE   (LST)  VALUE       VALUE  FROM      YEAR
                                                  NORMAL
..................................................................
TEMPERATURE (F)
 TODAY
  MAXIMUM         51    334 PM  66    1975  39     12       53
  MINIMUM         36    456 AM  -2    1982  24     12       40
  AVERAGE         44                        31     13       47

PRECIPITATION (IN)
  TODAY            0.00          0.95 1991   0.12  -0.12     0.57
  MONTH TO DATE    0.71                      1.30  -0.59     1.67
  SINCE DEC 1      2.35                      5.11  -2.76     4.58
  SINCE JAN 1      0.71                      1.30  -0.59     1.67

SNOWFALL (IN)
  TODAY            0.0           5.7  1991   0.2   -0.2      0.0
  MONTH TO DATE    8.4                       2.7    5.7      7.4
  SINCE OCT 1     16.1                       8.5    7.6     10.8
  SINCE JUL 1     16.1                       8.5    7.6     10.8
  SNOW DEPTH       1

DEGREE DAYS
 HEATING
  TODAY           21                        34    -13       18
  MONTH TO DATE  469                       364    105      351
  SINCE DEC 1   1404                      1246    158     1191
  SINCE JUL 1   2089                      2114    -25     1874

 COOLING
  TODAY            0                         0      0        0
  MONTH TO DATE    0                         0      0        0
  SINCE DEC 1      0                         0      0        0
  SINCE JAN 1      0                         0      0        0
..................................................................


WIND (MPH)
  HIGHEST WIND SPEED     5   HIGHEST WIND DIRECTION     E (90)
  HIGHEST GUST SPEED    10   HIGHEST GUST DIRECTION     E (90)
  AVERAGE WIND SPEED     0.9


SKY COVER
  AVERAGE SKY COVER 0.9


WEATHER CONDITIONS
 THE FOLLOWING WEATHER WAS RECORDED TODAY.
  NO SIGNIFICANT WEATHER WAS OBSERVED.


RELATIVE HUMIDITY (PERCENT)
 HIGHEST    82          1200 AM
 LOWEST     66           400 PM
 AVERAGE    74

..........................................................


THE NEWARK NJ CLIMATE NORMALS FOR TOMORROW
                         NORMAL    RECORD    YEAR
 MAXIMUM TEMPERATURE (F)   39        67      2017
 MINIMUM TEMPERATURE (F)   24        -1      1981


SUNRISE AND SUNSET
JANUARY 11 2018.......SUNRISE   720 AM EST   SUNSET   450 PM EST
JANUARY 12 2018.......SUNRISE   720 AM EST   SUNSET   451 PM EST


-  INDICATES NEGATIVE NUMBERS.
R  INDICATES RECORD WAS SET OR TIED.
MM INDICATES DATA IS MISSING.
T  INDICATES TRACE AMOUNT.




$$
