000
CDUS41 KOKX 022145
CLIEWR


CLIMATE REPORT
NATIONAL WEATHER SERVICE NEW YORK NY
445 PM EST TUE FEB 2 2016


...................................

...THE NEWARK NJ CLIMATE SUMMARY FOR FEBRUARY 2 2016...
VALID TODAY AS OF 0400 PM LOCAL TIME.

CLIMATE NORMAL PERIOD 1981 TO 2010
CLIMATE RECORD PERIOD 1929 TO 2016


WEATHER ITEM   OBSERVED TIME   RECORD YEAR NORMAL DEPARTURE LAST
                VALUE   (LST)  VALUE       VALUE  FROM      YEAR
                                                  NORMAL
..................................................................
TEMPERATURE (F)
 TODAY
  MAXIMUM         51    313 PM  62    1973  40     11       34
  MINIMUM         32    613 AM  -2    1961  25      7       14
  AVERAGE         42                        32     10       24

PRECIPITATION (IN)
  TODAY            0.00          2.36 1973   0.11  -0.11     1.14
  MONTH TO DATE    0.02                      0.21  -0.19     1.17
  SINCE DEC 1      8.43                      7.56   0.87    10.50
  SINCE JAN 1      4.03                      3.75   0.28     5.59

SNOWFALL (IN)
  TODAY            0.0           4.2  2015   0.4   -0.4      4.2
  MONTH TO DATE    0.0                       0.7   -0.7      4.6
  SINCE OCT 1     29.6                      14.4   15.2     21.2
  SINCE JUL 1     29.6                      14.4   15.2     21.2
  SNOW DEPTH       1

DEGREE DAYS
 HEATING
  TODAY           23                        33    -10       41
  MONTH TO DATE   41                        66    -25       80
  SINCE DEC 1   1482                      1982   -500     1968
  SINCE JUL 1   2114                      2850   -736     2800

 COOLING
  TODAY            0                         0      0        0
  MONTH TO DATE    0                         0      0        0
  SINCE DEC 1      0                         0      0        0
  SINCE JAN 1      0                         0      0        0
..................................................................


WIND (MPH)
  HIGHEST WIND SPEED     6   HIGHEST WIND DIRECTION     E (70)
  HIGHEST GUST SPEED     8   HIGHEST GUST DIRECTION     E (80)
  AVERAGE WIND SPEED     5.3


SKY COVER
  AVERAGE SKY COVER 0.1


WEATHER CONDITIONS
 THE FOLLOWING WEATHER WAS RECORDED TODAY.
  NO SIGNIFICANT WEATHER WAS OBSERVED.


RELATIVE HUMIDITY (PERCENT)
 HIGHEST    70           300 AM
 LOWEST     36           200 PM
 AVERAGE    53

..........................................................


THE NEWARK NJ CLIMATE NORMALS FOR TOMORROW
                         NORMAL    RECORD    YEAR
 MAXIMUM TEMPERATURE (F)   40        64      1991
 MINIMUM TEMPERATURE (F)   25         1      1955


SUNRISE AND SUNSET
FEBRUARY  2 2016......SUNRISE   706 AM EST   SUNSET   515 PM EST
FEBRUARY  3 2016......SUNRISE   705 AM EST   SUNSET   516 PM EST


-  INDICATES NEGATIVE NUMBERS.
R  INDICATES RECORD WAS SET OR TIED.
MM INDICATES DATA IS MISSING.
T  INDICATES TRACE AMOUNT.




$$
