000
CDUS41 KOKX 190618
CLIEWR


CLIMATE REPORT
NATIONAL WEATHER SERVICE NEW YORK NY
218 AM EDT SUN MAR 19 2017


...................................

...THE NEWARK NJ CLIMATE SUMMARY FOR MARCH 18 2017...

CLIMATE NORMAL PERIOD 1981 TO 2010
CLIMATE RECORD PERIOD 1929 TO 2017


WEATHER ITEM   OBSERVED TIME   RECORD YEAR NORMAL DEPARTURE LAST
                VALUE   (LST)  VALUE       VALUE  FROM      YEAR
                                                  NORMAL
..................................................................
TEMPERATURE (F)
 YESTERDAY
  MAXIMUM         39    843 AM  80    2011  51    -12       62
  MINIMUM         28    415 AM  10    1981  34     -6       41
  AVERAGE         34                        43     -9       52

PRECIPITATION (IN)
  YESTERDAY        0.05          2.44 1983   0.14  -0.09      T
  MONTH TO DATE    1.71                      2.31  -0.60     0.82
  SINCE MAR 1      1.71                      2.31  -0.60     0.82
  SINCE JAN 1      8.45                      8.73  -0.28     8.87

SNOWFALL (IN)
  YESTERDAY        T             5.5  1956   0.1   -0.1      0.0
  MONTH TO DATE    9.4                       3.3    6.1      1.4
  SINCE OCT 1     30.0                      26.3    3.7     32.6
  SINCE JUL 1     30.0                      26.3    3.7     32.6
  SNOW DEPTH       3

DEGREE DAYS
 HEATING
  YESTERDAY       31                        22      9       13
  MONTH TO DATE  504                       449     55      288
  SINCE MAR 1    504                       449     55      288
  SINCE JUL 1   3513                      4084   -571     3161

 COOLING
  YESTERDAY        0                         0      0        0
  MONTH TO DATE    0                         0      0        5
  SINCE MAR 1      0                         0      0        5
  SINCE JAN 1      0                         0      0        5
..................................................................


WIND (MPH)
  HIGHEST WIND SPEED    20   HIGHEST WIND DIRECTION    NE (40)
  HIGHEST GUST SPEED    25   HIGHEST GUST DIRECTION    NE (30)
  AVERAGE WIND SPEED     9.2


SKY COVER
  AVERAGE SKY COVER 1.0


WEATHER CONDITIONS
 THE FOLLOWING WEATHER WAS RECORDED YESTERDAY.
  LIGHT RAIN
  SNOW
  LIGHT SNOW
  FOG


RELATIVE HUMIDITY (PERCENT)
 HIGHEST    92           600 PM
 LOWEST     48           900 AM
 AVERAGE    70

..........................................................


THE NEWARK NJ CLIMATE NORMALS FOR TODAY
                         NORMAL    RECORD    YEAR
 MAXIMUM TEMPERATURE (F)   52        77      2012
 MINIMUM TEMPERATURE (F)   34         8      1967


SUNRISE AND SUNSET
MARCH 19 2017.........SUNRISE   701 AM EDT   SUNSET   708 PM EDT
MARCH 20 2017.........SUNRISE   700 AM EDT   SUNSET   709 PM EDT


-  INDICATES NEGATIVE NUMBERS.
R  INDICATES RECORD WAS SET OR TIED.
MM INDICATES DATA IS MISSING.
T  INDICATES TRACE AMOUNT.




$$
