315
CDUS41 KOKX 230615
CLIEWR


CLIMATE REPORT
NATIONAL WEATHER SERVICE NEW YORK NY
215 AM EDT THU MAR 23 2017


...................................

...THE NEWARK NJ CLIMATE SUMMARY FOR MARCH 22 2017...

CLIMATE NORMAL PERIOD 1981 TO 2010
CLIMATE RECORD PERIOD 1929 TO 2017


WEATHER ITEM   OBSERVED TIME   RECORD YEAR NORMAL DEPARTURE LAST
                VALUE   (LST)  VALUE       VALUE  FROM      YEAR
                                                  NORMAL
..................................................................
TEMPERATURE (F)
 YESTERDAY
  MAXIMUM         49   1254 AM  80    1938  53     -4       58
  MINIMUM         24   1159 PM  17    1934  35    -11       34
  AVERAGE         37                        44     -7       46

PRECIPITATION (IN)
  YESTERDAY        0.00          2.60 1977   0.14  -0.14     0.00
  MONTH TO DATE    1.71                      2.88  -1.17     0.89
  SINCE MAR 1      1.71                      2.88  -1.17     0.89
  SINCE JAN 1      8.45                      9.30  -0.85     8.94

SNOWFALL (IN)
  YESTERDAY        0.0           7.7  1967   0.1   -0.1      0.0
  MONTH TO DATE    9.4                       3.8    5.6      1.6
  SINCE OCT 1     30.0                      26.8    3.2     32.8
  SINCE JUL 1     30.0                      26.8    3.2     32.8
  SNOW DEPTH       0

DEGREE DAYS
 HEATING
  YESTERDAY       28                        21      7       19
  MONTH TO DATE  589                       535     54      379
  SINCE MAR 1    589                       535     54      379
  SINCE JUL 1   3598                      4170   -572     3252

 COOLING
  YESTERDAY        0                         0      0        0
  MONTH TO DATE    0                         0      0        5
  SINCE MAR 1      0                         0      0        5
  SINCE JAN 1      0                         0      0        5
..................................................................


WIND (MPH)
  HIGHEST WIND SPEED    36   HIGHEST WIND DIRECTION     N (340)
  HIGHEST GUST SPEED    48   HIGHEST GUST DIRECTION    NW (330)
  AVERAGE WIND SPEED    19.5


SKY COVER
  AVERAGE SKY COVER 0.2


WEATHER CONDITIONS
 THE FOLLOWING WEATHER WAS RECORDED YESTERDAY.
  NO SIGNIFICANT WEATHER WAS OBSERVED.


RELATIVE HUMIDITY (PERCENT)
 HIGHEST    41           400 AM
 LOWEST     18           200 PM
 AVERAGE    30

..........................................................


THE NEWARK NJ CLIMATE NORMALS FOR TODAY
                         NORMAL    RECORD    YEAR
 MAXIMUM TEMPERATURE (F)   53        82      1938
 MINIMUM TEMPERATURE (F)   36        13      1934


SUNRISE AND SUNSET
MARCH 23 2017.........SUNRISE   655 AM EDT   SUNSET   712 PM EDT
MARCH 24 2017.........SUNRISE   653 AM EDT   SUNSET   713 PM EDT


-  INDICATES NEGATIVE NUMBERS.
R  INDICATES RECORD WAS SET OR TIED.
MM INDICATES DATA IS MISSING.
T  INDICATES TRACE AMOUNT.




$$
