000
CDUS41 KOKX 222046
CLIEWR


CLIMATE REPORT
NATIONAL WEATHER SERVICE NEW YORK NY
446 PM EDT SUN OCT 22 2017


...................................

...THE NEWARK NJ CLIMATE SUMMARY FOR OCTOBER 22 2017...
VALID TODAY AS OF 0400 PM LOCAL TIME.

CLIMATE NORMAL PERIOD 1981 TO 2010
CLIMATE RECORD PERIOD 1929 TO 2017


WEATHER ITEM   OBSERVED TIME   RECORD YEAR NORMAL DEPARTURE LAST
                VALUE   (LST)  VALUE       VALUE  FROM      YEAR
                                                  NORMAL
..................................................................
TEMPERATURE (F)
 TODAY
  MAXIMUM         75   1244 PM  86    1979  63     12       58
  MINIMUM         50    530 AM  30    1940  46      4       47
  AVERAGE         63                        54      9       53

PRECIPITATION (IN)
  TODAY            0.00          1.56 1984   0.12  -0.12     0.55
  MONTH TO DATE    0.65                      2.57  -1.92     1.43
  SINCE SEP 1      2.37                      6.39  -4.02     3.60
  SINCE JAN 1     40.05                     37.76   2.29    27.41

SNOWFALL (IN)
  TODAY            0.0           0.0  2002   0.0    0.0      0.0
                                      2001
  MONTH TO DATE    0.0                       0.0    0.0      0.0
  SINCE OCT 1      0.0                       0.0    0.0      0.0
  SINCE JUL 1      0.0                       0.0    0.0      0.0
  SNOW DEPTH       0

DEGREE DAYS
 HEATING
  TODAY            2                        11     -9       12
  MONTH TO DATE   56                       167   -111       98
  SINCE SEP 1     73                       211   -138      114
  SINCE JUL 1     73                       212   -139      114

 COOLING
  TODAY            0                         0      0        0
  MONTH TO DATE   77                        14     63       31
  SINCE SEP 1    279                       154    125      259
  SINCE JAN 1   1307                      1188    119     1569
..................................................................


WIND (MPH)
  HIGHEST WIND SPEED    12   HIGHEST WIND DIRECTION    SE (150)
  HIGHEST GUST SPEED    14   HIGHEST GUST DIRECTION    SE (150)
  AVERAGE WIND SPEED     3.9


SKY COVER
  AVERAGE SKY COVER 0.6


WEATHER CONDITIONS
 THE FOLLOWING WEATHER WAS RECORDED TODAY.
  NO SIGNIFICANT WEATHER WAS OBSERVED.


RELATIVE HUMIDITY (PERCENT)
 HIGHEST    83           600 AM
 LOWEST     33          1200 PM
 AVERAGE    58

..........................................................


THE NEWARK NJ CLIMATE NORMALS FOR TOMORROW
                         NORMAL    RECORD    YEAR
 MAXIMUM TEMPERATURE (F)   63        87      1947
 MINIMUM TEMPERATURE (F)   46        30      1997


SUNRISE AND SUNSET
OCTOBER 22 2017.......SUNRISE   716 AM EDT   SUNSET   606 PM EDT
OCTOBER 23 2017.......SUNRISE   717 AM EDT   SUNSET   604 PM EDT


-  INDICATES NEGATIVE NUMBERS.
R  INDICATES RECORD WAS SET OR TIED.
MM INDICATES DATA IS MISSING.
T  INDICATES TRACE AMOUNT.




$$
