000
CDUS41 KOKX 282030
CLIEWR


CLIMATE REPORT
NATIONAL WEATHER SERVICE NEW YORK NY
430 PM EDT FRI APR 28 2017


...................................

...THE NEWARK NJ CLIMATE SUMMARY FOR APRIL 28 2017...
VALID TODAY AS OF 0400 PM LOCAL TIME.

CLIMATE NORMAL PERIOD 1981 TO 2010
CLIMATE RECORD PERIOD 1929 TO 2017


WEATHER ITEM   OBSERVED TIME   RECORD YEAR NORMAL DEPARTURE LAST
                VALUE   (LST)  VALUE       VALUE  FROM      YEAR
                                                  NORMAL
..................................................................
TEMPERATURE (F)
 TODAY
  MAXIMUM         86    259 PM  90    2009  67     19       58
                                      1990
  MINIMUM         55   1201 AM  33    1934  48      7       47
  AVERAGE         71                        57     14       53

PRECIPITATION (IN)
  TODAY            T             2.78 1980   0.14  -0.14      T
  MONTH TO DATE    3.33                      3.94  -0.61     1.09
  SINCE MAR 1      8.40                      8.12   0.28     2.47
  SINCE JAN 1     15.14                     14.54   0.60    10.52

SNOWFALL (IN)
  TODAY            0.0           0.0  2001   0.0    0.0      0.0
  MONTH TO DATE    0.0                       0.9   -0.9       T
  SINCE OCT 1     30.0                      28.5    1.5     32.8
  SINCE JUL 1     30.0                      28.5    1.5     32.8
  SNOW DEPTH       0

DEGREE DAYS
 HEATING
  TODAY            0                         8     -8       12
  MONTH TO DATE  260                       360   -100      338
  SINCE MAR 1   1032                      1069    -37      832
  SINCE JUL 1   4041                      4704   -663     3705

 COOLING
  TODAY            6                         1      5        0
  MONTH TO DATE   25                         7     18       13
  SINCE MAR 1     25                         8     17       18
  SINCE JAN 1     25                         8     17       18
..................................................................


WIND (MPH)
  HIGHEST WIND SPEED    22   HIGHEST WIND DIRECTION    SW (240)
  HIGHEST GUST SPEED    27   HIGHEST GUST DIRECTION     W (250)
  AVERAGE WIND SPEED     6.9


SKY COVER
  AVERAGE SKY COVER 0.8


WEATHER CONDITIONS
 THE FOLLOWING WEATHER WAS RECORDED TODAY.
  LIGHT RAIN
  FOG
  HAZE


RELATIVE HUMIDITY (PERCENT)
 HIGHEST   100          1200 AM
 LOWEST     20           300 PM
 AVERAGE    60

..........................................................


THE NEWARK NJ CLIMATE NORMALS FOR TOMORROW
                         NORMAL    RECORD    YEAR
 MAXIMUM TEMPERATURE (F)   67        91      1974
 MINIMUM TEMPERATURE (F)   48        35      1947
                                             1934


SUNRISE AND SUNSET
APRIL 28 2017.........SUNRISE   559 AM EDT   SUNSET   750 PM EDT
APRIL 29 2017.........SUNRISE   558 AM EDT   SUNSET   751 PM EDT


-  INDICATES NEGATIVE NUMBERS.
R  INDICATES RECORD WAS SET OR TIED.
MM INDICATES DATA IS MISSING.
T  INDICATES TRACE AMOUNT.




$$
