000
CDUS41 KOKX 280617
CLIEWR


CLIMATE REPORT
NATIONAL WEATHER SERVICE NEW YORK NY
217 AM EDT SUN JUN 28 2015


...................................

...THE NEWARK NJ CLIMATE SUMMARY FOR JUNE 27 2015...

CLIMATE NORMAL PERIOD 1981 TO 2010
CLIMATE RECORD PERIOD 1929 TO 2015


WEATHER ITEM   OBSERVED TIME   RECORD YEAR NORMAL DEPARTURE LAST
                VALUE   (LST)  VALUE       VALUE  FROM      YEAR
                                                  NORMAL
..................................................................
TEMPERATURE (F)
 YESTERDAY
  MAXIMUM         72   1112 AM 101    1966  85    -13       83
  MINIMUM         61    952 PM  52    1940  67     -6       67
  AVERAGE         67                        76     -9       75

PRECIPITATION (IN)
  YESTERDAY        1.16          1.40 1932   0.12   1.04     0.00
  MONTH TO DATE    5.68                      3.65   2.03     4.41
  SINCE JUN 1      5.68                      3.65   2.03     4.41
  SINCE JAN 1     23.29                     22.54   0.75    27.76

SNOWFALL (IN)
  YESTERDAY        0.0           0.0  2002   0.0    0.0      0.0
                                      2001
  MONTH TO DATE    0.0                       0.0    0.0      0.0
  SINCE OCT 1     46.4                      28.5   17.9     61.1
  SINCE JUL 1     46.4                      28.5   17.9     61.1
  SNOW DEPTH       0

DEGREE DAYS
 HEATING
  YESTERDAY        0                         0      0        0
  MONTH TO DATE   29                        15     14        0
  SINCE JUN 1     29                        15     14        0
  SINCE JUL 1   5143                      4870    273     5166

 COOLING
  YESTERDAY        2                        11     -9       10
  MONTH TO DATE  229                       205     24      211
  SINCE JUN 1    229                       205     24      211
  SINCE JAN 1    389                       281    108      273
..................................................................


WIND (MPH)
  HIGHEST WIND SPEED    21   HIGHEST WIND DIRECTION    NE (60)
  HIGHEST GUST SPEED    31   HIGHEST GUST DIRECTION    NE (50)
  AVERAGE WIND SPEED     9.6


SKY COVER
  AVERAGE SKY COVER 1.0


WEATHER CONDITIONS
 THE FOLLOWING WEATHER WAS RECORDED YESTERDAY.
  RAIN
  LIGHT RAIN
  FOG


RELATIVE HUMIDITY (PERCENT)
 HIGHEST    90           800 PM
 LOWEST     49          1200 PM
 AVERAGE    70

..........................................................


THE NEWARK NJ CLIMATE NORMALS FOR TODAY
                         NORMAL    RECORD    YEAR
 MAXIMUM TEMPERATURE (F)   85        99      1993
 MINIMUM TEMPERATURE (F)   67        53      1970


SUNRISE AND SUNSET
JUNE 28 2015..........SUNRISE   528 AM EDT   SUNSET   832 PM EDT
JUNE 29 2015..........SUNRISE   528 AM EDT   SUNSET   832 PM EDT


-  INDICATES NEGATIVE NUMBERS.
R  INDICATES RECORD WAS SET OR TIED.
MM INDICATES DATA IS MISSING.
T  INDICATES TRACE AMOUNT.




$$
