000
CDUS41 KOKX 180616
CLIEWR


CLIMATE REPORT
NATIONAL WEATHER SERVICE NEW YORK NY
215 AM EDT WED OCT 18 2017


...................................

...THE NEWARK NJ CLIMATE SUMMARY FOR OCTOBER 17 2017...

CLIMATE NORMAL PERIOD 1981 TO 2010
CLIMATE RECORD PERIOD 1929 TO 2017


WEATHER ITEM   OBSERVED TIME   RECORD YEAR NORMAL DEPARTURE LAST
                VALUE   (LST)  VALUE       VALUE  FROM      YEAR
                                                  NORMAL
..................................................................
TEMPERATURE (F)
 YESTERDAY
  MAXIMUM         62    241 PM  90    1938  65     -3       83
  MINIMUM         40    507 AM  29    1937  47     -7       60
  AVERAGE         51                        56     -5       72

PRECIPITATION (IN)
  YESTERDAY        0.00          2.08 1936   0.11  -0.11      T
  MONTH TO DATE    0.65                      2.00  -1.35     0.66
  SINCE SEP 1      2.37                      5.82  -3.45     2.83
  SINCE JAN 1     40.05                     37.19   2.86    26.64

SNOWFALL (IN)
  YESTERDAY        0.0           0.0  2001   0.0    0.0      0.0
  MONTH TO DATE    0.0                       0.0    0.0      0.0
  SINCE OCT 1      0.0                       0.0    0.0      0.0
  SINCE JUL 1      0.0                       0.0    0.0      0.0
  SNOW DEPTH       0

DEGREE DAYS
 HEATING
  YESTERDAY       14                         9      5        0
  MONTH TO DATE   45                       117    -72       86
  SINCE SEP 1     62                       161    -99      102
  SINCE JUL 1     62                       162   -100      102

 COOLING
  YESTERDAY        0                         0      0        7
  MONTH TO DATE   74                        14     60       10
  SINCE SEP 1    276                       154    122      238
  SINCE JAN 1   1304                      1188    116     1548
..................................................................


WIND (MPH)
  HIGHEST WIND SPEED    13   HIGHEST WIND DIRECTION     S (200)
  HIGHEST GUST SPEED    19   HIGHEST GUST DIRECTION     W (250)
  AVERAGE WIND SPEED     7.3


SKY COVER
  AVERAGE SKY COVER 0.1


WEATHER CONDITIONS
 THE FOLLOWING WEATHER WAS RECORDED YESTERDAY.
  HAZE


RELATIVE HUMIDITY (PERCENT)
 HIGHEST    71          1100 PM
 LOWEST     32           200 PM
 AVERAGE    52

..........................................................


THE NEWARK NJ CLIMATE NORMALS FOR TODAY
                         NORMAL    RECORD    YEAR
 MAXIMUM TEMPERATURE (F)   65        85      2016
 MINIMUM TEMPERATURE (F)   47        32      1982


SUNRISE AND SUNSET
OCTOBER 18 2017.......SUNRISE   711 AM EDT   SUNSET   612 PM EDT
OCTOBER 19 2017.......SUNRISE   712 AM EDT   SUNSET   610 PM EDT


-  INDICATES NEGATIVE NUMBERS.
R  INDICATES RECORD WAS SET OR TIED.
MM INDICATES DATA IS MISSING.
T  INDICATES TRACE AMOUNT.




$$
